-- Table structure for table `psqx_hook_alias`
--

CREATE TABLE `psqx_hook_alias` (
  `id_hook_alias` int(10) unsigned NOT NULL AUTO_INCREMENT,
  `alias` varchar(191) NOT NULL,
  `name` varchar(191) NOT NULL,
  PRIMARY KEY (`id_hook_alias`),
  UNIQUE KEY `alias` (`alias`)
) ENGINE=InnoDB AUTO_INCREMENT=89 DEFAULT CHARSET=utf8mb4;

--
-- Dumping data for table `psqx_hook_alias`
--

INSERT INTO `psqx_hook_alias` (`id_hook_alias`, `alias`, `name`) VALUES (1,'newOrder','actionValidateOrder'),(2,'paymentConfirm','actionPaymentConfirmation'),(3,'paymentReturn','displayPaymentReturn'),(4,'updateQuantity','actionUpdateQuantity'),(5,'rightColumn','displayRightColumn'),(6,'leftColumn','displayLeftColumn'),(7,'home','displayHome'),(8,'Header','displayHeader'),(9,'cart','actionCartSave'),(10,'authentication','actionAuthentication'),(11,'addproduct','actionProductAdd'),(12,'updateproduct','actionProductUpdate'),(13,'top','displayTop'),(14,'extraRight','displayRightColumnProduct'),(15,'deleteproduct','actionProductDelete'),(16,'productfooter','displayFooterProduct'),(17,'invoice','displayInvoice'),(18,'updateOrderStatus','actionOrderStatusUpdate'),(19,'adminOrder','displayAdminOrder'),(20,'footer','displayFooter'),(21,'PDFInvoice','displayPDFInvoice'),(22,'adminCustomers','displayAdminCustomers'),(23,'orderConfirmation','displayOrderConfirmation'),(24,'createAccount','actionCustomerAccountAdd'),(25,'customerAccount','displayCustomerAccount'),(26,'orderSlip','actionOrderSlipAdd'),(27,'shoppingCart','displayShoppingCartFooter'),(28,'createAccountForm','displayCustomerAccountForm'),(29,'AdminStatsModules','displayAdminStatsModules'),(30,'GraphEngine','displayAdminStatsGraphEngine'),(31,'orderReturn','actionOrderReturn'),(32,'productActions','displayProductAdditionalInfo'),(33,'displayProductButtons','displayProductAdditionalInfo'),(34,'backOfficeHome','displayBackOfficeHome'),(35,'GridEngine','displayAdminStatsGridEngine'),(36,'watermark','actionWatermark'),(37,'cancelProduct','actionProductCancel'),(38,'extraLeft','displayLeftColumnProduct'),(39,'productOutOfStock','actionProductOutOfStock'),(40,'updateProductAttribute','actionProductAttributeUpdate'),(41,'extraCarrier','displayCarrierList'),(42,'shoppingCartExtra','displayShoppingCart'),(43,'updateCarrier','actionCarrierUpdate'),(44,'postUpdateOrderStatus','actionOrderStatusPostUpdate'),(45,'createAccountTop','displayCustomerAccountFormTop'),(46,'backOfficeHeader','displayBackOfficeHeader'),(47,'backOfficeTop','displayBackOfficeTop'),(48,'backOfficeFooter','displayBackOfficeFooter'),(49,'deleteProductAttribute','actionProductAttributeDelete'),(50,'processCarrier','actionCarrierProcess'),(51,'beforeCarrier','displayBeforeCarrier'),(52,'orderDetailDisplayed','displayOrderDetail'),(53,'paymentCCAdded','actionPaymentCCAdd'),(54,'categoryAddition','actionCategoryAdd'),(55,'categoryUpdate','actionCategoryUpdate'),(56,'categoryDeletion','actionCategoryDelete'),(57,'paymentTop','displayPaymentTop'),(58,'afterCreateHtaccess','actionHtaccessCreate'),(59,'afterSaveAdminMeta','actionAdminMetaSave'),(60,'attributeGroupForm','displayAttributeGroupForm'),(61,'afterSaveAttributeGroup','actionAttributeGroupSave'),(62,'afterDeleteAttributeGroup','actionAttributeGroupDelete'),(63,'featureForm','displayFeatureForm'),(64,'afterSaveFeature','actionFeatureSave'),(65,'afterDeleteFeature','actionFeatureDelete'),(66,'afterSaveProduct','actionProductSave'),(67,'postProcessAttributeGroup','displayAttributeGroupPostProcess'),(68,'postProcessFeature','displayFeaturePostProcess'),(69,'featureValueForm','displayFeatureValueForm'),(70,'postProcessFeatureValue','displayFeatureValuePostProcess'),(71,'afterDeleteFeatureValue','actionFeatureValueDelete'),(72,'afterSaveFeatureValue','actionFeatureValueSave'),(73,'attributeForm','displayAttributeForm'),(74,'postProcessAttribute','actionAttributePostProcess'),(75,'afterDeleteAttribute','actionAttributeDelete'),(76,'afterSaveAttribute','actionAttributeSave'),(77,'taxManager','actionTaxManager'),(78,'myAccountBlock','displayMyAccountBlock'),(79,'actionBeforeCartUpdateQty','actionCartUpdateQuantityBefore'),(80,'actionBeforeAjaxDie','actionAjaxDieBefore'),(81,'actionBeforeAuthentication','actionAuthenticationBefore'),(82,'actionBeforeSubmitAccount','actionSubmitAccountBefore'),(83,'actionAfterDeleteProductInCart','actionDeleteProductInCartAfter'),(84,'displayInvoice','displayAdminOrderTop'),(85,'displayBackOfficeOrderActions','displayAdminOrderSide'),(86,'actionFrontControllerAfterInit','actionFrontControllerInitAfter'),(87,'displayAdminListBefore','displayAdminGridTableBefore'),(88,'displayAdminListAfter','displayAdminGridTableAfter');

--
-- Table structure for table `psqx_hook_module`
--

CREATE TABLE `psqx_hook_module` (
  `id_module` int(10) unsigned NOT NULL,
  `id_shop` int(11) unsigned NOT NULL DEFAULT 1,
  `id_hook` int(10) unsigned NOT NULL,
  `position` tinyint(2) unsigned NOT NULL,
  PRIMARY KEY (`id_module`,`id_hook`,`id_shop`),
  KEY `id_hook` (`id_hook`),
  KEY `id_module` (`id_module`),
  KEY `position` (`id_shop`,`position`)
) ENGINE=InnoDB DEFAULT CHARSET=utf8mb4;

--
-- Dumping data for table `psqx_hook_module`
--

INSERT INTO `psqx_hook_module` (`id_module`, `id_shop`, `id_hook`, `position`) VALUES (63,1,531,0),(1,1,522,1),(2,1,524,1),(2,1,525,1),(2,1,526,1),(2,1,527,1),(2,1,528,1),(2,1,529,1),(2,1,530,1),(3,1,531,1),(4,1,532,1),(5,1,63,1),(6,1,533,1),(7,1,534,1),(9,1,536,1),(9,1,537,1),(10,1,538,1),(10,1,539,1),(10,1,540,1),(10,1,541,1),(11,1,542,1),(12,1,12,1),(13,1,544,1),(14,1,546,1),(16,1,547,1),(17,1,548,1),(17,1,549,1),(19,1,550,1),(20,1,114,1),(20,1,551,1),(21,1,41,1),(21,1,42,1),(21,1,552,1),(21,1,554,1),(24,1,559,1),(24,1,560,1),(24,1,561,1),(24,1,562,1),(24,1,563,1),(24,1,564,1),(24,1,565,1),(26,1,105,1),(27,1,133,1),(28,1,566,1),(28,1,568,1),(28,1,569,1),(28,1,571,1),(28,1,572,1),(28,1,574,1),(28,1,575,1),(28,1,577,1),(28,1,578,1),(28,1,580,1),(44,1,20,1),(44,1,584,1),(44,1,585,1),(57,1,586,1),(57,1,587,1),(58,1,29,1),(58,1,101,1),(58,1,595,1),(58,1,596,1),(58,1,597,1),(58,1,598,1),(58,1,599,1),(58,1,600,1),(58,1,601,1),(58,1,602,1),(58,1,603,1),(58,1,604,1),(58,1,605,1),(58,1,606,1),(58,1,607,1),(58,1,608,1),(58,1,609,1),(59,1,523,1),(60,1,43,1),(60,1,588,1),(61,1,132,1),(64,1,326,1),(64,1,589,1),(64,1,590,1),(64,1,591,1),(64,1,592,1),(65,1,594,1),(66,1,75,1),(66,1,76,1),(66,1,77,1),(66,1,82,1),(66,1,83,1),(66,1,85,1),(66,1,86,1),(66,1,87,1),(66,1,92,1),(66,1,93,1),(66,1,95,1),(66,1,97,1),(66,1,414,1),(66,1,422,1),(66,1,430,1),(66,1,556,1),(66,1,557,1),(66,1,558,1),(67,1,28,1),(67,1,30,1),(67,1,44,1),(67,1,610,1),(68,1,31,1),(68,1,33,1),(68,1,37,1),(68,1,45,1),(68,1,99,1),(68,1,404,1),(68,1,410,1),(68,1,411,1),(68,1,611,1),(68,1,612,1),(68,1,613,1),(69,1,13,1),(69,1,14,1),(69,1,27,1),(69,1,65,1),(69,1,567,1),(69,1,570,1),(69,1,573,1),(69,1,576,1),(69,1,579,1),(69,1,614,1),(69,1,615,1),(69,1,616,1),(69,1,617,1),(69,1,618,1),(69,1,619,1),(69,1,620,1),(69,1,621,1),(69,1,622,1),(71,1,17,1),(71,1,18,1),(71,1,24,1),(72,1,104,1),(72,1,625,1),(73,1,628,1),(74,1,630,1),(75,1,631,1),(76,1,102,1),(77,1,21,1),(77,1,545,1),(77,1,632,1),(77,1,635,1),(77,1,636,1),(77,1,637,1),(77,1,639,1),(77,1,652,1),(77,1,653,1),(78,1,35,1),(78,1,553,1),(78,1,593,1),(78,1,641,1),(78,1,642,1),(78,1,643,1),(78,1,644,1),(79,1,633,1),(82,1,634,1),(82,1,646,1),(84,1,647,1),(84,1,648,1),(85,1,649,1),(85,1,650,1),(85,1,651,1),(87,1,22,1),(87,1,40,1),(87,1,135,1),(87,1,199,1),(87,1,200,1),(87,1,320,1),(87,1,654,1),(87,1,655,1),(88,1,26,1),(88,1,52,1),(88,1,78,1),(88,1,113,1),(88,1,409,1),(88,1,543,1),(88,1,656,1),(88,1,657,1),(88,1,658,1),(89,1,659,1),(89,1,660,1),(89,1,661,1),(89,1,662,1),(90,1,15,1),(90,1,71,1),(90,1,663,1),(90,1,664,1),(90,1,665,1),(2,1,523,2),(3,1,524,2),(3,1,530,2),(4,1,525,2),(4,1,531,2),(10,1,522,2),(13,1,543,2),(14,1,545,2),(15,1,63,2),(16,1,105,2),(21,1,114,2),(21,1,540,2),(21,1,541,2),(21,1,553,2),(25,1,13,2),(25,1,14,2),(25,1,550,2),(27,1,35,2),(28,1,562,2),(28,1,567,2),(28,1,570,2),(28,1,573,2),(28,1,576,2),(28,1,579,2),(29,1,538,2),(30,1,52,2),(31,1,21,2),(34,1,544,2),(35,1,536,2),(35,1,537,2),(54,1,532,2),(58,1,526,2),(58,1,528,2),(58,1,546,2),(58,1,571,2),(58,1,590,2),(60,1,41,2),(64,1,566,2),(64,1,568,2),(64,1,578,2),(64,1,580,2),(65,1,552,2),(66,1,12,2),(68,1,29,2),(68,1,30,2),(68,1,43,2),(68,1,44,2),(71,1,27,2),(77,1,102,2),(77,1,633,2),(77,1,634,2),(78,1,65,2),(79,1,559,2),(79,1,560,2),(79,1,561,2),(85,1,20,2),(87,1,31,2),(87,1,33,2),(87,1,37,2),(87,1,45,2),(87,1,404,2),(87,1,410,2),(87,1,411,2),(87,1,594,2),(87,1,612,2),(87,1,613,2),(88,1,40,2),(88,1,200,2),(88,1,587,2),(88,1,602,2),(88,1,655,2),(89,1,99,2),(4,1,524,3),(5,1,530,3),(5,1,531,3),(21,1,522,3),(24,1,13,3),(28,1,550,3),(31,1,538,3),(32,1,553,3),(34,1,543,3),(36,1,537,3),(58,1,580,3),(60,1,114,3),(60,1,540,3),(64,1,525,3),(64,1,567,3),(64,1,579,3),(67,1,544,3),(68,1,63,3),(70,1,12,3),(72,1,21,3),(72,1,52,3),(73,1,14,3),(77,1,65,3),(77,1,105,3),(79,1,562,3),(80,1,559,3),(80,1,560,3),(80,1,561,3),(80,1,633,3),(81,1,634,3),(87,1,27,3),(87,1,29,3),(87,1,30,3),(87,1,44,3),(88,1,37,3),(88,1,552,3),(89,1,31,3),(89,1,33,3),(89,1,43,3),(89,1,410,3),(89,1,411,3),(89,1,612,3),(5,1,524,4),(6,1,530,4),(11,1,13,4),(18,1,105,4),(29,1,21,4),(37,1,537,4),(58,1,525,4),(60,1,522,4),(67,1,538,4),(67,1,543,4),(74,1,14,4),(76,1,550,4),(83,1,633,4),(86,1,634,4),(87,1,52,4),(87,1,63,4),(88,1,27,4),(89,1,29,4),(89,1,65,4),(19,1,13,5),(38,1,537,5),(58,1,530,5),(68,1,538,5),(68,1,543,5),(75,1,14,5),(39,1,537,6),(60,1,530,6),(72,1,538,6),(76,1,14,6),(87,1,543,6),(40,1,537,7),(61,1,530,7),(77,1,14,7),(78,1,538,7),(89,1,543,7),(41,1,537,8),(68,1,530,8),(79,1,14,8),(80,1,538,8),(42,1,537,9),(81,1,538,9),(83,1,14,9),(88,1,530,9),(43,1,537,10),(82,1,538,10),(84,1,14,10),(45,1,537,11),(85,1,14,11),(86,1,538,11),(46,1,537,12),(87,1,14,12),(88,1,538,12),(47,1,537,13),(89,1,538,13),(48,1,537,14),(49,1,537,15),(50,1,537,16),(51,1,537,17),(52,1,537,18),(53,1,537,19),(54,1,537,20),(55,1,537,21),(56,1,537,22);

--
-- Table structure for table `psqx_hook_module_exceptions`
--

CREATE TABLE `psqx_hook_module_exceptions` (
  `id_hook_module_exceptions` int(10) unsigned NOT NULL AUTO_INCREMENT,
  `id_shop` int(11) unsigned NOT NULL DEFAULT 1,
  `id_module` int(10) unsigned NOT NULL,
  `id_hook` int(10) unsigned NOT NULL,
  `file_name` varchar(255) DEFAULT NULL,
  PRIMARY KEY (`id_hook_module_exceptions`),
  KEY `id_module` (`id_module`),
  KEY `id_hook` (`id_hook`)
) ENGINE=InnoDB DEFAULT CHARSET=utf8mb4;

--
-- Dumping data for table `psqx_hook_module_exceptions`
--


--
-- Table structure for table `psqx_image`
--

CREATE TABLE `psqx_image` (
  `id_image` int(10) unsigned NOT NULL AUTO_INCREMENT,
  `id_product` int(10) unsigned NOT NULL,
  `position` smallint(2) unsigned NOT NULL DEFAULT 0,
  `cover` tinyint(1) unsigned DEFAULT NULL,
  PRIMARY KEY (`id_image`),
  UNIQUE KEY `id_product_cover` (`id_product`,`cover`),
  UNIQUE KEY `idx_product_image` (`id_image`,`id_product`,`cover`),
  KEY `image_product` (`id_product`)
) ENGINE=InnoDB AUTO_INCREMENT=24 DEFAULT CHARSET=utf8mb4;

--
-- Dumping data for table `psqx_image`
--

INSERT INTO `psqx_image` (`id_image`, `id_product`, `position`, `cover`) VALUES (1,1,1,1),(2,1,2,NULL),(3,3,1,1),(4,4,1,1),(5,5,1,1),(6,6,1,1),(7,7,1,1),(8,8,1,1),(9,9,1,1),(10,9,2,NULL),(11,10,1,1),(12,10,2,NULL),(13,11,1,1),(14,11,2,NULL),(15,12,1,1),(16,13,1,1),(17,14,1,1),(18,16,1,1),(19,17,1,1),(20,18,1,1),(21,2,1,1),(22,19,1,1),(23,15,1,1);

--
-- Table structure for table `psqx_image_lang`
--

CREATE TABLE `psqx_image_lang` (
  `id_image` int(10) unsigned NOT NULL,
  `id_lang` int(10) unsigned NOT NULL,
  `legend` varchar(128) DEFAULT NULL,
  PRIMARY KEY (`id_image`,`id_lang`),
  KEY `id_image` (`id_image`)
) ENGINE=InnoDB DEFAULT CHARSET=utf8mb4;

--
-- Dumping data for table `psqx_image_lang`
--

INSERT INTO `psqx_image_lang` (`id_image`, `id_lang`, `legend`) VALUES (1,1,'Hummingbird printed t-shirt'),(2,1,'Hummingbird printed t-shirt'),(3,1,'The best is yet to come\' Framed poster'),(4,1,'The adventure begins Framed poster'),(5,1,'Today is a good day Framed poster'),(6,1,'Mug The best is yet to come'),(7,1,'Mug The adventure begins'),(8,1,'Mug Today is a good day'),(9,1,'Mountain fox cushion'),(10,1,'Mountain fox cushion'),(11,1,'Brown bear cushion'),(12,1,'Brown bear cushion'),(13,1,'Hummingbird cushion'),(14,1,'Hummingbird cushion'),(15,1,'Mountain fox - Vector graphics'),(16,1,'Brown bear - Vector graphics'),(17,1,'Hummingbird - Vector graphics'),(18,1,'Mountain fox notebook'),(19,1,'Mountain fox notebook'),(20,1,'Mountain fox notebook'),(21,1,'Brown bear printed sweater'),(22,1,'Customizable mug'),(23,1,'Pack Mug + Framed poster');

--
-- Table structure for table `psqx_image_shop`
--

CREATE TABLE `psqx_image_shop` (
  `id_product` int(10) unsigned NOT NULL,
  `id_image` int(11) unsigned NOT NULL,
  `id_shop` int(11) unsigned NOT NULL,
  `cover` tinyint(1) unsigned DEFAULT NULL,
  PRIMARY KEY (`id_image`,`id_shop`),
  UNIQUE KEY `id_product` (`id_product`,`id_shop`,`cover`),
  KEY `id_shop` (`id_shop`)
) ENGINE=InnoDB DEFAULT CHARSET=utf8mb4;

--
-- Dumping data for table `psqx_image_shop`
--

INSERT INTO `psqx_image_shop` (`id_product`, `id_image`, `id_shop`, `cover`) VALUES (1,2,1,NULL),(1,1,1,1),(2,21,1,1),(3,3,1,1),(4,4,1,1),(5,5,1,1),(6,6,1,1),(7,7,1,1),(8,8,1,1),(9,10,1,NULL),(9,9,1,1),(10,12,1,NULL),(10,11,1,1),(11,14,1,NULL),(11,13,1,1),(12,15,1,1),(13,16,1,1),(14,17,1,1),(15,23,1,1),(16,18,1,1),(17,19,1,1),(18,20,1,1),(19,22,1,1);

--
-- Table structure for table `psqx_image_type`
--

CREATE TABLE `psqx_image_type` (
  `id_image_type` int(10) unsigned NOT NULL AUTO_INCREMENT,
  `name` varchar(64) NOT NULL,
  `width` int(10) unsigned NOT NULL,
  `height` int(10) unsigned NOT NULL,
  `products` tinyint(1) NOT NULL DEFAULT 1,
  `categories` tinyint(1) NOT NULL DEFAULT 1,
  `manufacturers` tinyint(1) NOT NULL DEFAULT 1,
  `suppliers` tinyint(1) NOT NULL DEFAULT 1,
  `stores` tinyint(1) NOT NULL DEFAULT 1,
  PRIMARY KEY (`id_image_type`),
  KEY `image_type_name` (`name`)
) ENGINE=InnoDB AUTO_INCREMENT=9 DEFAULT CHARSET=utf8mb4;

--
-- Dumping data for table `psqx_image_type`
--

INSERT INTO `psqx_image_type` (`id_image_type`, `name`, `width`, `height`, `products`, `categories`, `manufacturers`, `suppliers`, `stores`) VALUES (1,'cart_default',125,125,1,0,0,0,0),(2,'small_default',98,98,1,1,1,1,0),(3,'medium_default',460,460,1,0,1,1,0),(4,'home_default',350,350,1,0,0,0,0),(5,'large_default',600,600,1,0,1,1,0),(6,'category_default',870,370,0,1,0,0,0),(7,'stores_default',170,115,0,0,0,0,1),(8,'side_default',70,92,1,0,0,0,0);

--
-- Table structure for table `psqx_import_match`
--

CREATE TABLE `psqx_import_match` (
  `id_import_match` int(10) NOT NULL AUTO_INCREMENT,
  `name` varchar(32) NOT NULL,
  `match` text NOT NULL,
  `skip` int(2) NOT NULL,
  PRIMARY KEY (`id_import_match`)
) ENGINE=InnoDB DEFAULT CHARSET=utf8mb4;

--
-- Dumping data for table `psqx_import_match`
--


--
-- Table structure for table `psqx_info`
--

CREATE TABLE `psqx_info` (
  `id_info` int(10) unsigned NOT NULL AUTO_INCREMENT,
  PRIMARY KEY (`id_info`)
) ENGINE=InnoDB AUTO_INCREMENT=2 DEFAULT CHARSET=utf8;

--
-- Dumping data for table `psqx_info`
--

INSERT INTO `psqx_info` (`id_info`) VALUES (1);

--
-- Table structure for table `psqx_info_lang`
--

CREATE TABLE `psqx_info_lang` (
  `id_info` int(10) unsigned NOT NULL,
  `id_shop` int(10) unsigned NOT NULL,
  `id_lang` int(10) unsigned NOT NULL,
  `text` text NOT NULL,
  PRIMARY KEY (`id_info`,`id_lang`,`id_shop`)
) ENGINE=InnoDB DEFAULT CHARSET=utf8;

--
-- Dumping data for table `psqx_info_lang`
--

INSERT INTO `psqx_info_lang` (`id_info`, `id_shop`, `id_lang`, `text`) VALUES (1,1,1,'<h2>Custom Text Block</h2>\n<p><strong class=\"dark\">Lorem ipsum dolor sit amet conse ctetu</strong></p>\n<p>Sit amet conse ctetur adipisicing elit, sed do eiusmod tempor incididunt ut labore et dolore magna aliqua. Ut enim ad minim veniam, quis nostrud exercitation ullamco laboris nisi ut aliquip ex ea commodo consequat. Duis aute irure dolor in reprehenderit.</p>');

--
-- Table structure for table `psqx_info_shop`
--

CREATE TABLE `psqx_info_shop` (
  `id_info` int(10) unsigned NOT NULL,
  `id_shop` int(10) unsigned NOT NULL,
  PRIMARY KEY (`id_info`,`id_shop`)
) ENGINE=InnoDB DEFAULT CHARSET=utf8;

--
-- Dumping data for table `psqx_info_shop`
--

INSERT INTO `psqx_info_shop` (`id_info`, `id_shop`) VALUES (1,1);

--
-- Table structure for table `psqx_lang`
--

CREATE TABLE `psqx_lang` (
  `id_lang` int(11) NOT NULL AUTO_INCREMENT,
  `name` varchar(32) COLLATE utf8mb4_unicode_ci NOT NULL,
  `active` tinyint(1) NOT NULL,
  `iso_code` varchar(2) COLLATE utf8mb4_unicode_ci NOT NULL,
  `language_code` varchar(5) COLLATE utf8mb4_unicode_ci NOT NULL,
  `locale` varchar(5) COLLATE utf8mb4_unicode_ci NOT NULL,
  `date_format_lite` varchar(32) COLLATE utf8mb4_unicode_ci NOT NULL,
  `date_format_full` varchar(32) COLLATE utf8mb4_unicode_ci NOT NULL,
  `is_rtl` tinyint(1) NOT NULL,
  PRIMARY KEY (`id_lang`)
) ENGINE=InnoDB AUTO_INCREMENT=2 DEFAULT CHARSET=utf8mb4 COLLATE=utf8mb4_unicode_ci;

--
-- Dumping data for table `psqx_lang`
--

INSERT INTO `psqx_lang` (`id_lang`, `name`, `active`, `iso_code`, `language_code`, `locale`, `date_format_lite`, `date_format_full`, `is_rtl`) VALUES (1,'English (English)',1,'en','en-us','en-US','m/d/Y','m/d/Y H:i:s',0);

--
-- Table structure for table `psqx_lang_shop`
--

CREATE TABLE `psqx_lang_shop` (
  `id_lang` int(11) NOT NULL,
  `id_shop` int(11) NOT NULL,
  PRIMARY KEY (`id_lang`,`id_shop`),
  KEY `IDX_9DC4BE46BA299860` (`id_lang`),
  KEY `IDX_9DC4BE46274A50A0` (`id_shop`)
) ENGINE=InnoDB DEFAULT CHARSET=utf8mb4 COLLATE=utf8mb4_unicode_ci;

--
-- Dumping data for table `psqx_lang_shop`
--

INSERT INTO `psqx_lang_shop` (`id_lang`, `id_shop`) VALUES (1,1);

--
-- Table structure for table `psqx_layered_category`
--

CREATE TABLE `psqx_layered_category` (
  `id_layered_category` int(10) unsigned NOT NULL AUTO_INCREMENT,
  `id_shop` int(11) unsigned NOT NULL,
  `id_category` int(10) unsigned NOT NULL,
  `id_value` int(10) unsigned DEFAULT 0,
  `type` enum('category','id_feature','id_attribute_group','quantity','condition','manufacturer','weight','price') NOT NULL,
  `position` int(10) unsigned NOT NULL,
  `filter_type` int(10) unsigned NOT NULL DEFAULT 0,
  `filter_show_limit` int(10) unsigned NOT NULL DEFAULT 0,
  PRIMARY KEY (`id_layered_category`),
  KEY `id_category_shop` (`id_category`,`id_shop`,`type`,`id_value`,`position`),
  KEY `id_category` (`id_category`,`type`)
) ENGINE=InnoDB AUTO_INCREMENT=61 DEFAULT CHARSET=utf8;

--
-- Dumping data for table `psqx_layered_category`
--

INSERT INTO `psqx_layered_category` (`id_layered_category`, `id_shop`, `id_category`, `id_value`, `type`, `position`, `filter_type`, `filter_show_limit`) VALUES (1,1,2,NULL,'category',1,0,0),(2,1,2,1,'id_attribute_group',2,0,0),(3,1,2,2,'id_attribute_group',3,0,0),(4,1,2,1,'id_feature',4,0,0),(5,1,2,2,'id_feature',5,0,0),(6,1,2,NULL,'quantity',6,0,0),(7,1,2,NULL,'manufacturer',7,0,0),(8,1,2,NULL,'condition',8,0,0),(9,1,2,NULL,'weight',9,0,0),(10,1,2,NULL,'price',10,0,0),(11,1,2,3,'id_attribute_group',11,0,0),(12,1,2,4,'id_attribute_group',12,0,0),(13,1,4,NULL,'category',1,0,0),(14,1,4,1,'id_attribute_group',2,0,0),(15,1,4,2,'id_attribute_group',3,0,0),(16,1,4,1,'id_feature',4,0,0),(17,1,4,2,'id_feature',5,0,0),(18,1,4,NULL,'quantity',6,0,0),(19,1,4,NULL,'manufacturer',7,0,0),(20,1,4,NULL,'condition',8,0,0),(21,1,4,NULL,'weight',9,0,0),(22,1,4,NULL,'price',10,0,0),(23,1,4,3,'id_attribute_group',11,0,0),(24,1,4,4,'id_attribute_group',12,0,0),(25,1,5,NULL,'category',1,0,0),(26,1,5,1,'id_attribute_group',2,0,0),(27,1,5,2,'id_attribute_group',3,0,0),(28,1,5,1,'id_feature',4,0,0),(29,1,5,2,'id_feature',5,0,0),(30,1,5,NULL,'quantity',6,0,0),(31,1,5,NULL,'manufacturer',7,0,0),(32,1,5,NULL,'condition',8,0,0),(33,1,5,NULL,'weight',9,0,0),(34,1,5,NULL,'price',10,0,0),(35,1,5,3,'id_attribute_group',11,0,0),(36,1,5,4,'id_attribute_group',12,0,0),(37,1,8,NULL,'category',1,0,0),(38,1,8,1,'id_attribute_group',2,0,0),(39,1,8,2,'id_attribute_group',3,0,0),(40,1,8,1,'id_feature',4,0,0),(41,1,8,2,'id_feature',5,0,0),(42,1,8,NULL,'quantity',6,0,0),(43,1,8,NULL,'manufacturer',7,0,0),(44,1,8,NULL,'condition',8,0,0),(45,1,8,NULL,'weight',9,0,0),(46,1,8,NULL,'price',10,0,0),(47,1,8,3,'id_attribute_group',11,0,0),(48,1,8,4,'id_attribute_group',12,0,0),(49,1,7,NULL,'category',1,0,0),(50,1,7,1,'id_attribute_group',2,0,0),(51,1,7,2,'id_attribute_group',3,0,0),(52,1,7,1,'id_feature',4,0,0),(53,1,7,2,'id_feature',5,0,0),(54,1,7,NULL,'quantity',6,0,0),(55,1,7,NULL,'manufacturer',7,0,0),(56,1,7,NULL,'condition',8,0,0),(57,1,7,NULL,'weight',9,0,0),(58,1,7,NULL,'price',10,0,0),(59,1,7,3,'id_attribute_group',11,0,0),(60,1,7,4,'id_attribute_group',12,0,0);

--
-- Table structure for table `psqx_layered_filter`
--

CREATE TABLE `psqx_layered_filter` (
  `id_layered_filter` int(10) unsigned NOT NULL AUTO_INCREMENT,
  `name` varchar(64) NOT NULL,
  `filters` longtext DEFAULT NULL,
  `n_categories` int(10) unsigned NOT NULL,
  `date_add` datetime NOT NULL,
  PRIMARY KEY (`id_layered_filter`)
) ENGINE=InnoDB AUTO_INCREMENT=2 DEFAULT CHARSET=utf8;

--
-- Dumping data for table `psqx_layered_filter`
--

INSERT INTO `psqx_layered_filter` (`id_layered_filter`, `name`, `filters`, `n_categories`, `date_add`) VALUES (1,'My template 2021-04-14','a:14:{s:10:\"categories\";a:5:{i:0;i:2;i:2;i:4;i:3;i:5;i:6;i:8;i:7;i:7;}s:9:\"shop_list\";a:1:{i:1;i:1;}s:31:\"layered_selection_subcategories\";a:2:{s:11:\"filter_type\";i:0;s:17:\"filter_show_limit\";i:0;}s:22:\"layered_selection_ag_1\";a:2:{s:11:\"filter_type\";i:0;s:17:\"filter_show_limit\";i:0;}s:22:\"layered_selection_ag_2\";a:2:{s:11:\"filter_type\";i:0;s:17:\"filter_show_limit\";i:0;}s:24:\"layered_selection_feat_1\";a:2:{s:11:\"filter_type\";i:0;s:17:\"filter_show_limit\";i:0;}s:24:\"layered_selection_feat_2\";a:2:{s:11:\"filter_type\";i:0;s:17:\"filter_show_limit\";i:0;}s:23:\"layered_selection_stock\";a:2:{s:11:\"filter_type\";i:0;s:17:\"filter_show_limit\";i:0;}s:30:\"layered_selection_manufacturer\";a:2:{s:11:\"filter_type\";i:0;s:17:\"filter_show_limit\";i:0;}s:27:\"layered_selection_condition\";a:2:{s:11:\"filter_type\";i:0;s:17:\"filter_show_limit\";i:0;}s:31:\"layered_selection_weight_slider\";a:2:{s:11:\"filter_type\";i:0;s:17:\"filter_show_limit\";i:0;}s:30:\"layered_selection_price_slider\";a:2:{s:11:\"filter_type\";i:0;s:17:\"filter_show_limit\";i:0;}s:22:\"layered_selection_ag_3\";a:2:{s:11:\"filter_type\";i:0;s:17:\"filter_show_limit\";i:0;}s:22:\"layered_selection_ag_4\";a:2:{s:11:\"filter_type\";i:0;s:17:\"filter_show_limit\";i:0;}}',8,'2021-04-14 07:29:34');

--
-- Table structure for table `psqx_layered_filter_block`
--

CREATE TABLE `psqx_layered_filter_block` (
  `hash` char(32) NOT NULL DEFAULT '',
  `data` text DEFAULT NULL,
  PRIMARY KEY (`hash`)
) ENGINE=InnoDB DEFAULT CHARSET=utf8;

--
-- Dumping data for table `psqx_layered_filter_block`
--


--
-- Table structure for table `psqx_layered_filter_shop`
--

CREATE TABLE `psqx_layered_filter_shop` (
  `id_layered_filter` int(10) unsigned NOT NULL,
  `id_shop` int(11) unsigned NOT NULL,
  PRIMARY KEY (`id_layered_filter`,`id_shop`),
  KEY `id_shop` (`id_shop`)
) ENGINE=InnoDB DEFAULT CHARSET=utf8;

--
-- Dumping data for table `psqx_layered_filter_shop`
--

INSERT INTO `psqx_layered_filter_shop` (`id_layered_filter`, `id_shop`) VALUES (1,1);

--
-- Table structure for table `psqx_layered_indexable_attribute_group`
--

CREATE TABLE `psqx_layered_indexable_attribute_group` (
  `id_attribute_group` int(11) NOT NULL,
  `indexable` tinyint(1) NOT NULL DEFAULT 0,
  PRIMARY KEY (`id_attribute_group`)
) ENGINE=InnoDB DEFAULT CHARSET=utf8;

--
-- Dumping data for table `psqx_layered_indexable_attribute_group`
--

INSERT INTO `psqx_layered_indexable_attribute_group` (`id_attribute_group`, `indexable`) VALUES (1,1),(2,1),(3,1),(4,1);

--
-- Table structure for table `psqx_layered_indexable_attribute_group_lang_value`
--

CREATE TABLE `psqx_layered_indexable_attribute_group_lang_value` (
  `id_attribute_group` int(11) NOT NULL,
  `id_lang` int(11) NOT NULL,
  `url_name` varchar(128) DEFAULT NULL,
  `meta_title` varchar(128) DEFAULT NULL,
  PRIMARY KEY (`id_attribute_group`,`id_lang`)
) ENGINE=InnoDB DEFAULT CHARSET=utf8;

--
-- Dumping data for table `psqx_layered_indexable_attribute_group_lang_value`
--


--
-- Table structure for table `psqx_layered_indexable_attribute_lang_value`
--

CREATE TABLE `psqx_layered_indexable_attribute_lang_value` (
  `id_attribute` int(11) NOT NULL,
  `id_lang` int(11) NOT NULL,
  `url_name` varchar(128) DEFAULT NULL,
  `meta_title` varchar(128) DEFAULT NULL,
  PRIMARY KEY (`id_attribute`,`id_lang`)
) ENGINE=InnoDB DEFAULT CHARSET=utf8;

--
-- Dumping data for table `psqx_layered_indexable_attribute_lang_value`
--


--
-- Table structure for table `psqx_layered_indexable_feature`
--

CREATE TABLE `psqx_layered_indexable_feature` (
  `id_feature` int(11) NOT NULL,
  `indexable` tinyint(1) NOT NULL DEFAULT 0,
  PRIMARY KEY (`id_feature`)
) ENGINE=InnoDB DEFAULT CHARSET=utf8;

--
-- Dumping data for table `psqx_layered_indexable_feature`
--

INSERT INTO `psqx_layered_indexable_feature` (`id_feature`, `indexable`) VALUES (1,1),(2,1);

--
-- Table structure for table `psqx_layered_indexable_feature_lang_value`
--

CREATE TABLE `psqx_layered_indexable_feature_lang_value` (
  `id_feature` int(11) NOT NULL,
  `id_lang` int(11) NOT NULL,
  `url_name` varchar(128) NOT NULL,
  `meta_title` varchar(128) DEFAULT NULL,
  PRIMARY KEY (`id_feature`,`id_lang`)
) ENGINE=InnoDB DEFAULT CHARSET=utf8;

--
-- Dumping data for table `psqx_layered_indexable_feature_lang_value`
--


--
-- Table structure for table `psqx_layered_indexable_feature_value_lang_value`
--

CREATE TABLE `psqx_layered_indexable_feature_value_lang_value` (
  `id_feature_value` int(11) NOT NULL,
  `id_lang` int(11) NOT NULL,
  `url_name` varchar(128) DEFAULT NULL,
  `meta_title` varchar(128) DEFAULT NULL,
  PRIMARY KEY (`id_feature_value`,`id_lang`)
) ENGINE=InnoDB DEFAULT CHARSET=utf8;

--
-- Dumping data for table `psqx_layered_indexable_feature_value_lang_value`
--


--
-- Table structure for table `psqx_layered_price_index`
--

CREATE TABLE `psqx_layered_price_index` (
  `id_product` int(11) NOT NULL,
  `id_currency` int(11) NOT NULL,
  `id_shop` int(11) NOT NULL,
  `price_min` decimal(11,5) NOT NULL,
  `price_max` decimal(11,5) NOT NULL,
  `id_country` int(11) NOT NULL,
  PRIMARY KEY (`id_product`,`id_currency`,`id_shop`,`id_country`),
  KEY `id_currency` (`id_currency`),
  KEY `price_min` (`price_min`),
  KEY `price_max` (`price_max`)
) ENGINE=InnoDB DEFAULT CHARSET=utf8;

--
-- Dumping data for table `psqx_layered_price_index`
--

INSERT INTO `psqx_layered_price_index` (`id_product`, `id_currency`, `id_shop`, `price_min`, `price_max`, `id_country`) VALUES (1,1,1,19.12000,23.90000,21),(2,1,1,28.72000,35.90000,21),(3,1,1,29.00000,29.00000,21),(4,1,1,29.00000,29.00000,21),(5,1,1,29.00000,29.00000,21),(6,1,1,11.90000,11.90000,21),(7,1,1,11.90000,11.90000,21),(8,1,1,11.90000,11.90000,21),(9,1,1,18.90000,18.90000,21),(10,1,1,18.90000,18.90000,21),(11,1,1,18.90000,18.90000,21),(12,1,1,9.00000,9.00000,21),(13,1,1,9.00000,9.00000,21),(14,1,1,9.00000,9.00000,21),(15,1,1,35.00000,35.00000,21),(16,1,1,12.90000,12.90000,21),(17,1,1,12.90000,12.90000,21),(18,1,1,12.90000,12.90000,21),(19,1,1,13.90000,13.90000,21);

--
-- Table structure for table `psqx_layered_product_attribute`
--

CREATE TABLE `psqx_layered_product_attribute` (
  `id_attribute` int(10) unsigned NOT NULL,
  `id_product` int(10) unsigned NOT NULL,
  `id_attribute_group` int(10) unsigned NOT NULL DEFAULT 0,
  `id_shop` int(10) unsigned NOT NULL DEFAULT 1,
  PRIMARY KEY (`id_attribute`,`id_product`,`id_shop`),
  UNIQUE KEY `id_attribute_group` (`id_attribute_group`,`id_attribute`,`id_product`,`id_shop`)
) ENGINE=InnoDB DEFAULT CHARSET=utf8;

--
-- Dumping data for table `psqx_layered_product_attribute`
--

INSERT INTO `psqx_layered_product_attribute` (`id_attribute`, `id_product`, `id_attribute_group`, `id_shop`) VALUES (1,1,1,1),(1,2,1,1),(2,1,1,1),(2,2,1,1),(3,1,1,1),(3,2,1,1),(4,1,1,1),(4,2,1,1),(8,1,2,1),(8,9,2,1),(8,10,2,1),(8,11,2,1),(11,1,2,1),(11,9,2,1),(11,10,2,1),(11,11,2,1),(19,3,3,1),(19,4,3,1),(19,5,3,1),(20,3,3,1),(20,4,3,1),(20,5,3,1),(21,3,3,1),(21,4,3,1),(21,5,3,1),(22,16,4,1),(22,17,4,1),(22,18,4,1),(23,16,4,1),(23,17,4,1),(23,18,4,1),(24,16,4,1),(24,17,4,1),(24,18,4,1),(25,16,4,1),(25,17,4,1),(25,18,4,1);

--
-- Table structure for table `psqx_link_block`
--

CREATE TABLE `psqx_link_block` (
  `id_link_block` int(10) unsigned NOT NULL AUTO_INCREMENT,
  `id_hook` int(1) unsigned DEFAULT NULL,
  `position` int(10) unsigned NOT NULL DEFAULT 0,
  `content` text DEFAULT NULL,
  PRIMARY KEY (`id_link_block`)
) ENGINE=InnoDB AUTO_INCREMENT=3 DEFAULT CHARSET=utf8;

--
-- Dumping data for table `psqx_link_block`
--

INSERT INTO `psqx_link_block` (`id_link_block`, `id_hook`, `position`, `content`) VALUES (1,35,0,'{\"cms\":[false],\"product\":[\"prices-drop\",\"new-products\",\"best-sales\"],\"static\":[false]}'),(2,35,1,'{\"cms\":{\"1\":\"2\",\"2\":\"3\",\"3\":\"4\",\"5\":\"6\",\"4\":\"7\"},\"static\":[\"contact\"],\"product\":[false]}');

--
-- Table structure for table `psqx_link_block_lang`
--

CREATE TABLE `psqx_link_block_lang` (
  `id_link_block` int(10) unsigned NOT NULL,
  `id_lang` int(10) unsigned NOT NULL,
  `name` varchar(40) NOT NULL DEFAULT '',
  `custom_content` text DEFAULT NULL,
  PRIMARY KEY (`id_link_block`,`id_lang`)
) ENGINE=InnoDB DEFAULT CHARSET=utf8;

--
-- Dumping data for table `psqx_link_block_lang`
--

INSERT INTO `psqx_link_block_lang` (`id_link_block`, `id_lang`, `name`, `custom_content`) VALUES (1,1,'Products',NULL),(2,1,'Our company',NULL);

--
-- Table structure for table `psqx_link_block_shop`
--

CREATE TABLE `psqx_link_block_shop` (
  `id_link_block` int(10) unsigned NOT NULL AUTO_INCREMENT,
  `id_shop` int(10) unsigned NOT NULL,
  PRIMARY KEY (`id_link_block`,`id_shop`)
) ENGINE=InnoDB DEFAULT CHARSET=utf8;

--
-- Dumping data for table `psqx_link_block_shop`
--


--
-- Table structure for table `psqx_linksmegatop`
--

CREATE TABLE `psqx_linksmegatop` (
  `id_linksmegatop` int(10) unsigned NOT NULL AUTO_INCREMENT,
  `id_shop` int(11) unsigned NOT NULL,
  `new_window` tinyint(1) NOT NULL,
  PRIMARY KEY (`id_linksmegatop`),
  KEY `id_shop` (`id_shop`)
) ENGINE=InnoDB DEFAULT CHARSET=utf8;

--
-- Dumping data for table `psqx_linksmegatop`
--


--
-- Table structure for table `psqx_linksmegatop_lang`
--

CREATE TABLE `psqx_linksmegatop_lang` (
  `id_linksmegatop` int(11) unsigned NOT NULL,
  `id_lang` int(11) unsigned NOT NULL,
  `id_shop` int(11) unsigned NOT NULL,
  `label` varchar(128) NOT NULL,
  `link` varchar(128) NOT NULL,
  KEY `id_linksmegatop` (`id_linksmegatop`,`id_lang`,`id_shop`)
) ENGINE=InnoDB DEFAULT CHARSET=utf8;

--
-- Dumping data for table `psqx_linksmegatop_lang`
--


--
-- Table structure for table `psqx_linksmenutop`
--

CREATE TABLE `psqx_linksmenutop` (
  `id_linksmenutop` int(10) unsigned NOT NULL AUTO_INCREMENT,
  `id_shop` int(11) unsigned NOT NULL,
  `new_window` tinyint(1) NOT NULL,
  PRIMARY KEY (`id_linksmenutop`),
  KEY `id_shop` (`id_shop`)
) ENGINE=InnoDB DEFAULT CHARSET=utf8;

--
-- Dumping data for table `psqx_linksmenutop`
--


--
-- Table structure for table `psqx_linksmenutop_lang`
--

CREATE TABLE `psqx_linksmenutop_lang` (
  `id_linksmenutop` int(11) unsigned NOT NULL,
  `id_lang` int(11) unsigned NOT NULL,
  `id_shop` int(11) unsigned NOT NULL,
  `label` varchar(128) NOT NULL,
  `link` varchar(128) NOT NULL,
  KEY `id_linksmenutop` (`id_linksmenutop`,`id_lang`,`id_shop`)
) ENGINE=InnoDB DEFAULT CHARSET=utf8;

--
-- Dumping data for table `psqx_linksmenutop_lang`
--


--
-- Table structure for table `psqx_linksvegatop`
--

CREATE TABLE `psqx_linksvegatop` (
  `id_linksvegatop` int(10) unsigned NOT NULL AUTO_INCREMENT,
  `id_shop` int(11) unsigned NOT NULL,
  `new_window` tinyint(1) NOT NULL,
  PRIMARY KEY (`id_linksvegatop`),
  KEY `id_shop` (`id_shop`)
) ENGINE=InnoDB DEFAULT CHARSET=utf8;

--
-- Dumping data for table `psqx_linksvegatop`
--


--
-- Table structure for table `psqx_linksvegatop_lang`
--

CREATE TABLE `psqx_linksvegatop_lang` (
  `id_linksvegatop` int(11) unsigned NOT NULL,
  `id_lang` int(11) unsigned NOT NULL,
  `id_shop` int(11) unsigned NOT NULL,
  `label` varchar(128) NOT NULL,
  `link` varchar(128) NOT NULL,
  KEY `id_linksvegatop` (`id_linksvegatop`,`id_lang`,`id_shop`)
) ENGINE=InnoDB DEFAULT CHARSET=utf8;

--
-- Dumping data for table `psqx_linksvegatop_lang`
--


--
-- Table structure for table `psqx_log`
--

CREATE TABLE `psqx_log` (
  `id_log` int(10) unsigned NOT NULL AUTO_INCREMENT,
  `severity` tinyint(1) NOT NULL,
  `error_code` int(11) DEFAULT NULL,
  `message` text NOT NULL,
  `object_type` varchar(32) DEFAULT NULL,
  `object_id` int(10) unsigned DEFAULT NULL,
  `id_employee` int(10) unsigned DEFAULT NULL,
  `date_add` datetime NOT NULL,
  `date_upd` datetime NOT NULL,
  PRIMARY KEY (`id_log`)
) ENGINE=InnoDB AUTO_INCREMENT=126 DEFAULT CHARSET=utf8mb4;

--
-- Dumping data for table `psqx_log`
--

INSERT INTO `psqx_log` (`id_log`, `severity`, `error_code`, `message`, `object_type`, `object_id`, `id_employee`, `date_add`, `date_upd`) VALUES (1,1,0,'Back office connection from 39.50.125.209','',0,1,'2021-04-14 07:30:40','2021-04-14 07:30:40'),(2,1,0,'Back office connection from 39.50.125.209','',0,1,'2021-04-14 18:02:27','2021-04-14 18:02:27'),(3,1,0,'Protect vendor folder in module skrill','',0,1,'2021-04-14 18:06:05','2021-04-14 18:06:05'),(4,1,0,'Module skrill has no vendor folder','',0,1,'2021-04-14 18:06:05','2021-04-14 18:06:05'),(5,1,0,'Protect vendor folder in module braintreeofficial','',0,1,'2021-04-14 18:06:43','2021-04-14 18:06:43'),(6,1,0,'Back office connection from 39.50.125.209','',0,1,'2021-04-16 00:36:12','2021-04-16 00:36:12'),(7,1,0,'Back office connection from 39.50.125.209','',0,1,'2021-04-17 06:51:06','2021-04-17 06:51:06'),(8,1,0,'Protect vendor folder in module creativeelements','',0,1,'2021-04-17 06:52:56','2021-04-17 06:52:56'),(9,1,0,'Module creativeelements has no vendor folder','',0,1,'2021-04-17 06:52:56','2021-04-17 06:52:56'),(10,1,0,'Back office connection from 39.50.125.209','',0,1,'2021-04-17 19:50:06','2021-04-17 19:50:06'),(11,1,0,'Back office connection from 39.50.125.209','',0,1,'2021-04-17 20:16:20','2021-04-17 20:16:20'),(12,1,0,'Protect vendor folder in module ps_advertising','',0,1,'2021-04-17 20:16:58','2021-04-17 20:16:58'),(13,1,0,'Protect vendor folder in module ps_categoryproducts','',0,1,'2021-04-17 20:16:59','2021-04-17 20:16:59'),(14,1,0,'Module ps_categoryproducts has no vendor folder','',0,1,'2021-04-17 20:16:59','2021-04-17 20:16:59'),(15,1,0,'Protect vendor folder in module blockwishlist','',0,1,'2021-04-17 20:16:59','2021-04-17 20:16:59'),(16,1,0,'Module blockwishlist has no vendor folder','',0,1,'2021-04-17 20:16:59','2021-04-17 20:16:59'),(17,1,0,'Protect vendor folder in module poslogo','',0,1,'2021-04-17 20:17:00','2021-04-17 20:17:00'),(18,1,0,'Module poslogo has no vendor folder','',0,1,'2021-04-17 20:17:00','2021-04-17 20:17:00'),(19,1,0,'Protect vendor folder in module posmegamenu','',0,1,'2021-04-17 20:17:00','2021-04-17 20:17:00'),(20,1,0,'Module posmegamenu has no vendor folder','',0,1,'2021-04-17 20:17:00','2021-04-17 20:17:00'),(21,1,0,'Protect vendor folder in module posvegamenu','',0,1,'2021-04-17 20:17:00','2021-04-17 20:17:00'),(22,1,0,'Module posvegamenu has no vendor folder','',0,1,'2021-04-17 20:17:00','2021-04-17 20:17:00'),(23,1,0,'Protect vendor folder in module posslideshows','',0,1,'2021-04-17 20:17:01','2021-04-17 20:17:01'),(24,1,0,'Module posslideshows has no vendor folder','',0,1,'2021-04-17 20:17:01','2021-04-17 20:17:01'),(25,1,0,'Protect vendor folder in module posstaticblocks','',0,1,'2021-04-17 20:17:01','2021-04-17 20:17:01'),(26,1,0,'Module posstaticblocks has no vendor folder','',0,1,'2021-04-17 20:17:01','2021-04-17 20:17:01'),(27,1,0,'Protect vendor folder in module posstaticfooter','',0,1,'2021-04-17 20:17:01','2021-04-17 20:17:01'),(28,1,0,'Module posstaticfooter has no vendor folder','',0,1,'2021-04-17 20:17:01','2021-04-17 20:17:01'),(29,1,0,'Protect vendor folder in module posrecommendedproducts','',0,1,'2021-04-17 20:17:02','2021-04-17 20:17:02'),(30,1,0,'Module posrecommendedproducts has no vendor folder','',0,1,'2021-04-17 20:17:02','2021-04-17 20:17:02'),(31,1,0,'Protect vendor folder in module posspecialproducts','',0,1,'2021-04-17 20:17:02','2021-04-17 20:17:02'),(32,1,0,'Module posspecialproducts has no vendor folder','',0,1,'2021-04-17 20:17:02','2021-04-17 20:17:02'),(33,1,0,'Protect vendor folder in module postabcateslider','',0,1,'2021-04-17 20:17:02','2021-04-17 20:17:02'),(34,1,0,'Module postabcateslider has no vendor folder','',0,1,'2021-04-17 20:17:02','2021-04-17 20:17:02'),(35,1,0,'Protect vendor folder in module postabproductslider','',0,1,'2021-04-17 20:17:02','2021-04-17 20:17:02'),(36,1,0,'Module postabproductslider has no vendor folder','',0,1,'2021-04-17 20:17:02','2021-04-17 20:17:02'),(37,1,0,'Protect vendor folder in module postestimonials','',0,1,'2021-04-17 20:17:03','2021-04-17 20:17:03'),(38,1,0,'Module postestimonials has no vendor folder','',0,1,'2021-04-17 20:17:03','2021-04-17 20:17:03'),(39,1,0,'Protect vendor folder in module poscountdown','',0,1,'2021-04-17 20:17:03','2021-04-17 20:17:03'),(40,1,0,'Module poscountdown has no vendor folder','',0,1,'2021-04-17 20:17:03','2021-04-17 20:17:03'),(41,1,0,'Protect vendor folder in module xipblog','',0,1,'2021-04-17 20:17:04','2021-04-17 20:17:04'),(42,1,0,'Module xipblog has no vendor folder','',0,1,'2021-04-17 20:17:04','2021-04-17 20:17:04'),(43,1,0,'Protect vendor folder in module xipblogdisplayposts','',0,1,'2021-04-17 20:17:04','2021-04-17 20:17:04'),(44,1,0,'Module xipblogdisplayposts has no vendor folder','',0,1,'2021-04-17 20:17:04','2021-04-17 20:17:04'),(45,1,0,'Back office connection from 39.50.125.209','',0,1,'2021-04-17 20:45:26','2021-04-17 20:45:26'),(46,1,0,'Staticblock modification','Staticblock',2,1,'2021-04-17 21:01:40','2021-04-17 21:01:40'),(47,1,0,'Staticblock modification','Staticblock',3,1,'2021-04-17 21:02:47','2021-04-17 21:02:47'),(48,1,0,'Staticblock modification','Staticblock',4,1,'2021-04-17 21:03:12','2021-04-17 21:03:12'),(49,1,0,'Back office connection from 39.50.78.25','',0,1,'2021-04-17 21:50:06','2021-04-17 21:50:06'),(50,1,0,'Back office connection from 39.50.78.25','',0,1,'2021-04-18 12:40:20','2021-04-18 12:40:20'),(51,1,0,'Back office connection from 39.50.78.25','',0,1,'2021-04-18 19:38:24','2021-04-18 19:38:24'),(52,1,0,'Back office connection from 39.50.78.25','',0,1,'2021-04-19 07:15:32','2021-04-19 07:15:32'),(53,1,0,'Staticfooter modification','Staticfooter',1,1,'2021-04-19 07:25:38','2021-04-19 07:25:38'),(54,1,0,'Staticfooter modification','Staticfooter',1,1,'2021-04-19 07:27:49','2021-04-19 07:27:49'),(55,1,0,'Staticfooter modification','Staticfooter',1,1,'2021-04-19 07:30:01','2021-04-19 07:30:01'),(56,1,0,'Back office connection from 39.50.78.25','',0,1,'2021-04-19 10:47:36','2021-04-19 10:47:36'),(57,1,0,'Back office connection from 39.50.78.25','',0,1,'2021-04-19 12:50:34','2021-04-19 12:50:34'),(58,1,0,'Back office connection from 39.50.78.25','',0,1,'2021-04-19 19:55:33','2021-04-19 19:55:33'),(59,1,0,'Back office connection from 39.50.78.25','',0,1,'2021-04-19 20:25:12','2021-04-19 20:25:12'),(60,1,0,'Protect vendor folder in module paypal','',0,1,'2021-04-19 20:33:13','2021-04-19 20:33:13'),(61,1,0,'Protect vendor folder in module ps_checkout','',0,1,'2021-04-19 20:40:26','2021-04-19 20:40:26'),(62,1,0,'Back office connection from 39.50.124.22','',0,1,'2021-04-20 11:15:15','2021-04-20 11:15:15'),(63,1,0,'Back office connection from 39.50.124.22','',0,1,'2021-04-20 12:38:55','2021-04-20 12:38:55'),(64,1,0,'Back office connection from 24.146.241.141','',0,1,'2021-04-20 16:03:03','2021-04-20 16:03:03'),(65,1,0,'Back office connection from 24.146.241.141','',0,1,'2021-04-20 19:13:45','2021-04-20 19:13:45'),(66,1,0,'Back office connection from 39.50.31.102','',0,1,'2021-04-21 00:24:50','2021-04-21 00:24:50'),(67,1,0,'Protect vendor folder in module stripe_official','',0,1,'2021-04-21 00:26:44','2021-04-21 00:26:44'),(68,1,0,'Back office connection from 39.50.23.195','',0,1,'2021-04-22 01:46:55','2021-04-22 01:46:55'),(69,1,0,'Back office connection from 39.50.49.127','',0,1,'2021-04-22 04:43:04','2021-04-22 04:43:04'),(70,1,0,'Back office connection from 39.50.16.69','',0,1,'2021-04-22 14:12:31','2021-04-22 14:12:31'),(71,1,0,'Back office connection from 24.146.241.141','',0,1,'2021-04-22 20:14:59','2021-04-22 20:14:59'),(72,1,0,'Back office connection from 24.146.241.141','',0,1,'2021-04-22 20:42:20','2021-04-22 20:42:20'),(73,1,0,'Back office connection from 24.146.241.141','',0,1,'2021-04-22 21:23:29','2021-04-22 21:23:29'),(74,1,0,'Back office connection from 24.146.241.141','',0,1,'2021-04-22 22:09:45','2021-04-22 22:09:45'),(75,1,0,'Back office connection from 39.50.16.69','',0,1,'2021-04-26 10:48:09','2021-04-26 10:48:09'),(76,1,0,'Back office connection from 39.50.16.69','',0,1,'2021-04-26 11:58:14','2021-04-26 11:58:14'),(77,1,0,'Back office connection from 39.50.16.69','',0,1,'2021-04-26 12:14:13','2021-04-26 12:14:13'),(78,1,0,'Back office connection from 39.50.16.69','',0,1,'2021-04-26 12:14:27','2021-04-26 12:14:27'),(79,1,0,'Back office connection from 39.50.16.69','',0,1,'2021-04-26 13:59:01','2021-04-26 13:59:01'),(80,1,0,'Back office connection from 39.50.16.69','',0,1,'2021-04-27 02:09:06','2021-04-27 02:09:06'),(81,1,0,'Back office connection from 39.50.16.69','',0,1,'2021-04-27 03:16:58','2021-04-27 03:16:58'),(82,1,0,'Back office connection from 39.50.16.69','',0,1,'2021-04-27 04:29:42','2021-04-27 04:29:42'),(83,1,0,'Back office connection from 39.50.16.69','',0,1,'2021-04-27 05:07:30','2021-04-27 05:07:30'),(84,1,0,'Back office connection from 39.50.16.69','',0,1,'2021-04-27 08:28:09','2021-04-27 08:28:09'),(85,1,0,'Back office connection from 39.50.16.69','',0,1,'2021-04-27 08:59:00','2021-04-27 08:59:00'),(86,1,0,'Back office connection from 39.50.40.186','',0,1,'2021-04-28 00:46:44','2021-04-28 00:46:44'),(87,1,0,'Back office connection from 39.50.40.186','',0,1,'2021-04-28 01:17:24','2021-04-28 01:17:24'),(88,1,0,'Back office connection from 24.146.241.141','',0,1,'2021-04-28 02:07:44','2021-04-28 02:07:44'),(89,1,0,'Back office connection from 39.50.40.186','',0,1,'2021-04-28 02:24:10','2021-04-28 02:24:10'),(90,1,0,'Back office connection from 24.146.241.141','',0,1,'2021-04-28 16:46:51','2021-04-28 16:46:51'),(91,1,0,'Back office connection from 24.146.241.141','',0,1,'2021-04-28 17:35:35','2021-04-28 17:35:35'),(92,1,0,'Back office connection from 39.50.103.10','',0,1,'2021-04-29 01:12:53','2021-04-29 01:12:53'),(93,1,0,'Back office connection from 39.50.119.88','',0,1,'2021-05-02 06:39:02','2021-05-02 06:39:02'),(94,1,0,'Back office connection from 39.50.119.88','',0,1,'2021-05-02 11:27:44','2021-05-02 11:27:44'),(95,1,0,'Back office connection from 39.50.92.255','',0,1,'2021-05-03 12:27:56','2021-05-03 12:27:56'),(96,1,0,'Back office connection from 39.50.92.255','',0,1,'2021-05-03 14:19:05','2021-05-03 14:19:05'),(97,1,0,'Back office connection from 39.50.92.255','',0,1,'2021-05-03 14:37:23','2021-05-03 14:37:23'),(98,1,0,'No template found for catalog/_partials/product-flags','',0,0,'2021-05-03 14:45:59','2021-05-03 14:45:59'),(99,1,0,'Back office connection from 24.146.241.141','',0,1,'2021-05-04 23:25:45','2021-05-04 23:25:45'),(100,1,0,'Protect vendor folder in module zh_uspsshipping','',0,1,'2021-05-04 23:30:20','2021-05-04 23:30:20'),(101,1,0,'Module zh_uspsshipping has no vendor folder','',0,1,'2021-05-04 23:30:20','2021-05-04 23:30:20'),(102,1,0,'Back office connection from 39.50.92.255','',0,1,'2021-05-05 14:08:41','2021-05-05 14:08:41'),(103,1,0,'Back office connection from 39.50.92.255','',0,1,'2021-05-05 15:44:17','2021-05-05 15:44:17'),(104,1,0,'Back office connection from 39.50.92.255','',0,1,'2021-05-05 16:00:27','2021-05-05 16:00:27'),(105,1,0,'Back office connection from 24.146.241.141','',0,1,'2021-05-05 20:38:14','2021-05-05 20:38:14'),(106,1,0,'Back office connection from 39.50.92.255','',0,1,'2021-05-07 04:03:22','2021-05-07 04:03:22'),(107,1,0,'Back office connection from 24.146.241.141','',0,1,'2021-05-07 15:20:54','2021-05-07 15:20:54'),(108,1,0,'Back office connection from 39.50.92.255','',0,1,'2021-05-09 07:09:13','2021-05-09 07:09:13'),(109,1,0,'Back office connection from 24.146.241.141','',0,1,'2021-05-09 17:44:13','2021-05-09 17:44:13'),(110,1,0,'Back office connection from 24.146.241.141','',0,1,'2021-05-09 21:36:17','2021-05-09 21:36:17'),(111,1,0,'Back office connection from 39.50.30.191','',0,1,'2021-05-10 05:22:55','2021-05-10 05:22:55'),(112,1,0,'Back office connection from 24.146.241.141','',0,1,'2021-05-10 21:14:15','2021-05-10 21:14:15'),(113,1,0,'Back office connection from 24.146.241.141','',0,1,'2021-05-10 21:25:37','2021-05-10 21:25:37'),(114,1,0,'Back office connection from 24.146.241.141','',0,1,'2021-05-10 23:44:11','2021-05-10 23:44:11'),(115,1,0,'Frontcontroller::init - Cart cannot be loaded or an order has already been placed using this cart','Cart',7,0,'2021-05-10 23:56:25','2021-05-10 23:56:25'),(116,1,0,'Back office connection from 24.146.241.141','',0,1,'2021-05-11 00:03:23','2021-05-11 00:03:23'),(117,1,0,'Back office connection from 24.146.241.141','',0,1,'2021-05-11 03:26:08','2021-05-11 03:26:08'),(118,1,0,'Back office connection from 39.50.61.142','',0,1,'2021-05-11 06:33:39','2021-05-11 06:33:39'),(119,1,0,'Back office connection from 39.50.61.142','',0,1,'2021-05-11 14:23:09','2021-05-11 14:23:09'),(120,1,0,'Back office connection from 39.50.61.142','',0,1,'2021-05-12 04:55:46','2021-05-12 04:55:46'),(121,1,0,'Back office connection from 39.50.46.25','',0,1,'2021-05-14 10:36:57','2021-05-14 10:36:57'),(122,1,0,'Back office connection from 39.50.46.25','',0,1,'2021-05-14 12:41:05','2021-05-14 12:41:05'),(123,1,0,'Back office connection from 39.50.46.25','',0,1,'2021-05-16 09:05:54','2021-05-16 09:05:54'),(124,1,0,'Back office connection from 24.146.241.141','',0,1,'2021-05-16 17:20:57','2021-05-16 17:20:57'),(125,1,0,'Back office connection from 39.50.81.52','',0,1,'2021-05-17 14:15:06','2021-05-17 14:15:06');

--
-- Table structure for table `psqx_mail`
--

CREATE TABLE `psqx_mail` (
  `id_mail` int(11) unsigned NOT NULL AUTO_INCREMENT,
  `recipient` varchar(126) NOT NULL,
  `template` varchar(62) NOT NULL,
  `subject` varchar(254) NOT NULL,
  `id_lang` int(11) unsigned NOT NULL,
  `date_add` timestamp NOT NULL DEFAULT current_timestamp(),
  PRIMARY KEY (`id_mail`),
  KEY `recipient` (`recipient`(10))
) ENGINE=InnoDB AUTO_INCREMENT=3 DEFAULT CHARSET=utf8mb4;

--
-- Dumping data for table `psqx_mail`
--

INSERT INTO `psqx_mail` (`id_mail`, `recipient`, `template`, `subject`, `id_lang`, `date_add`) VALUES (1,'dalefty1@gmail.com','order_conf','[Black & Latino Art Exchange] Order confirmation',1,'2021-05-11 03:56:24'),(2,'dalefty1@gmail.com','payment','[Black & Latino Art Exchange] Payment accepted',1,'2021-05-11 03:56:25');

--
-- Table structure for table `psqx_manufacturer`
--

CREATE TABLE `psqx_manufacturer` (
  `id_manufacturer` int(10) unsigned NOT NULL AUTO_INCREMENT,
  `name` varchar(64) NOT NULL,
  `date_add` datetime NOT NULL,
  `date_upd` datetime NOT NULL,
  `active` tinyint(1) NOT NULL DEFAULT 0,
  PRIMARY KEY (`id_manufacturer`)
) ENGINE=InnoDB AUTO_INCREMENT=3 DEFAULT CHARSET=utf8mb4;

--
-- Dumping data for table `psqx_manufacturer`
--

INSERT INTO `psqx_manufacturer` (`id_manufacturer`, `name`, `date_add`, `date_upd`, `active`) VALUES (1,'Studio Design','2021-04-14 07:29:34','2021-04-14 07:29:34',1),(2,'Graphic Corner','2021-04-14 07:29:34','2021-04-14 07:29:34',1);

--
-- Table structure for table `psqx_manufacturer_lang`
--

CREATE TABLE `psqx_manufacturer_lang` (
  `id_manufacturer` int(10) unsigned NOT NULL,
  `id_lang` int(10) unsigned NOT NULL,
  `description` text DEFAULT NULL,
  `short_description` text DEFAULT NULL,
  `meta_title` varchar(255) DEFAULT NULL,
  `meta_keywords` varchar(255) DEFAULT NULL,
  `meta_description` varchar(512) DEFAULT NULL,
  PRIMARY KEY (`id_manufacturer`,`id_lang`)
) ENGINE=InnoDB DEFAULT CHARSET=utf8mb4;

--
-- Dumping data for table `psqx_manufacturer_lang`
--

INSERT INTO `psqx_manufacturer_lang` (`id_manufacturer`, `id_lang`, `description`, `short_description`, `meta_title`, `meta_keywords`, `meta_description`) VALUES (1,1,'<p><span style=\"font-size:10pt;font-style:normal;\">Studio Design offers a range of items from ready-to-wear collections to contemporary objects. The brand has been presenting new ideas and trends since its creation in 2012.</span></p>','','','',''),(2,1,'<p><span style=\"font-size:10pt;font-style:normal;\">Since 2010, Graphic Corner offers a large choice of quality posters, available on paper and many other formats. </span></p>','','','','');

--
-- Table structure for table `psqx_manufacturer_shop`
--

CREATE TABLE `psqx_manufacturer_shop` (
  `id_manufacturer` int(11) unsigned NOT NULL,
  `id_shop` int(11) unsigned NOT NULL,
  PRIMARY KEY (`id_manufacturer`,`id_shop`),
  KEY `id_shop` (`id_shop`)
) ENGINE=InnoDB DEFAULT CHARSET=utf8mb4;

--
-- Dumping data for table `psqx_manufacturer_shop`
--

INSERT INTO `psqx_manufacturer_shop` (`id_manufacturer`, `id_shop`) VALUES (1,1),(2,1);

--
-- Table structure for table `psqx_memcached_servers`
--

CREATE TABLE `psqx_memcached_servers` (
  `id_memcached_server` int(11) unsigned NOT NULL AUTO_INCREMENT,
  `ip` varchar(254) NOT NULL,
  `port` int(11) unsigned NOT NULL,
  `weight` int(11) unsigned NOT NULL,
  PRIMARY KEY (`id_memcached_server`)
) ENGINE=InnoDB DEFAULT CHARSET=utf8mb4;

--
-- Dumping data for table `psqx_memcached_servers`
--


--
-- Table structure for table `psqx_message`
--

CREATE TABLE `psqx_message` (
  `id_message` int(10) unsigned NOT NULL AUTO_INCREMENT,
  `id_cart` int(10) unsigned DEFAULT NULL,
  `id_customer` int(10) unsigned NOT NULL,
  `id_employee` int(10) unsigned DEFAULT NULL,
  `id_order` int(10) unsigned NOT NULL,
  `message` text NOT NULL,
  `private` tinyint(1) unsigned NOT NULL DEFAULT 1,
  `date_add` datetime NOT NULL,
  PRIMARY KEY (`id_message`),
  KEY `message_order` (`id_order`),
  KEY `id_cart` (`id_cart`),
  KEY `id_customer` (`id_customer`),
  KEY `id_employee` (`id_employee`)
) ENGINE=InnoDB DEFAULT CHARSET=utf8mb4;

--
-- Dumping data for table `psqx_message`
--


--
-- Table structure for table `psqx_message_readed`
--

CREATE TABLE `psqx_message_readed` (
  `id_message` int(10) unsigned NOT NULL,
  `id_employee` int(10) unsigned NOT NULL,
  `date_add` datetime NOT NULL,
  PRIMARY KEY (`id_message`,`id_employee`)
) ENGINE=InnoDB DEFAULT CHARSET=utf8mb4;

--
-- Dumping data for table `psqx_message_readed`
--


--
-- Table structure for table `psqx_meta`
--

CREATE TABLE `psqx_meta` (
  `id_meta` int(10) unsigned NOT NULL AUTO_INCREMENT,
  `page` varchar(64) NOT NULL,
  `configurable` tinyint(1) unsigned NOT NULL DEFAULT 1,
  PRIMARY KEY (`id_meta`),
  UNIQUE KEY `page` (`page`)
) ENGINE=InnoDB AUTO_INCREMENT=56 DEFAULT CHARSET=utf8mb4;

--
-- Dumping data for table `psqx_meta`
--



--
-- Table structure for table `psqx_meta_lang`
--

CREATE TABLE `psqx_meta_lang` (
  `id_meta` int(10) unsigned NOT NULL,
  `id_shop` int(11) unsigned NOT NULL DEFAULT 1,
  `id_lang` int(10) unsigned NOT NULL,
  `title` varchar(128) DEFAULT NULL,
  `description` varchar(255) DEFAULT NULL,
  `keywords` varchar(255) DEFAULT NULL,
  `url_rewrite` varchar(254) NOT NULL,
  PRIMARY KEY (`id_meta`,`id_shop`,`id_lang`),
  KEY `id_shop` (`id_shop`),
  KEY `id_lang` (`id_lang`)
) ENGINE=InnoDB DEFAULT CHARSET=utf8mb4;

--
-- Dumping data for table `psqx_meta_lang`
--



--
-- Table structure for table `psqx_module`
--

CREATE TABLE `psqx_module` (
  `id_module` int(10) unsigned NOT NULL AUTO_INCREMENT,
  `name` varchar(64) NOT NULL,
  `active` tinyint(1) unsigned NOT NULL DEFAULT 0,
  `version` varchar(8) NOT NULL,
  PRIMARY KEY (`id_module`),
  UNIQUE KEY `name_UNIQUE` (`name`),
  KEY `name` (`name`)
) ENGINE=InnoDB AUTO_INCREMENT=91 DEFAULT CHARSET=utf8mb4;

--
-- Dumping data for table `psqx_module`
--

INSERT INTO `psqx_module` (`id_module`, `name`, `active`, `version`) VALUES (1,'contactform',1,'4.3.0'),(2,'dashactivity',1,'2.0.2'),(3,'dashgoals',1,'2.0.2'),(4,'dashproducts',1,'2.1.1'),(5,'dashtrends',1,'2.0.3'),(6,'graphnvd3',1,'2.0.1'),(7,'gridhtml',1,'2.0.1'),(8,'gsitemap',1,'4.2.0'),(9,'pagesnotfound',1,'2.0.0'),(10,'productcomments',1,'4.2.1'),(11,'ps_banner',1,'2.1.1'),(12,'ps_categorytree',1,'2.0.2'),(13,'ps_checkpayment',1,'2.0.5'),(14,'ps_contactinfo',1,'3.3.0'),(15,'ps_crossselling',1,'2.0.1'),(16,'ps_currencyselector',1,'2.0.1'),(17,'ps_customeraccountlinks',1,'3.1.1'),(18,'ps_customersignin',1,'2.0.4'),(19,'ps_customtext',1,'4.1.1'),(20,'ps_dataprivacy',1,'2.0.1'),(21,'ps_emailsubscription',1,'2.6.0'),(23,'ps_faviconnotificationbo',1,'2.1.0'),(24,'ps_featuredproducts',1,'2.1.0'),(25,'ps_imageslider',1,'3.1.0'),(26,'ps_languageselector',1,'2.1.0'),(27,'ps_linklist',1,'3.2.0'),(28,'ps_mainmenu',1,'2.2.0'),(29,'ps_searchbar',1,'2.0.2'),(30,'ps_sharebuttons',1,'2.1.0'),(31,'ps_shoppingcart',1,'2.0.4'),(32,'ps_socialfollow',1,'2.1.0'),(33,'ps_themecusto',1,'1.2.1'),(34,'ps_wirepayment',1,'2.1.0'),(35,'sekeywords',1,'2.0.0'),(36,'statsbestcategories',1,'2.0.0'),(37,'statsbestcustomers',1,'2.0.2'),(38,'statsbestproducts',1,'2.0.0'),(39,'statsbestsuppliers',1,'2.0.0'),(40,'statsbestvouchers',1,'2.0.0'),(41,'statscarrier',1,'2.0.0'),(42,'statscatalog',1,'2.0.1'),(43,'statscheckup',1,'2.0.1'),(44,'statsdata',1,'2.1.0'),(45,'statsequipment',1,'2.0.0'),(46,'statsforecast',1,'2.0.3'),(47,'statslive',1,'2.1.0'),(48,'statsnewsletter',1,'2.0.2'),(49,'statsorigin',1,'2.0.2'),(50,'statspersonalinfos',1,'2.0.3'),(51,'statsproduct',1,'2.0.3'),(52,'statsregistrations',1,'2.0.0'),(53,'statssales',1,'2.0.0'),(54,'statssearch',1,'2.0.1'),(55,'statsstock',1,'2.0.0'),(56,'statsvisits',1,'2.0.3'),(57,'welcome',1,'6.0.4'),(58,'gamification',1,'2.3.2'),(59,'psaddonsconnect',1,'2.1.2'),(60,'psgdpr',1,'1.2.1'),(61,'ps_mbo',1,'2.0.1'),(62,'ps_buybuttonlite',1,'1.0.1'),(63,'ps_metrics',1,'1.3.3'),(64,'ps_accounts',1,'3.3.3'),(65,'blockreassurance',1,'5.0.0'),(66,'ps_facetedsearch',1,'3.7.0'),(67,'skrill',1,'2.0.43'),(68,'braintreeofficial',1,'1.2.4'),(69,'creativeelements',1,'1.0.12'),(70,'ps_advertising',1,'1.0.2'),(71,'ps_categoryproducts',1,'1.0.2'),(72,'blockwishlist',1,'1.3.2'),(73,'poslogo',1,'1.0'),(74,'posmegamenu',1,'1.0'),(75,'posvegamenu',1,'1.0'),(76,'posslideshows',1,'1.0.0'),(77,'posstaticblocks',1,'1.0'),(78,'posstaticfooter',1,'1.0'),(79,'posrecommendedproducts',1,'1.0.0'),(80,'posspecialproducts',1,'2.0'),(81,'postabcateslider',1,'1.5'),(82,'postabproductslider',1,'1.7'),(83,'postestimonials',1,'1.6'),(84,'poscountdown',1,'1.6'),(85,'xipblog',1,'2.0.0'),(86,'xipblogdisplayposts',1,'2.0.0'),(87,'paypal',1,'5.4.2'),(88,'ps_checkout',1,'2.13.0'),(89,'stripe_official',1,'2.3.1'),(90,'zh_uspsshipping',1,'1.0.7');

--
-- Table structure for table `psqx_module_carrier`
--

CREATE TABLE `psqx_module_carrier` (
  `id_module` int(10) unsigned NOT NULL,
  `id_shop` int(11) unsigned NOT NULL DEFAULT 1,
  `id_reference` int(11) NOT NULL,
  PRIMARY KEY (`id_module`,`id_shop`,`id_reference`)
) ENGINE=InnoDB DEFAULT CHARSET=utf8mb4;

--
-- Dumping data for table `psqx_module_carrier`
--

INSERT INTO `psqx_module_carrier` (`id_module`, `id_shop`, `id_reference`) VALUES (13,1,1),(13,1,2),(13,1,3),(13,1,4),(13,1,5),(13,1,6),(13,1,7),(13,1,8),(13,1,9),(13,1,10),(13,1,11),(13,1,12),(13,1,13),(34,1,1),(34,1,2),(34,1,3),(34,1,4),(34,1,5),(34,1,6),(34,1,7),(34,1,8),(34,1,9),(34,1,10),(34,1,11),(34,1,12),(34,1,13),(67,1,1),(67,1,2),(67,1,3),(67,1,4),(67,1,5),(67,1,6),(67,1,7),(67,1,8),(67,1,9),(67,1,10),(67,1,11),(67,1,12),(67,1,13),(68,1,1),(68,1,2),(68,1,3),(68,1,4),(68,1,5),(68,1,6),(68,1,7),(68,1,8),(68,1,9),(68,1,10),(68,1,11),(68,1,12),(68,1,13),(87,1,1),(87,1,2),(87,1,3),(87,1,4),(87,1,5),(87,1,6),(87,1,7),(87,1,8),(87,1,9),(87,1,10),(87,1,11),(87,1,12),(87,1,13),(88,1,1),(88,1,2),(88,1,3),(88,1,4),(88,1,5),(88,1,6),(88,1,7),(88,1,8),(88,1,9),(88,1,10),(88,1,11),(88,1,12),(88,1,13),(89,1,1),(89,1,2),(89,1,3),(89,1,4),(89,1,5),(89,1,6),(89,1,7),(89,1,8),(89,1,9),(89,1,10),(89,1,11),(89,1,12),(89,1,13);

--
-- Table structure for table `psqx_module_country`
--

CREATE TABLE `psqx_module_country` (
  `id_module` int(10) unsigned NOT NULL,
  `id_shop` int(11) unsigned NOT NULL DEFAULT 1,
  `id_country` int(10) unsigned NOT NULL,
  PRIMARY KEY (`id_module`,`id_shop`,`id_country`)
) ENGINE=InnoDB DEFAULT CHARSET=utf8mb4;

--
-- Dumping data for table `psqx_module_country`
--

INSERT INTO `psqx_module_country` (`id_module`, `id_shop`, `id_country`) VALUES (13,1,21),(34,1,21),(67,1,21),(68,1,21),(87,1,1),(87,1,2),(87,1,3),(87,1,4),(87,1,5),(87,1,6),(87,1,7),(87,1,8),(87,1,9),(87,1,10),(87,1,11),(87,1,12),(87,1,13),(87,1,14),(87,1,15),(87,1,16),(87,1,17),(87,1,18),(87,1,19),(87,1,20),(87,1,21),(87,1,22),(87,1,23),(87,1,24),(87,1,25),(87,1,26),(87,1,27),(87,1,28),(87,1,29),(87,1,30),(87,1,31),(87,1,32),(87,1,33),(87,1,34),(87,1,35),(87,1,36),(87,1,37),(87,1,38),(87,1,39),(87,1,40),(87,1,41),(87,1,42),(87,1,43),(87,1,44),(87,1,45),(87,1,46),(87,1,47),(87,1,48),(87,1,49),(87,1,50),(87,1,51),(87,1,52),(87,1,53),(87,1,54),(87,1,55),(87,1,56),(87,1,57),(87,1,58),(87,1,59),(87,1,60),(87,1,61),(87,1,62),(87,1,63),(87,1,64),(87,1,65),(87,1,66),(87,1,67),(87,1,68),(87,1,69),(87,1,70),(87,1,71),(87,1,72),(87,1,73),(87,1,74),(87,1,75),(87,1,76),(87,1,77),(87,1,78),(87,1,79),(87,1,80),(87,1,81),(87,1,82),(87,1,83),(87,1,84),(87,1,85),(87,1,86),(87,1,87),(87,1,88),(87,1,89),(87,1,90),(87,1,91),(87,1,92),(87,1,93),(87,1,94),(87,1,95),(87,1,96),(87,1,97),(87,1,98),(87,1,99),(87,1,100),(87,1,101),(87,1,102),(87,1,103),(87,1,104),(87,1,105),(87,1,106),(87,1,107),(87,1,108),(87,1,109),(87,1,110),(87,1,111),(87,1,112),(87,1,113),(87,1,114),(87,1,115),(87,1,116),(87,1,117),(87,1,118),(87,1,119),(87,1,120),(87,1,121),(87,1,122),(87,1,123),(87,1,124),(87,1,125),(87,1,126),(87,1,127),(87,1,128),(87,1,129),(87,1,130),(87,1,131),(87,1,132),(87,1,133),(87,1,134),(87,1,135),(87,1,136),(87,1,137),(87,1,138),(87,1,139),(87,1,140),(87,1,141),(87,1,142),(87,1,143),(87,1,144),(87,1,145),(87,1,146),(87,1,147),(87,1,148),(87,1,149),(87,1,150),(87,1,151),(87,1,152),(87,1,153),(87,1,154),(87,1,155),(87,1,156),(87,1,157),(87,1,158),(87,1,159),(87,1,160),(87,1,161),(87,1,162),(87,1,163),(87,1,164),(87,1,165),(87,1,166),(87,1,167),(87,1,168),(87,1,169),(87,1,170),(87,1,171),(87,1,172),(87,1,173),(87,1,174),(87,1,175),(87,1,176),(87,1,177),(87,1,178),(87,1,179),(87,1,180),(87,1,181),(87,1,182),(87,1,183),(87,1,184),(87,1,185),(87,1,186),(87,1,187),(87,1,188),(87,1,189),(87,1,190),(87,1,191),(87,1,192),(87,1,193),(87,1,194),(87,1,195),(87,1,196),(87,1,197),(87,1,198),(87,1,199),(87,1,200),(87,1,201),(87,1,202),(87,1,203),(87,1,204),(87,1,205),(87,1,206),(87,1,207),(87,1,208),(87,1,209),(87,1,210),(87,1,211),(87,1,212),(87,1,213),(87,1,214),(87,1,215),(87,1,216),(87,1,217),(87,1,218),(87,1,219),(87,1,220),(87,1,221),(87,1,222),(87,1,223),(87,1,224),(87,1,225),(87,1,226),(87,1,227),(87,1,228),(87,1,229),(87,1,230),(87,1,231),(87,1,232),(87,1,233),(87,1,234),(87,1,235),(87,1,236),(87,1,237),(87,1,238),(87,1,239),(87,1,240),(87,1,241),(87,1,242),(87,1,243),(87,1,244),(88,1,1),(88,1,2),(88,1,3),(88,1,4),(88,1,5),(88,1,6),(88,1,7),(88,1,8),(88,1,9),(88,1,10),(88,1,11),(88,1,12),(88,1,13),(88,1,14),(88,1,15),(88,1,16),(88,1,17),(88,1,18),(88,1,19),(88,1,20),(88,1,21),(88,1,22),(88,1,23),(88,1,24),(88,1,25),(88,1,26),(88,1,27),(88,1,28),(88,1,29),(88,1,30),(88,1,31),(88,1,32),(88,1,33),(88,1,34),(88,1,35),(88,1,36),(88,1,37),(88,1,38),(88,1,40),(88,1,41),(88,1,42),(88,1,43),(88,1,44),(88,1,45),(88,1,46),(88,1,47),(88,1,48),(88,1,49),(88,1,51),(88,1,52),(88,1,53),(88,1,54),(88,1,55),(88,1,56),(88,1,57),(88,1,58),(88,1,59),(88,1,60),(88,1,62),(88,1,63),(88,1,64),(88,1,65),(88,1,67),(88,1,68),(88,1,69),(88,1,70),(88,1,71),(88,1,72),(88,1,73),(88,1,74),(88,1,76),(88,1,77),(88,1,78),(88,1,79),(88,1,81),(88,1,82),(88,1,83),(88,1,85),(88,1,86),(88,1,87),(88,1,88),(88,1,89),(88,1,90),(88,1,91),(88,1,92),(88,1,93),(88,1,95),(88,1,96),(88,1,97),(88,1,98),(88,1,100),(88,1,102),(88,1,103),(88,1,104),(88,1,107),(88,1,108),(88,1,109),(88,1,110),(88,1,111),(88,1,115),(88,1,117),(88,1,118),(88,1,119),(88,1,120),(88,1,122),(88,1,123),(88,1,124),(88,1,125),(88,1,127),(88,1,130),(88,1,131),(88,1,133),(88,1,134),(88,1,135),(88,1,136),(88,1,137),(88,1,138),(88,1,139),(88,1,140),(88,1,141),(88,1,142),(88,1,143),(88,1,144),(88,1,145),(88,1,146),(88,1,147),(88,1,148),(88,1,149),(88,1,150),(88,1,151),(88,1,152),(88,1,153),(88,1,154),(88,1,155),(88,1,156),(88,1,158),(88,1,159),(88,1,160),(88,1,161),(88,1,162),(88,1,164),(88,1,166),(88,1,168),(88,1,169),(88,1,170),(88,1,171),(88,1,172),(88,1,173),(88,1,175),(88,1,176),(88,1,177),(88,1,178),(88,1,180),(88,1,181),(88,1,183),(88,1,184),(88,1,185),(88,1,186),(88,1,187),(88,1,188),(88,1,189),(88,1,190),(88,1,191),(88,1,192),(88,1,193),(88,1,194),(88,1,195),(88,1,197),(88,1,199),(88,1,200),(88,1,201),(88,1,203),(88,1,204),(88,1,205),(88,1,206),(88,1,208),(88,1,209),(88,1,210),(88,1,212),(88,1,213),(88,1,214),(88,1,215),(88,1,216),(88,1,217),(88,1,218),(88,1,220),(88,1,221),(88,1,222),(88,1,223),(88,1,225),(88,1,227),(88,1,228),(88,1,229),(88,1,230),(88,1,233),(88,1,236),(88,1,237),(88,1,240),(88,1,241),(88,1,242),(89,1,21);

--
-- Table structure for table `psqx_module_currency`
--

CREATE TABLE `psqx_module_currency` (
  `id_module` int(10) unsigned NOT NULL,
  `id_shop` int(11) unsigned NOT NULL DEFAULT 1,
  `id_currency` int(11) NOT NULL,
  PRIMARY KEY (`id_module`,`id_shop`,`id_currency`),
  KEY `id_module` (`id_module`)
) ENGINE=InnoDB DEFAULT CHARSET=utf8mb4;

--
-- Dumping data for table `psqx_module_currency`
--

INSERT INTO `psqx_module_currency` (`id_module`, `id_shop`, `id_currency`) VALUES (13,1,1),(34,1,1),(67,1,1),(68,1,-1),(87,1,-1),(88,1,1),(89,1,1);

--
-- Table structure for table `psqx_module_group`
--

CREATE TABLE `psqx_module_group` (
  `id_module` int(10) unsigned NOT NULL,
  `id_shop` int(11) unsigned NOT NULL DEFAULT 1,
  `id_group` int(11) unsigned NOT NULL,
  PRIMARY KEY (`id_module`,`id_shop`,`id_group`)
) ENGINE=InnoDB DEFAULT CHARSET=utf8mb4;

--
-- Dumping data for table `psqx_module_group`
--

INSERT INTO `psqx_module_group` (`id_module`, `id_shop`, `id_group`) VALUES (1,1,1),(1,1,2),(1,1,3),(2,1,1),(2,1,2),(2,1,3),(3,1,1),(3,1,2),(3,1,3),(4,1,1),(4,1,2),(4,1,3),(5,1,1),(5,1,2),(5,1,3),(6,1,1),(6,1,2),(6,1,3),(7,1,1),(7,1,2),(7,1,3),(8,1,1),(8,1,2),(8,1,3),(9,1,1),(9,1,2),(9,1,3),(10,1,1),(10,1,2),(10,1,3),(11,1,1),(11,1,2),(11,1,3),(12,1,1),(12,1,2),(12,1,3),(13,1,1),(13,1,2),(13,1,3),(14,1,1),(14,1,2),(14,1,3),(15,1,1),(15,1,2),(15,1,3),(16,1,1),(16,1,2),(16,1,3),(17,1,1),(17,1,2),(17,1,3),(18,1,1),(18,1,2),(18,1,3),(19,1,1),(19,1,2),(19,1,3),(20,1,1),(20,1,2),(20,1,3),(21,1,1),(21,1,2),(21,1,3),(23,1,1),(23,1,2),(23,1,3),(24,1,1),(24,1,2),(24,1,3),(25,1,1),(25,1,2),(25,1,3),(26,1,1),(26,1,2),(26,1,3),(27,1,1),(27,1,2),(27,1,3),(28,1,1),(28,1,2),(28,1,3),(29,1,1),(29,1,2),(29,1,3),(30,1,1),(30,1,2),(30,1,3),(31,1,1),(31,1,2),(31,1,3),(32,1,1),(32,1,2),(32,1,3),(33,1,1),(33,1,2),(33,1,3),(34,1,1),(34,1,2),(34,1,3),(35,1,1),(35,1,2),(35,1,3),(36,1,1),(36,1,2),(36,1,3),(37,1,1),(37,1,2),(37,1,3),(38,1,1),(38,1,2),(38,1,3),(39,1,1),(39,1,2),(39,1,3),(40,1,1),(40,1,2),(40,1,3),(41,1,1),(41,1,2),(41,1,3),(42,1,1),(42,1,2),(42,1,3),(43,1,1),(43,1,2),(43,1,3),(44,1,1),(44,1,2),(44,1,3),(45,1,1),(45,1,2),(45,1,3),(46,1,1),(46,1,2),(46,1,3),(47,1,1),(47,1,2),(47,1,3),(48,1,1),(48,1,2),(48,1,3),(49,1,1),(49,1,2),(49,1,3),(50,1,1),(50,1,2),(50,1,3),(51,1,1),(51,1,2),(51,1,3),(52,1,1),(52,1,2),(52,1,3),(53,1,1),(53,1,2),(53,1,3),(54,1,1),(54,1,2),(54,1,3),(55,1,1),(55,1,2),(55,1,3),(56,1,1),(56,1,2),(56,1,3),(57,1,1),(57,1,2),(57,1,3),(58,1,1),(58,1,2),(58,1,3),(59,1,1),(59,1,2),(59,1,3),(60,1,1),(60,1,2),(60,1,3),(61,1,1),(61,1,2),(61,1,3),(62,1,1),(62,1,2),(62,1,3),(63,1,1),(63,1,2),(63,1,3),(64,1,1),(64,1,2),(64,1,3),(65,1,1),(65,1,2),(65,1,3),(66,1,1),(66,1,2),(66,1,3),(67,1,1),(67,1,2),(67,1,3),(68,1,1),(68,1,2),(68,1,3),(69,1,1),(69,1,2),(69,1,3),(70,1,1),(70,1,2),(70,1,3),(71,1,1),(71,1,2),(71,1,3),(72,1,1),(72,1,2),(72,1,3),(73,1,1),(73,1,2),(73,1,3),(74,1,1),(74,1,2),(74,1,3),(75,1,1),(75,1,2),(75,1,3),(76,1,1),(76,1,2),(76,1,3),(77,1,1),(77,1,2),(77,1,3),(78,1,1),(78,1,2),(78,1,3),(79,1,1),(79,1,2),(79,1,3),(80,1,1),(80,1,2),(80,1,3),(81,1,1),(81,1,2),(81,1,3),(82,1,1),(82,1,2),(82,1,3),(83,1,1),(83,1,2),(83,1,3),(84,1,1),(84,1,2),(84,1,3),(85,1,1),(85,1,2),(85,1,3),(86,1,1),(86,1,2),(86,1,3),(87,1,1),(87,1,2),(87,1,3),(88,1,1),(88,1,2),(88,1,3),(89,1,1),(89,1,2),(89,1,3),(90,1,1),(90,1,2),(90,1,3);

--
-- Table structure for table `psqx_module_history`
--

CREATE TABLE `psqx_module_history` (
  `id` int(11) NOT NULL AUTO_INCREMENT,
  `id_employee` int(11) NOT NULL,
  `id_module` int(11) NOT NULL,
  `date_add` datetime NOT NULL,
  `date_upd` datetime NOT NULL,
  PRIMARY KEY (`id`)
) ENGINE=InnoDB AUTO_INCREMENT=19 DEFAULT CHARSET=utf8mb4 COLLATE=utf8mb4_unicode_ci;

--
-- Dumping data for table `psqx_module_history`
--

INSERT INTO `psqx_module_history` (`id`, `id_employee`, `id_module`, `date_add`, `date_upd`) VALUES (1,1,68,'2021-04-14 18:07:05','2021-04-28 02:27:00'),(2,1,28,'2021-04-14 18:27:16','2021-04-14 18:27:16'),(3,1,83,'2021-04-17 20:25:48','2021-04-17 20:25:48'),(4,1,77,'2021-04-17 20:25:49','2021-04-27 09:06:30'),(5,1,78,'2021-04-17 21:06:34','2021-04-19 07:23:15'),(6,1,67,'2021-04-19 19:56:35','2021-05-11 06:35:04'),(7,1,87,'2021-04-19 20:34:13','2021-05-11 14:44:55'),(8,1,88,'2021-04-19 20:40:36','2021-05-11 14:34:39'),(9,1,89,'2021-04-21 00:27:41','2021-05-11 06:35:41'),(10,1,34,'2021-04-22 21:29:34','2021-04-22 21:29:34'),(11,1,74,'2021-04-26 11:03:35','2021-05-12 04:56:14'),(12,1,75,'2021-04-26 11:03:36','2021-05-12 04:56:13'),(13,1,82,'2021-04-27 02:42:15','2021-04-27 02:42:15'),(14,1,81,'2021-04-27 02:42:43','2021-04-27 02:42:43'),(15,1,73,'2021-04-27 02:50:36','2021-04-27 02:50:36'),(16,1,76,'2021-04-27 02:50:38','2021-04-27 02:50:38'),(17,1,27,'2021-04-28 01:29:22','2021-04-28 01:29:22'),(18,1,90,'2021-05-04 23:30:45','2021-05-07 15:21:19');

--
-- Table structure for table `psqx_module_preference`
--

CREATE TABLE `psqx_module_preference` (
  `id_module_preference` int(11) NOT NULL AUTO_INCREMENT,
  `id_employee` int(11) NOT NULL,
  `module` varchar(191) NOT NULL,
  `interest` tinyint(1) DEFAULT NULL,
  `favorite` tinyint(1) DEFAULT NULL,
  PRIMARY KEY (`id_module_preference`),
  UNIQUE KEY `employee_module` (`id_employee`,`module`)
) ENGINE=InnoDB DEFAULT CHARSET=utf8mb4;

--
-- Dumping data for table `psqx_module_preference`
--


--
-- Table structure for table `psqx_module_shop`
--

CREATE TABLE `psqx_module_shop` (
  `id_module` int(11) unsigned NOT NULL,
  `id_shop` int(11) unsigned NOT NULL,
  `enable_device` tinyint(1) NOT NULL DEFAULT 7,
  PRIMARY KEY (`id_module`,`id_shop`),
  KEY `id_shop` (`id_shop`)
) ENGINE=InnoDB DEFAULT CHARSET=utf8mb4;

--
-- Dumping data for table `psqx_module_shop`
--

INSERT INTO `psqx_module_shop` (`id_module`, `id_shop`, `enable_device`) VALUES (1,1,7),(2,1,7),(3,1,7),(4,1,7),(5,1,7),(6,1,7),(7,1,7),(8,1,7),(9,1,7),(10,1,7),(12,1,7),(13,1,7),(14,1,7),(15,1,7),(16,1,7),(17,1,7),(18,1,7),(20,1,7),(21,1,7),(23,1,7),(26,1,7),(27,1,7),(29,1,7),(30,1,7),(31,1,7),(32,1,7),(33,1,7),(34,1,7),(35,1,7),(36,1,7),(37,1,7),(38,1,7),(39,1,7),(40,1,7),(41,1,7),(42,1,7),(43,1,7),(44,1,7),(45,1,7),(46,1,7),(47,1,7),(48,1,7),(49,1,7),(50,1,7),(51,1,7),(52,1,7),(53,1,7),(54,1,7),(55,1,7),(56,1,7),(58,1,7),(59,1,7),(60,1,7),(61,1,7),(62,1,7),(63,1,7),(64,1,7),(65,1,7),(66,1,7),(68,1,7),(69,1,7),(70,1,7),(71,1,7),(72,1,7),(74,1,15),(75,1,7),(76,1,3),(77,1,7),(78,1,7),(79,1,7),(80,1,7),(81,1,7),(82,1,7),(84,1,7),(87,1,7),(88,1,7),(89,1,7),(90,1,7);

--
-- Table structure for table `psqx_operating_system`
--

CREATE TABLE `psqx_operating_system` (
  `id_operating_system` int(10) unsigned NOT NULL AUTO_INCREMENT,
  `name` varchar(64) DEFAULT NULL,
  PRIMARY KEY (`id_operating_system`)
) ENGINE=InnoDB AUTO_INCREMENT=10 DEFAULT CHARSET=utf8mb4;

--
-- Dumping data for table `psqx_operating_system`
--

INSERT INTO `psqx_operating_system` (`id_operating_system`, `name`) VALUES (1,'Windows XP'),(2,'Windows Vista'),(3,'Windows 7'),(4,'Windows 8'),(5,'Windows 8.1'),(6,'Windows 10'),(7,'MacOsX'),(8,'Linux'),(9,'Android');

--
-- Table structure for table `psqx_order_carrier`
--

CREATE TABLE `psqx_order_carrier` (
  `id_order_carrier` int(11) NOT NULL AUTO_INCREMENT,
  `id_order` int(11) unsigned NOT NULL,
  `id_carrier` int(11) unsigned NOT NULL,
  `id_order_invoice` int(11) unsigned DEFAULT NULL,
  `weight` decimal(20,6) DEFAULT NULL,
  `shipping_cost_tax_excl` decimal(20,6) DEFAULT NULL,
  `shipping_cost_tax_incl` decimal(20,6) DEFAULT NULL,
  `tracking_number` varchar(64) DEFAULT NULL,
  `date_add` datetime NOT NULL,
  PRIMARY KEY (`id_order_carrier`),
  KEY `id_order` (`id_order`),
  KEY `id_carrier` (`id_carrier`),
  KEY `id_order_invoice` (`id_order_invoice`)
) ENGINE=InnoDB AUTO_INCREMENT=6 DEFAULT CHARSET=utf8mb4;

--
-- Dumping data for table `psqx_order_carrier`
--

INSERT INTO `psqx_order_carrier` (`id_order_carrier`, `id_order`, `id_carrier`, `id_order_invoice`, `weight`, `shipping_cost_tax_excl`, `shipping_cost_tax_incl`, `tracking_number`, `date_add`) VALUES (1,1,2,0,0.000000,2.000000,2.000000,'','2021-04-14 07:29:34'),(2,2,2,0,0.000000,2.000000,2.000000,'','2021-04-14 07:29:34'),(3,3,2,0,0.000000,2.000000,2.000000,'','2021-04-14 07:29:34'),(4,4,2,0,0.000000,2.000000,2.000000,'','2021-04-14 07:29:34'),(5,5,2,0,0.000000,2.000000,2.000000,'','2021-04-14 07:29:34');

--
-- Table structure for table `psqx_order_cart_rule`
--

CREATE TABLE `psqx_order_cart_rule` (
  `id_order_cart_rule` int(10) unsigned NOT NULL AUTO_INCREMENT,
  `id_order` int(10) unsigned NOT NULL,
  `id_cart_rule` int(10) unsigned NOT NULL,
  `id_order_invoice` int(10) unsigned DEFAULT 0,
  `name` varchar(254) NOT NULL,
  `value` decimal(20,6) NOT NULL DEFAULT 0.000000,
  `value_tax_excl` decimal(20,6) NOT NULL DEFAULT 0.000000,
  `free_shipping` tinyint(1) NOT NULL DEFAULT 0,
  `deleted` tinyint(1) unsigned NOT NULL DEFAULT 0,
  PRIMARY KEY (`id_order_cart_rule`),
  KEY `id_order` (`id_order`),
  KEY `id_cart_rule` (`id_cart_rule`)
) ENGINE=InnoDB DEFAULT CHARSET=utf8mb4;

--
-- Dumping data for table `psqx_order_cart_rule`
--


--
-- Table structure for table `psqx_order_detail`
--

CREATE TABLE `psqx_order_detail` (
  `id_order_detail` int(10) unsigned NOT NULL AUTO_INCREMENT,
  `id_order` int(10) unsigned NOT NULL,
  `id_order_invoice` int(11) DEFAULT NULL,
  `id_warehouse` int(10) unsigned DEFAULT 0,
  `id_shop` int(11) unsigned NOT NULL,
  `product_id` int(10) unsigned NOT NULL,
  `product_attribute_id` int(10) unsigned DEFAULT NULL,
  `id_customization` int(10) unsigned DEFAULT 0,
  `product_name` varchar(255) NOT NULL,
  `product_quantity` int(10) unsigned NOT NULL DEFAULT 0,
  `product_quantity_in_stock` int(10) NOT NULL DEFAULT 0,
  `product_quantity_refunded` int(10) unsigned NOT NULL DEFAULT 0,
  `product_quantity_return` int(10) unsigned NOT NULL DEFAULT 0,
  `product_quantity_reinjected` int(10) unsigned NOT NULL DEFAULT 0,
  `product_price` decimal(20,6) NOT NULL DEFAULT 0.000000,
  `reduction_percent` decimal(5,2) NOT NULL DEFAULT 0.00,
  `reduction_amount` decimal(20,6) NOT NULL DEFAULT 0.000000,
  `reduction_amount_tax_incl` decimal(20,6) NOT NULL DEFAULT 0.000000,
  `reduction_amount_tax_excl` decimal(20,6) NOT NULL DEFAULT 0.000000,
  `group_reduction` decimal(5,2) NOT NULL DEFAULT 0.00,
  `product_quantity_discount` decimal(20,6) NOT NULL DEFAULT 0.000000,
  `product_ean13` varchar(13) DEFAULT NULL,
  `product_isbn` varchar(32) DEFAULT NULL,
  `product_upc` varchar(12) DEFAULT NULL,
  `product_mpn` varchar(40) DEFAULT NULL,
  `product_reference` varchar(64) DEFAULT NULL,
  `product_supplier_reference` varchar(64) DEFAULT NULL,
  `product_weight` decimal(20,6) NOT NULL,
  `id_tax_rules_group` int(11) unsigned DEFAULT 0,
  `tax_computation_method` tinyint(1) unsigned NOT NULL DEFAULT 0,
  `tax_name` varchar(16) NOT NULL,
  `tax_rate` decimal(10,3) NOT NULL DEFAULT 0.000,
  `ecotax` decimal(17,6) NOT NULL DEFAULT 0.000000,
  `ecotax_tax_rate` decimal(5,3) NOT NULL DEFAULT 0.000,
  `discount_quantity_applied` tinyint(1) NOT NULL DEFAULT 0,
  `download_hash` varchar(255) DEFAULT NULL,
  `download_nb` int(10) unsigned DEFAULT 0,
  `download_deadline` datetime DEFAULT NULL,
  `total_price_tax_incl` decimal(20,6) NOT NULL DEFAULT 0.000000,
  `total_price_tax_excl` decimal(20,6) NOT NULL DEFAULT 0.000000,
  `unit_price_tax_incl` decimal(20,6) NOT NULL DEFAULT 0.000000,
  `unit_price_tax_excl` decimal(20,6) NOT NULL DEFAULT 0.000000,
  `total_shipping_price_tax_incl` decimal(20,6) NOT NULL DEFAULT 0.000000,
  `total_shipping_price_tax_excl` decimal(20,6) NOT NULL DEFAULT 0.000000,
  `purchase_supplier_price` decimal(20,6) NOT NULL DEFAULT 0.000000,
  `original_product_price` decimal(20,6) NOT NULL DEFAULT 0.000000,
  `original_wholesale_price` decimal(20,6) NOT NULL DEFAULT 0.000000,
  `total_refunded_tax_excl` decimal(20,6) NOT NULL DEFAULT 0.000000,
  `total_refunded_tax_incl` decimal(20,6) NOT NULL DEFAULT 0.000000,
  PRIMARY KEY (`id_order_detail`),
  KEY `order_detail_order` (`id_order`),
  KEY `product_id` (`product_id`,`product_attribute_id`),
  KEY `product_attribute_id` (`product_attribute_id`),
  KEY `id_tax_rules_group` (`id_tax_rules_group`),
  KEY `id_order_id_order_detail` (`id_order`,`id_order_detail`)
) ENGINE=InnoDB AUTO_INCREMENT=9 DEFAULT CHARSET=utf8mb4;

--
-- Dumping data for table `psqx_order_detail`
--

INSERT INTO `psqx_order_detail` (`id_order_detail`, `id_order`, `id_order_invoice`, `id_warehouse`, `id_shop`, `product_id`, `product_attribute_id`, `id_customization`, `product_name`, `product_quantity`, `product_quantity_in_stock`, `product_quantity_refunded`, `product_quantity_return`, `product_quantity_reinjected`, `product_price`, `reduction_percent`, `reduction_amount`, `reduction_amount_tax_incl`, `reduction_amount_tax_excl`, `group_reduction`, `product_quantity_discount`, `product_ean13`, `product_isbn`, `product_upc`, `product_mpn`, `product_reference`, `product_supplier_reference`, `product_weight`, `id_tax_rules_group`, `tax_computation_method`, `tax_name`, `tax_rate`, `ecotax`, `ecotax_tax_rate`, `discount_quantity_applied`, `download_hash`, `download_nb`, `download_deadline`, `total_price_tax_incl`, `total_price_tax_excl`, `unit_price_tax_incl`, `unit_price_tax_excl`, `total_shipping_price_tax_incl`, `total_shipping_price_tax_excl`, `purchase_supplier_price`, `original_product_price`, `original_wholesale_price`, `total_refunded_tax_excl`, `total_refunded_tax_incl`) VALUES (1,1,0,0,1,1,1,0,'Hummingbird printed t-shirt - Color : White, Size : S',1,1,0,0,0,23.900000,0.00,0.000000,0.000000,0.000000,0.00,0.000000,'','','','','demo_1','',0.000000,0,0,'',0.000,0.000000,0.000,0,'',0,'0000-00-00 00:00:00',23.900000,23.900000,23.900000,23.900000,0.000000,0.000000,0.000000,23.900000,0.000000,0.000000,0.000000),(2,1,0,0,1,2,9,0,'Hummingbird printed sweater - Color : White, Size : S',1,1,0,0,0,35.900000,0.00,0.000000,0.000000,0.000000,0.00,0.000000,'','','','','demo_3','',0.000000,0,0,'',0.000,0.000000,0.000,0,'',0,'0000-00-00 00:00:00',35.900000,35.900000,35.900000,35.900000,0.000000,0.000000,0.000000,35.900000,0.000000,0.000000,0.000000),(3,2,0,0,1,4,18,0,'The adventure begins Framed poster - Size : 80x120cm',2,3,0,0,0,79.000000,0.00,0.000000,0.000000,0.000000,0.00,0.000000,'','','','','demo_5','',0.000000,0,0,'',0.000,0.000000,0.000,0,'',0,'0000-00-00 00:00:00',158.000000,79.000000,79.000000,79.000000,0.000000,0.000000,0.000000,79.000000,0.000000,0.000000,0.000000),(4,2,0,0,1,8,0,0,'Mug Today is a good day',1,1,0,0,0,11.900000,0.00,0.000000,0.000000,0.000000,0.00,0.000000,'','','','','demo_13','',0.000000,0,0,'',0.000,0.000000,0.000,0,'',0,'0000-00-00 00:00:00',11.900000,11.900000,11.900000,11.900000,0.000000,0.000000,0.000000,11.900000,0.000000,0.000000,0.000000),(5,3,0,0,1,16,28,0,'Mountain fox notebook Style : Ruled',1,1,0,0,0,12.900000,0.00,0.000000,0.000000,0.000000,0.00,0.000000,'','','','','demo_8','',0.000000,0,0,'',0.000,0.000000,0.000,0,'',0,'0000-00-00 00:00:00',12.900000,12.900000,12.900000,12.900000,0.000000,0.000000,0.000000,12.900000,0.000000,0.000000,0.000000),(6,4,0,0,1,16,29,0,'Mountain fox notebook Style : Plain',1,1,0,0,0,12.900000,0.00,0.000000,0.000000,0.000000,0.00,0.000000,'','','','','demo_8','',0.000000,0,0,'',0.000,0.000000,0.000,0,'',0,'0000-00-00 00:00:00',12.900000,12.900000,12.900000,12.900000,0.000000,0.000000,0.000000,12.900000,0.000000,0.000000,0.000000),(7,5,0,0,1,10,25,0,'Brown bear cushion Color : Black',1,1,0,0,0,18.900000,0.00,0.000000,0.000000,0.000000,0.00,0.000000,'','','','','demo_16','',0.000000,0,0,'',0.000,0.000000,0.000,0,'',0,'0000-00-00 00:00:00',18.900000,18.900000,18.900000,18.900000,0.000000,0.000000,0.000000,18.900000,0.000000,0.000000,0.000000),(8,6,1,0,1,13,0,0,'Brown bear - Vector graphics',1,1,0,0,0,9.000000,0.00,0.000000,0.000000,0.000000,0.00,0.000000,'','','','','demo_19','',0.300000,9,0,'',0.000,0.000000,0.000,0,'',0,'0000-00-00 00:00:00',9.000000,9.000000,9.000000,9.000000,0.000000,0.000000,0.000000,9.000000,0.000000,0.000000,0.000000);

--
-- Table structure for table `psqx_order_detail_tax`
--

CREATE TABLE `psqx_order_detail_tax` (
  `id_order_detail` int(11) NOT NULL,
  `id_tax` int(11) NOT NULL,
  `unit_amount` decimal(16,6) NOT NULL DEFAULT 0.000000,
  `total_amount` decimal(16,6) NOT NULL DEFAULT 0.000000,
  KEY `id_order_detail` (`id_order_detail`),
  KEY `id_tax` (`id_tax`)
) ENGINE=InnoDB DEFAULT CHARSET=utf8mb4;

--
-- Dumping data for table `psqx_order_detail_tax`
--


--
-- Table structure for table `psqx_order_history`
--

CREATE TABLE `psqx_order_history` (
  `id_order_history` int(10) unsigned NOT NULL AUTO_INCREMENT,
  `id_employee` int(10) unsigned NOT NULL,
  `id_order` int(10) unsigned NOT NULL,
  `id_order_state` int(10) unsigned NOT NULL,
  `date_add` datetime NOT NULL,
  PRIMARY KEY (`id_order_history`),
  KEY `order_history_order` (`id_order`),
  KEY `id_employee` (`id_employee`),
  KEY `id_order_state` (`id_order_state`)
) ENGINE=InnoDB AUTO_INCREMENT=10 DEFAULT CHARSET=utf8mb4;

--
-- Dumping data for table `psqx_order_history`
--

INSERT INTO `psqx_order_history` (`id_order_history`, `id_employee`, `id_order`, `id_order_state`, `date_add`) VALUES (1,0,1,1,'2021-04-14 07:29:34'),(2,0,2,1,'2021-04-14 07:29:34'),(3,0,3,1,'2021-04-14 07:29:34'),(4,0,4,1,'2021-04-14 07:29:34'),(5,0,5,10,'2021-04-14 07:29:34'),(6,1,1,6,'2021-04-14 07:29:34'),(7,1,3,8,'2021-04-14 07:29:34'),(8,0,6,21,'2021-05-10 23:56:23'),(9,0,6,2,'2021-05-10 23:56:24');

--
-- Table structure for table `psqx_order_invoice`
--

CREATE TABLE `psqx_order_invoice` (
  `id_order_invoice` int(11) unsigned NOT NULL AUTO_INCREMENT,
  `id_order` int(11) NOT NULL,
  `number` int(11) NOT NULL,
  `delivery_number` int(11) NOT NULL,
  `delivery_date` datetime DEFAULT NULL,
  `total_discount_tax_excl` decimal(20,6) NOT NULL DEFAULT 0.000000,
  `total_discount_tax_incl` decimal(20,6) NOT NULL DEFAULT 0.000000,
  `total_paid_tax_excl` decimal(20,6) NOT NULL DEFAULT 0.000000,
  `total_paid_tax_incl` decimal(20,6) NOT NULL DEFAULT 0.000000,
  `total_products` decimal(20,6) NOT NULL DEFAULT 0.000000,
  `total_products_wt` decimal(20,6) NOT NULL DEFAULT 0.000000,
  `total_shipping_tax_excl` decimal(20,6) NOT NULL DEFAULT 0.000000,
  `total_shipping_tax_incl` decimal(20,6) NOT NULL DEFAULT 0.000000,
  `shipping_tax_computation_method` int(10) unsigned NOT NULL,
  `total_wrapping_tax_excl` decimal(20,6) NOT NULL DEFAULT 0.000000,
  `total_wrapping_tax_incl` decimal(20,6) NOT NULL DEFAULT 0.000000,
  `shop_address` text DEFAULT NULL,
  `note` text DEFAULT NULL,
  `date_add` datetime NOT NULL,
  PRIMARY KEY (`id_order_invoice`),
  KEY `id_order` (`id_order`)
) ENGINE=InnoDB AUTO_INCREMENT=2 DEFAULT CHARSET=utf8mb4;

--
-- Dumping data for table `psqx_order_invoice`
--

INSERT INTO `psqx_order_invoice` (`id_order_invoice`, `id_order`, `number`, `delivery_number`, `delivery_date`, `total_discount_tax_excl`, `total_discount_tax_incl`, `total_paid_tax_excl`, `total_paid_tax_incl`, `total_products`, `total_products_wt`, `total_shipping_tax_excl`, `total_shipping_tax_incl`, `shipping_tax_computation_method`, `total_wrapping_tax_excl`, `total_wrapping_tax_incl`, `shop_address`, `note`, `date_add`) VALUES (1,6,1,0,'0000-00-00 00:00:00',0.000000,0.000000,9.000000,9.000000,9.000000,9.000000,0.000000,0.000000,0,0.000000,0.000000,'Black &amp; Latino Art Exchange<br />United States','','2021-05-10 23:56:24');

--
-- Table structure for table `psqx_order_invoice_payment`
--

CREATE TABLE `psqx_order_invoice_payment` (
  `id_order_invoice` int(11) unsigned NOT NULL,
  `id_order_payment` int(11) unsigned NOT NULL,
  `id_order` int(11) unsigned NOT NULL,
  PRIMARY KEY (`id_order_invoice`,`id_order_payment`),
  KEY `order_payment` (`id_order_payment`),
  KEY `id_order` (`id_order`)
) ENGINE=InnoDB DEFAULT CHARSET=utf8mb4;

--
-- Dumping data for table `psqx_order_invoice_payment`
--

INSERT INTO `psqx_order_invoice_payment` (`id_order_invoice`, `id_order_payment`, `id_order`) VALUES (1,1,6);

--
-- Table structure for table `psqx_order_invoice_tax`
--

CREATE TABLE `psqx_order_invoice_tax` (
  `id_order_invoice` int(11) NOT NULL,
  `type` varchar(15) NOT NULL,
  `id_tax` int(11) NOT NULL,
  `amount` decimal(10,6) NOT NULL DEFAULT 0.000000,
  KEY `id_tax` (`id_tax`)
) ENGINE=InnoDB DEFAULT CHARSET=utf8mb4;

--
-- Dumping data for table `psqx_order_invoice_tax`
--


--
-- Table structure for table `psqx_order_message`
--

CREATE TABLE `psqx_order_message` (
  `id_order_message` int(10) unsigned NOT NULL AUTO_INCREMENT,
  `date_add` datetime NOT NULL,
  PRIMARY KEY (`id_order_message`)
) ENGINE=InnoDB AUTO_INCREMENT=2 DEFAULT CHARSET=utf8mb4;

--
-- Dumping data for table `psqx_order_message`
--

INSERT INTO `psqx_order_message` (`id_order_message`, `date_add`) VALUES (1,'2021-04-14 07:29:34');

--
-- Table structure for table `psqx_order_message_lang`
--

CREATE TABLE `psqx_order_message_lang` (
  `id_order_message` int(10) unsigned NOT NULL,
  `id_lang` int(10) unsigned NOT NULL,
  `name` varchar(128) NOT NULL,
  `message` text NOT NULL,
  PRIMARY KEY (`id_order_message`,`id_lang`)
) ENGINE=InnoDB DEFAULT CHARSET=utf8mb4;

--
-- Dumping data for table `psqx_order_message_lang`
--

INSERT INTO `psqx_order_message_lang` (`id_order_message`, `id_lang`, `name`, `message`) VALUES (1,1,'Delay','Hi,\n\nUnfortunately, an item on your order is currently out of stock. This may cause a slight delay in delivery.\nPlease accept our apologies and rest assured that we are working hard to rectify this.\n\nBest regards,');

--
-- Table structure for table `psqx_order_return`
--

CREATE TABLE `psqx_order_return` (
  `id_order_return` int(10) unsigned NOT NULL AUTO_INCREMENT,
  `id_customer` int(10) unsigned NOT NULL,
  `id_order` int(10) unsigned NOT NULL,
  `state` tinyint(1) unsigned NOT NULL DEFAULT 1,
  `question` text NOT NULL,
  `date_add` datetime NOT NULL,
  `date_upd` datetime NOT NULL,
  PRIMARY KEY (`id_order_return`),
  KEY `order_return_customer` (`id_customer`),
  KEY `id_order` (`id_order`)
) ENGINE=InnoDB DEFAULT CHARSET=utf8mb4;

--
-- Dumping data for table `psqx_order_return`
--


--
-- Table structure for table `psqx_order_return_detail`
--

CREATE TABLE `psqx_order_return_detail` (
  `id_order_return` int(10) unsigned NOT NULL,
  `id_order_detail` int(10) unsigned NOT NULL,
  `id_customization` int(10) unsigned NOT NULL DEFAULT 0,
  `product_quantity` int(10) unsigned NOT NULL DEFAULT 0,
  PRIMARY KEY (`id_order_return`,`id_order_detail`,`id_customization`)
) ENGINE=InnoDB DEFAULT CHARSET=utf8mb4;

--
-- Dumping data for table `psqx_order_return_detail`
--


--
-- Table structure for table `psqx_order_return_state`
--

CREATE TABLE `psqx_order_return_state` (
  `id_order_return_state` int(10) unsigned NOT NULL AUTO_INCREMENT,
  `color` varchar(32) DEFAULT NULL,
  PRIMARY KEY (`id_order_return_state`)
) ENGINE=InnoDB AUTO_INCREMENT=6 DEFAULT CHARSET=utf8mb4;

--
-- Dumping data for table `psqx_order_return_state`
--

INSERT INTO `psqx_order_return_state` (`id_order_return_state`, `color`) VALUES (1,'#4169E1'),(2,'#8A2BE2'),(3,'#32CD32'),(4,'#DC143C'),(5,'#108510');

--
-- Table structure for table `psqx_order_return_state_lang`
--

CREATE TABLE `psqx_order_return_state_lang` (
  `id_order_return_state` int(10) unsigned NOT NULL,
  `id_lang` int(10) unsigned NOT NULL,
  `name` varchar(64) NOT NULL,
  PRIMARY KEY (`id_order_return_state`,`id_lang`)
) ENGINE=InnoDB DEFAULT CHARSET=utf8mb4;

--
-- Dumping data for table `psqx_order_return_state_lang`
--

INSERT INTO `psqx_order_return_state_lang` (`id_order_return_state`, `id_lang`, `name`) VALUES (1,1,'Waiting for confirmation'),(2,1,'Waiting for package'),(3,1,'Package received'),(4,1,'Return denied'),(5,1,'Return completed');

--
-- Table structure for table `psqx_order_slip`
--

CREATE TABLE `psqx_order_slip` (
  `id_order_slip` int(10) unsigned NOT NULL AUTO_INCREMENT,
  `conversion_rate` decimal(13,6) NOT NULL DEFAULT 1.000000,
  `id_customer` int(10) unsigned NOT NULL,
  `id_order` int(10) unsigned NOT NULL,
  `total_products_tax_excl` decimal(20,6) DEFAULT NULL,
  `total_products_tax_incl` decimal(20,6) DEFAULT NULL,
  `total_shipping_tax_excl` decimal(20,6) DEFAULT NULL,
  `total_shipping_tax_incl` decimal(20,6) DEFAULT NULL,
  `shipping_cost` tinyint(3) unsigned NOT NULL DEFAULT 0,
  `amount` decimal(20,6) NOT NULL DEFAULT 0.000000,
  `shipping_cost_amount` decimal(20,6) NOT NULL DEFAULT 0.000000,
  `partial` tinyint(1) NOT NULL,
  `order_slip_type` tinyint(1) unsigned NOT NULL DEFAULT 0,
  `date_add` datetime NOT NULL,
  `date_upd` datetime NOT NULL,
  PRIMARY KEY (`id_order_slip`),
  KEY `order_slip_customer` (`id_customer`),
  KEY `id_order` (`id_order`)
) ENGINE=InnoDB DEFAULT CHARSET=utf8mb4;

--
-- Dumping data for table `psqx_order_slip`
--


--
-- Table structure for table `psqx_order_slip_detail`
--

CREATE TABLE `psqx_order_slip_detail` (
  `id_order_slip` int(10) unsigned NOT NULL,
  `id_order_detail` int(10) unsigned NOT NULL,
  `product_quantity` int(10) unsigned NOT NULL DEFAULT 0,
  `unit_price_tax_excl` decimal(20,6) DEFAULT NULL,
  `unit_price_tax_incl` decimal(20,6) DEFAULT NULL,
  `total_price_tax_excl` decimal(20,6) DEFAULT NULL,
  `total_price_tax_incl` decimal(20,6) DEFAULT NULL,
  `amount_tax_excl` decimal(20,6) DEFAULT NULL,
  `amount_tax_incl` decimal(20,6) DEFAULT NULL,
  PRIMARY KEY (`id_order_slip`,`id_order_detail`)
) ENGINE=InnoDB DEFAULT CHARSET=utf8mb4;

--
-- Dumping data for table `psqx_order_slip_detail`
--


--
-- Table structure for table `psqx_order_slip_detail_tax`
--

CREATE TABLE `psqx_order_slip_detail_tax` (
  `id_order_slip_detail` int(11) unsigned NOT NULL,
  `id_tax` int(11) unsigned NOT NULL,
  `unit_amount` decimal(16,6) NOT NULL DEFAULT 0.000000,
  `total_amount` decimal(16,6) NOT NULL DEFAULT 0.000000,
  KEY `id_order_slip_detail` (`id_order_slip_detail`),
  KEY `id_tax` (`id_tax`)
) ENGINE=InnoDB DEFAULT CHARSET=utf8mb4;

--
-- Dumping data for table `psqx_order_slip_detail_tax`
--


--
-- Table structure for table `psqx_order_state`
--

CREATE TABLE `psqx_order_state` (
  `id_order_state` int(10) unsigned NOT NULL AUTO_INCREMENT,
  `invoice` tinyint(1) unsigned DEFAULT 0,
  `send_email` tinyint(1) unsigned NOT NULL DEFAULT 0,
  `module_name` varchar(255) DEFAULT NULL,
  `color` varchar(32) DEFAULT NULL,
  `unremovable` tinyint(1) unsigned NOT NULL,
  `hidden` tinyint(1) unsigned NOT NULL DEFAULT 0,
  `logable` tinyint(1) NOT NULL DEFAULT 0,
  `delivery` tinyint(1) unsigned NOT NULL DEFAULT 0,
  `shipped` tinyint(1) unsigned NOT NULL DEFAULT 0,
  `paid` tinyint(1) unsigned NOT NULL DEFAULT 0,
  `pdf_invoice` tinyint(1) unsigned NOT NULL DEFAULT 0,
  `pdf_delivery` tinyint(1) unsigned NOT NULL DEFAULT 0,
  `deleted` tinyint(1) unsigned NOT NULL DEFAULT 0,
  PRIMARY KEY (`id_order_state`),
  KEY `module_name` (`module_name`(191))
) ENGINE=InnoDB AUTO_INCREMENT=33 DEFAULT CHARSET=utf8mb4;

--
-- Dumping data for table `psqx_order_state`
--

INSERT INTO `psqx_order_state` (`id_order_state`, `invoice`, `send_email`, `module_name`, `color`, `unremovable`, `hidden`, `logable`, `delivery`, `shipped`, `paid`, `pdf_invoice`, `pdf_delivery`, `deleted`) VALUES (1,0,1,'ps_checkpayment','#34209E',1,0,0,0,0,0,0,0,0),(2,1,1,'','#3498D8',1,0,1,0,0,1,1,0,0),(3,1,1,'','#3498D8',1,0,1,1,0,1,0,0,0),(4,1,1,'','#01B887',1,0,1,1,1,1,0,0,0),(5,1,0,'','#01B887',1,0,1,1,1,1,0,0,0),(6,0,1,'','#2C3E50',1,0,0,0,0,0,0,0,0),(7,1,1,'','#01B887',1,0,0,0,0,0,0,0,0),(8,0,1,'','#E74C3C',1,0,0,0,0,0,0,0,0),(9,1,1,'','#3498D8',1,0,0,0,0,1,0,0,0),(10,0,1,'ps_wirepayment','#34209E',1,0,0,0,0,0,0,0,0),(11,1,1,'','#3498D8',1,0,1,0,0,1,0,0,0),(12,0,1,'','#34209E',1,0,0,0,0,0,0,0,0),(13,0,0,'ps_cashondelivery','#34209E',1,0,0,0,0,0,0,0,0),(14,0,1,'skrill','blue',0,0,1,0,0,0,0,0,0),(15,0,1,'skrill','red',0,0,1,0,0,0,0,0,0),(16,0,1,'skrill','red',0,0,1,0,0,0,0,0,0),(17,0,1,'skrill','red',0,0,1,0,0,0,0,0,0),(18,0,0,'braintreeofficial','#4169E1',0,0,0,0,0,0,0,0,0),(19,0,0,'braintreeofficial','#4169E1',0,0,0,0,0,0,0,0,0),(20,0,0,'paypal','#4169E1',0,0,0,0,0,0,0,0,0),(21,0,0,'ps_checkout','#34209E',1,0,0,0,0,0,0,0,0),(22,0,0,'ps_checkout','#34209E',1,0,0,0,0,0,0,0,0),(23,0,0,'ps_checkout','#34209E',1,0,0,0,0,0,0,0,0),(24,0,0,'ps_checkout','#3498D8',1,0,0,0,0,0,0,0,0),(25,0,0,'ps_checkout','#01B887',1,0,0,0,0,0,0,0,0),(26,0,0,'ps_checkout','#3498D8',1,0,0,0,0,0,0,0,0),(27,0,0,'','#4169E1',0,0,0,0,0,0,0,0,0),(28,0,0,'','#FFDD99',0,0,1,0,0,0,0,0,0),(29,0,0,'','#03befc',0,0,1,0,0,0,0,0,0),(30,0,0,'','#fcba03',0,0,1,0,0,0,0,0,0),(31,0,0,'','#e3e1dc',0,0,1,0,0,0,0,0,0),(32,0,0,'','#C23416',0,0,1,0,0,0,0,0,0);

--
-- Table structure for table `psqx_order_state_lang`
--

CREATE TABLE `psqx_order_state_lang` (
  `id_order_state` int(10) unsigned NOT NULL,
  `id_lang` int(10) unsigned NOT NULL,
  `name` varchar(64) NOT NULL,
  `template` varchar(64) NOT NULL,
  PRIMARY KEY (`id_order_state`,`id_lang`)
) ENGINE=InnoDB DEFAULT CHARSET=utf8mb4;

--
-- Dumping data for table `psqx_order_state_lang`
--

INSERT INTO `psqx_order_state_lang` (`id_order_state`, `id_lang`, `name`, `template`) VALUES (1,1,'Awaiting check payment','cheque'),(2,1,'Payment accepted','payment'),(3,1,'Processing in progress','preparation'),(4,1,'Shipped','shipped'),(5,1,'Delivered',''),(6,1,'Canceled','order_canceled'),(7,1,'Refunded','refund'),(8,1,'Payment error','payment_error'),(9,1,'On backorder (paid)','outofstock'),(10,1,'Awaiting bank wire payment','bankwire'),(11,1,'Remote payment accepted','payment'),(12,1,'On backorder (not paid)','outofstock'),(13,1,'Awaiting Cash On Delivery validation','cashondelivery'),(14,1,'Pending','payment'),(15,1,'Failed','payment'),(16,1,'Invalid credential','payment'),(17,1,'Suspected Fraud','payment'),(18,1,'Payment pending (authorized)',''),(19,1,'Payment processing (authorized)',''),(20,1,'Awaiting for PayPal payment',''),(21,1,'Waiting for PayPal payment','payment'),(22,1,'Waiting for Credit Card Payment','payment'),(23,1,'Waiting for Local Payment Method Payment','payment'),(24,1,'Authorized. To be captured by merchant','payment'),(25,1,'Partial refund','payment'),(26,1,'Waiting capture','payment'),(27,1,'Awaiting for Sofort payment',''),(28,1,'Stripe Partial Refund',''),(29,1,'Waiting for Stripe capture',''),(30,1,'Waiting for SEPA payment',''),(31,1,'SEPA dispute',''),(32,1,'Waiting for OXXO payment confirmation','');

--
-- Table structure for table `psqx_orders`
--

CREATE TABLE `psqx_orders` (
  `id_order` int(10) unsigned NOT NULL AUTO_INCREMENT,
  `reference` varchar(9) DEFAULT NULL,
  `id_shop_group` int(11) unsigned NOT NULL DEFAULT 1,
  `id_shop` int(11) unsigned NOT NULL DEFAULT 1,
  `id_carrier` int(10) unsigned NOT NULL,
  `id_lang` int(10) unsigned NOT NULL,
  `id_customer` int(10) unsigned NOT NULL,
  `id_cart` int(10) unsigned NOT NULL,
  `id_currency` int(10) unsigned NOT NULL,
  `id_address_delivery` int(10) unsigned NOT NULL,
  `id_address_invoice` int(10) unsigned NOT NULL,
  `current_state` int(10) unsigned NOT NULL,
  `secure_key` varchar(32) NOT NULL DEFAULT '-1',
  `payment` varchar(255) NOT NULL,
  `conversion_rate` decimal(13,6) NOT NULL DEFAULT 1.000000,
  `module` varchar(255) DEFAULT NULL,
  `recyclable` tinyint(1) unsigned NOT NULL DEFAULT 0,
  `gift` tinyint(1) unsigned NOT NULL DEFAULT 0,
  `gift_message` text DEFAULT NULL,
  `mobile_theme` tinyint(1) NOT NULL DEFAULT 0,
  `shipping_number` varchar(64) DEFAULT NULL,
  `total_discounts` decimal(20,6) NOT NULL DEFAULT 0.000000,
  `total_discounts_tax_incl` decimal(20,6) NOT NULL DEFAULT 0.000000,
  `total_discounts_tax_excl` decimal(20,6) NOT NULL DEFAULT 0.000000,
  `total_paid` decimal(20,6) NOT NULL DEFAULT 0.000000,
  `total_paid_tax_incl` decimal(20,6) NOT NULL DEFAULT 0.000000,
  `total_paid_tax_excl` decimal(20,6) NOT NULL DEFAULT 0.000000,
  `total_paid_real` decimal(20,6) NOT NULL DEFAULT 0.000000,
  `total_products` decimal(20,6) NOT NULL DEFAULT 0.000000,
  `total_products_wt` decimal(20,6) NOT NULL DEFAULT 0.000000,
  `total_shipping` decimal(20,6) NOT NULL DEFAULT 0.000000,
  `total_shipping_tax_incl` decimal(20,6) NOT NULL DEFAULT 0.000000,
  `total_shipping_tax_excl` decimal(20,6) NOT NULL DEFAULT 0.000000,
  `carrier_tax_rate` decimal(10,3) NOT NULL DEFAULT 0.000,
  `total_wrapping` decimal(20,6) NOT NULL DEFAULT 0.000000,
  `total_wrapping_tax_incl` decimal(20,6) NOT NULL DEFAULT 0.000000,
  `total_wrapping_tax_excl` decimal(20,6) NOT NULL DEFAULT 0.000000,
  `round_mode` tinyint(1) NOT NULL DEFAULT 2,
  `round_type` tinyint(1) NOT NULL DEFAULT 1,
  `invoice_number` int(10) unsigned NOT NULL DEFAULT 0,
  `delivery_number` int(10) unsigned NOT NULL DEFAULT 0,
  `invoice_date` datetime NOT NULL,
  `delivery_date` datetime NOT NULL,
  `valid` int(1) unsigned NOT NULL DEFAULT 0,
  `date_add` datetime NOT NULL,
  `date_upd` datetime NOT NULL,
  PRIMARY KEY (`id_order`),
  KEY `reference` (`reference`),
  KEY `id_customer` (`id_customer`),
  KEY `id_cart` (`id_cart`),
  KEY `invoice_number` (`invoice_number`),
  KEY `id_carrier` (`id_carrier`),
  KEY `id_lang` (`id_lang`),
  KEY `id_currency` (`id_currency`),
  KEY `id_address_delivery` (`id_address_delivery`),
  KEY `id_address_invoice` (`id_address_invoice`),
  KEY `id_shop_group` (`id_shop_group`),
  KEY `current_state` (`current_state`),
  KEY `id_shop` (`id_shop`),
  KEY `date_add` (`date_add`)
) ENGINE=InnoDB AUTO_INCREMENT=7 DEFAULT CHARSET=utf8mb4;

--
-- Dumping data for table `psqx_orders`
--

INSERT INTO `psqx_orders` (`id_order`, `reference`, `id_shop_group`, `id_shop`, `id_carrier`, `id_lang`, `id_customer`, `id_cart`, `id_currency`, `id_address_delivery`, `id_address_invoice`, `current_state`, `secure_key`, `payment`, `conversion_rate`, `module`, `recyclable`, `gift`, `gift_message`, `mobile_theme`, `shipping_number`, `total_discounts`, `total_discounts_tax_incl`, `total_discounts_tax_excl`, `total_paid`, `total_paid_tax_incl`, `total_paid_tax_excl`, `total_paid_real`, `total_products`, `total_products_wt`, `total_shipping`, `total_shipping_tax_incl`, `total_shipping_tax_excl`, `carrier_tax_rate`, `total_wrapping`, `total_wrapping_tax_incl`, `total_wrapping_tax_excl`, `round_mode`, `round_type`, `invoice_number`, `delivery_number`, `invoice_date`, `delivery_date`, `valid`, `date_add`, `date_upd`) VALUES (1,'XKBKNABJK',1,1,2,1,2,1,1,5,5,6,'b44a6d9efd7a0076a0fbce6b15eaf3b1','Payment by check',1.000000,'ps_checkpayment',0,0,'',0,'',0.000000,0.000000,0.000000,61.800000,61.800000,61.800000,0.000000,59.800000,59.800000,2.000000,2.000000,2.000000,0.000,0.000000,0.000000,0.000000,0,0,0,0,'0000-00-00 00:00:00','0000-00-00 00:00:00',0,'2021-04-14 07:29:34','2021-04-14 07:29:34'),(2,'OHSATSERP',1,1,2,1,2,2,1,5,5,1,'b44a6d9efd7a0076a0fbce6b15eaf3b1','Payment by check',1.000000,'ps_checkpayment',0,0,'',0,'',0.000000,0.000000,0.000000,169.900000,169.900000,169.900000,0.000000,169.900000,169.900000,0.000000,0.000000,0.000000,0.000,0.000000,0.000000,0.000000,0,0,0,0,'0000-00-00 00:00:00','0000-00-00 00:00:00',0,'2021-04-14 07:29:34','2021-04-14 07:29:34'),(3,'UOYEVOLI',1,1,2,1,2,3,1,5,5,8,'b44a6d9efd7a0076a0fbce6b15eaf3b1','Payment by check',1.000000,'ps_checkpayment',0,0,'',0,'',0.000000,0.000000,0.000000,14.900000,14.900000,14.900000,0.000000,12.900000,12.900000,2.000000,2.000000,2.000000,0.000,0.000000,0.000000,0.000000,0,0,0,0,'0000-00-00 00:00:00','0000-00-00 00:00:00',0,'2021-04-14 07:29:34','2021-04-14 07:29:34'),(4,'FFATNOMMJ',1,1,2,1,2,4,1,5,5,1,'b44a6d9efd7a0076a0fbce6b15eaf3b1','Payment by check',1.000000,'ps_checkpayment',0,0,'',0,'',0.000000,0.000000,0.000000,14.900000,14.900000,14.900000,0.000000,12.900000,12.900000,2.000000,2.000000,2.000000,0.000,0.000000,0.000000,0.000000,0,0,0,0,'0000-00-00 00:00:00','0000-00-00 00:00:00',0,'2021-04-14 07:29:34','2021-04-14 07:29:34'),(5,'KHWLILZLL',1,1,2,1,2,5,1,5,5,10,'b44a6d9efd7a0076a0fbce6b15eaf3b1','Bank wire',1.000000,'ps_wirepayment',0,0,'',0,'',0.000000,0.000000,0.000000,20.900000,20.900000,20.900000,0.000000,18.900000,18.900000,2.000000,2.000000,2.000000,0.000,0.000000,0.000000,0.000000,0,0,0,0,'0000-00-00 00:00:00','0000-00-00 00:00:00',0,'2021-04-14 07:29:34','2021-04-14 07:29:34'),(6,'YCALEKJFH',1,1,0,1,3,7,1,6,6,2,'95a044b81fb9933332bfad677c0f5a63','PayPal',1.000000,'ps_checkout',0,0,'',0,'',0.000000,0.000000,0.000000,9.000000,9.000000,9.000000,9.000000,9.000000,9.000000,0.000000,0.000000,0.000000,0.000,0.000000,0.000000,0.000000,2,1,1,0,'2021-05-10 23:56:24','0000-00-00 00:00:00',1,'2021-05-10 23:56:22','2021-05-10 23:56:24');

--
-- Table structure for table `psqx_pack`
--

CREATE TABLE `psqx_pack` (
  `id_product_pack` int(10) unsigned NOT NULL,
  `id_product_item` int(10) unsigned NOT NULL,
  `id_product_attribute_item` int(10) unsigned NOT NULL,
  `quantity` int(10) unsigned NOT NULL DEFAULT 1,
  PRIMARY KEY (`id_product_pack`,`id_product_item`,`id_product_attribute_item`),
  KEY `product_item` (`id_product_item`,`id_product_attribute_item`)
) ENGINE=InnoDB DEFAULT CHARSET=utf8mb4;

--
-- Dumping data for table `psqx_pack`
--

INSERT INTO `psqx_pack` (`id_product_pack`, `id_product_item`, `id_product_attribute_item`, `quantity`) VALUES (15,5,19,5),(15,7,0,5);

--
-- Table structure for table `psqx_page`
--

CREATE TABLE `psqx_page` (
  `id_page` int(10) unsigned NOT NULL AUTO_INCREMENT,
  `id_page_type` int(10) unsigned NOT NULL,
  `id_object` int(10) unsigned DEFAULT NULL,
  PRIMARY KEY (`id_page`),
  KEY `id_page_type` (`id_page_type`),
  KEY `id_object` (`id_object`)
) ENGINE=InnoDB AUTO_INCREMENT=5 DEFAULT CHARSET=utf8mb4;

--
-- Dumping data for table `psqx_page`
--

INSERT INTO `psqx_page` (`id_page`, `id_page_type`, `id_object`) VALUES (1,1,NULL),(2,2,NULL),(3,3,NULL),(4,4,NULL);

--
-- Table structure for table `psqx_page_type`
--

CREATE TABLE `psqx_page_type` (
  `id_page_type` int(10) unsigned NOT NULL AUTO_INCREMENT,
  `name` varchar(255) NOT NULL,
  PRIMARY KEY (`id_page_type`),
  KEY `name` (`name`(191))
) ENGINE=InnoDB AUTO_INCREMENT=5 DEFAULT CHARSET=utf8mb4;

--
-- Dumping data for table `psqx_page_type`
--

INSERT INTO `psqx_page_type` (`id_page_type`, `name`) VALUES (1,'index'),(2,'pagenotfound'),(3,'orderconfirmation'),(4,'bestsales');

--
-- Table structure for table `psqx_page_viewed`
--

CREATE TABLE `psqx_page_viewed` (
  `id_page` int(10) unsigned NOT NULL,
  `id_shop_group` int(10) unsigned NOT NULL DEFAULT 1,
  `id_shop` int(10) unsigned NOT NULL DEFAULT 1,
  `id_date_range` int(10) unsigned NOT NULL,
  `counter` int(10) unsigned NOT NULL,
  PRIMARY KEY (`id_page`,`id_date_range`,`id_shop`)
) ENGINE=InnoDB DEFAULT CHARSET=utf8mb4;

--
-- Dumping data for table `psqx_page_viewed`
--


--
-- Table structure for table `psqx_pagenotfound`
--

CREATE TABLE `psqx_pagenotfound` (
  `id_pagenotfound` int(10) unsigned NOT NULL AUTO_INCREMENT,
  `id_shop` int(10) unsigned NOT NULL DEFAULT 1,
  `id_shop_group` int(10) unsigned NOT NULL DEFAULT 1,
  `request_uri` varchar(256) NOT NULL,
  `http_referer` varchar(256) NOT NULL,
  `date_add` datetime NOT NULL,
  PRIMARY KEY (`id_pagenotfound`),
  KEY `date_add` (`date_add`)
) ENGINE=InnoDB AUTO_INCREMENT=1480 DEFAULT CHARSET=utf8;

--
-- Dumping data for table `psqx_pagenotfound`
--

INSERT INTO `psqx_pagenotfound` (`id_pagenotfound`, `id_shop`, `id_shop_group`, `request_uri`, `http_referer`, `date_add`) VALUES (1,1,1,'/admin123','','2021-04-17 06:50:54'),(2,1,1,'/modules/posspecialproducts/posspecialproducts.css','https://blax-market.com/','2021-04-17 20:18:33'),(3,1,1,'/img/cms/1_3.jpg','https://blax-market.com/','2021-04-17 20:18:38'),(4,1,1,'/img/cms/2_3.jpg','https://blax-market.com/','2021-04-17 20:18:38'),(5,1,1,'/img/cms/3_3.jpg','https://blax-market.com/','2021-04-17 20:18:38'),(6,1,1,'/img/cms/4_3.jpg','https://blax-market.com/','2021-04-17 20:18:38'),(7,1,1,'/img/cms/5_3.jpg','https://blax-market.com/','2021-04-17 20:18:40'),(8,1,1,'/img/cms/1_4.jpg','https://blax-market.com/','2021-04-17 20:18:43'),(9,1,1,'/img/postestimonial/sample3.png','https://blax-market.com/','2021-04-17 20:18:43'),(10,1,1,'/img/postestimonial/sample4.png','https://blax-market.com/','2021-04-17 20:18:45'),(11,1,1,'/img/postestimonial/sample1.png','https://blax-market.com/','2021-04-17 20:18:45'),(12,1,1,'/img/postestimonial/sample2.png','https://blax-market.com/','2021-04-17 20:18:45'),(13,1,1,'/img/cms/2_4.jpg','https://blax-market.com/','2021-04-17 20:18:46'),(14,1,1,'/img/cms/3_4.jpg','https://blax-market.com/','2021-04-17 20:18:47'),(15,1,1,'/img/blocklogo/1.jpg','https://blax-market.com/','2021-04-17 20:18:47'),(16,1,1,'/img/blocklogo/2.jpg','https://blax-market.com/','2021-04-17 20:18:48'),(17,1,1,'/img/blocklogo/4.jpg','https://blax-market.com/','2021-04-17 20:18:49'),(18,1,1,'/img/blocklogo/5.jpg','https://blax-market.com/','2021-04-17 20:18:49'),(19,1,1,'/img/blocklogo/6.jpg','https://blax-market.com/','2021-04-17 20:18:49'),(20,1,1,'/img/blocklogo/3.jpg','https://blax-market.com/','2021-04-17 20:18:49'),(21,1,1,'/img/blocklogo/7.jpg','https://blax-market.com/','2021-04-17 20:18:50'),(22,1,1,'/img/cms/logo_footer.png','https://blax-market.com/','2021-04-17 20:18:50'),(23,1,1,'/img/cms/payment.png','https://blax-market.com/','2021-04-17 20:18:50'),(24,1,1,'/pos_smartbook/img/cms/1_3.jpg','https://blax-market.com/adminblax/index.php?controller=AdminCmsBlock&updatepos_staticblock=&id_posstaticblock=2&token=24e43de25c3c2bf77502a52638dd5afe','2021-04-17 20:26:13'),(25,1,1,'/pos_smartbook/img/cms/2_3.jpg','https://blax-market.com/adminblax/index.php?controller=AdminCmsBlock&updatepos_staticblock=&id_posstaticblock=2&token=24e43de25c3c2bf77502a52638dd5afe','2021-04-17 20:26:13'),(26,1,1,'/pos_smartbook/img/cms/3_3.jpg','https://blax-market.com/adminblax/index.php?controller=AdminCmsBlock&updatepos_staticblock=&id_posstaticblock=2&token=24e43de25c3c2bf77502a52638dd5afe','2021-04-17 20:26:13'),(27,1,1,'/pos_smartbook/img/cms/4_3.jpg','https://blax-market.com/adminblax/index.php?controller=AdminCmsBlock&updatepos_staticblock=&id_posstaticblock=2&token=24e43de25c3c2bf77502a52638dd5afe','2021-04-17 20:26:14'),(28,1,1,'/pos_smartbook/img/cms/5_3.jpg','https://blax-market.com/adminblax/index.php?controller=AdminCmsBlock&updatepos_staticblock=&id_posstaticblock=2&token=24e43de25c3c2bf77502a52638dd5afe','2021-04-17 20:26:15'),(29,1,1,'/pos_smartbook/img/cms/1_3.jpg','https://blax-market.com/adminblax/index.php?controller=AdminCmsBlock&updatepos_staticblock=&id_posstaticblock=2&token=24e43de25c3c2bf77502a52638dd5afe','2021-04-17 20:26:16'),(30,1,1,'/pos_smartbook/img/cms/2_3.jpg','https://blax-market.com/adminblax/index.php?controller=AdminCmsBlock&updatepos_staticblock=&id_posstaticblock=2&token=24e43de25c3c2bf77502a52638dd5afe','2021-04-17 20:26:16'),(31,1,1,'/pos_smartbook/img/cms/1_4.jpg','https://blax-market.com/adminblax/index.php?controller=AdminCmsBlock&updatepos_staticblock=&id_posstaticblock=3&token=24e43de25c3c2bf77502a52638dd5afe','2021-04-17 20:26:16'),(32,1,1,'/pos_smartbook/img/cms/2_4.jpg','https://blax-market.com/adminblax/index.php?controller=AdminCmsBlock&updatepos_staticblock=&id_posstaticblock=4&token=24e43de25c3c2bf77502a52638dd5afe','2021-04-17 20:26:17'),(33,1,1,'/pos_smartbook/img/cms/3_4.jpg','https://blax-market.com/adminblax/index.php?controller=AdminCmsBlock&updatepos_staticblock=&id_posstaticblock=4&token=24e43de25c3c2bf77502a52638dd5afe','2021-04-17 20:26:17'),(34,1,1,'/pos_smartbook/img/cms/3_3.jpg','https://blax-market.com/adminblax/index.php?controller=AdminCmsBlock&updatepos_staticblock=&id_posstaticblock=2&token=24e43de25c3c2bf77502a52638dd5afe','2021-04-17 20:26:17'),(35,1,1,'/pos_smartbook/img/cms/2_4.jpg','https://blax-market.com/adminblax/index.php?controller=AdminCmsBlock&updatepos_staticblock=&id_posstaticblock=4&token=24e43de25c3c2bf77502a52638dd5afe','2021-04-17 20:29:23'),(36,1,1,'/pos_smartbook/img/cms/3_4.jpg','https://blax-market.com/adminblax/index.php?controller=AdminCmsBlock&updatepos_staticblock=&id_posstaticblock=4&token=24e43de25c3c2bf77502a52638dd5afe','2021-04-17 20:29:23'),(37,1,1,'/modules/posspecialproducts/posspecialproducts.css','https://blax-market.com/','2021-04-17 20:52:44'),(38,1,1,'/img/cms/1_3.jpg','https://blax-market.com/','2021-04-17 20:52:46'),(39,1,1,'/img/cms/2_3.jpg','https://blax-market.com/','2021-04-17 20:52:46'),(40,1,1,'/img/cms/3_3.jpg','https://blax-market.com/','2021-04-17 20:52:46'),(41,1,1,'/img/cms/4_3.jpg','https://blax-market.com/','2021-04-17 20:52:47'),(42,1,1,'/img/cms/5_3.jpg','https://blax-market.com/','2021-04-17 20:52:47'),(43,1,1,'/img/cms/1_4.jpg','https://blax-market.com/','2021-04-17 20:52:51'),(44,1,1,'/img/postestimonial/sample1.png','https://blax-market.com/','2021-04-17 20:52:51'),(45,1,1,'/img/postestimonial/sample2.png','https://blax-market.com/','2021-04-17 20:52:51'),(46,1,1,'/img/postestimonial/sample4.png','https://blax-market.com/','2021-04-17 20:52:51'),(47,1,1,'/img/postestimonial/sample3.png','https://blax-market.com/','2021-04-17 20:52:51'),(48,1,1,'/img/cms/2_4.jpg','https://blax-market.com/','2021-04-17 20:52:52'),(49,1,1,'/img/cms/3_4.jpg','https://blax-market.com/','2021-04-17 20:52:52'),(50,1,1,'/img/blocklogo/1.jpg','https://blax-market.com/','2021-04-17 20:52:53'),(51,1,1,'/img/blocklogo/2.jpg','https://blax-market.com/','2021-04-17 20:52:53'),(52,1,1,'/img/blocklogo/3.jpg','https://blax-market.com/','2021-04-17 20:52:53'),(53,1,1,'/img/blocklogo/4.jpg','https://blax-market.com/','2021-04-17 20:52:53'),(54,1,1,'/img/blocklogo/5.jpg','https://blax-market.com/','2021-04-17 20:52:53'),(55,1,1,'/img/blocklogo/6.jpg','https://blax-market.com/','2021-04-17 20:52:54'),(56,1,1,'/img/blocklogo/7.jpg','https://blax-market.com/','2021-04-17 20:52:54'),(57,1,1,'/img/cms/logo_footer.png','https://blax-market.com/','2021-04-17 20:52:55'),(58,1,1,'/img/cms/payment.png','https://blax-market.com/','2021-04-17 20:52:55'),(59,1,1,'/modules/posspecialproducts/posspecialproducts.css','https://blax-market.com/','2021-04-17 20:54:03'),(60,1,1,'/img/cms/1_3.jpg','https://blax-market.com/','2021-04-17 20:54:04'),(61,1,1,'/img/cms/2_3.jpg','https://blax-market.com/','2021-04-17 20:54:04'),(62,1,1,'/img/cms/3_3.jpg','https://blax-market.com/','2021-04-17 20:54:05'),(63,1,1,'/img/cms/4_3.jpg','https://blax-market.com/','2021-04-17 20:54:05'),(64,1,1,'/img/cms/5_3.jpg','https://blax-market.com/','2021-04-17 20:54:05'),(65,1,1,'/img/postestimonial/sample1.png','https://blax-market.com/','2021-04-17 20:54:05'),(66,1,1,'/img/cms/1_4.jpg','https://blax-market.com/','2021-04-17 20:54:06'),(67,1,1,'/img/postestimonial/sample2.png','https://blax-market.com/','2021-04-17 20:54:06'),(68,1,1,'/img/postestimonial/sample3.png','https://blax-market.com/','2021-04-17 20:54:06'),(69,1,1,'/img/postestimonial/sample4.png','https://blax-market.com/','2021-04-17 20:54:06'),(70,1,1,'/img/cms/2_4.jpg','https://blax-market.com/','2021-04-17 20:54:07'),(71,1,1,'/img/cms/3_4.jpg','https://blax-market.com/','2021-04-17 20:54:07'),(72,1,1,'/img/blocklogo/1.jpg','https://blax-market.com/','2021-04-17 20:54:07'),(73,1,1,'/img/blocklogo/2.jpg','https://blax-market.com/','2021-04-17 20:54:07'),(74,1,1,'/img/blocklogo/3.jpg','https://blax-market.com/','2021-04-17 20:54:07'),(75,1,1,'/img/blocklogo/4.jpg','https://blax-market.com/','2021-04-17 20:54:08'),(76,1,1,'/img/blocklogo/5.jpg','https://blax-market.com/','2021-04-17 20:54:08'),(77,1,1,'/img/blocklogo/6.jpg','https://blax-market.com/','2021-04-17 20:54:09'),(78,1,1,'/img/blocklogo/7.jpg','https://blax-market.com/','2021-04-17 20:54:09'),(79,1,1,'/img/cms/logo_footer.png','https://blax-market.com/','2021-04-17 20:54:09'),(80,1,1,'/img/cms/payment.png','https://blax-market.com/','2021-04-17 20:54:09'),(81,1,1,'/pos_smartbook/img/cms/1_3.jpg','https://blax-market.com/adminblax/index.php?controller=AdminCmsBlock&updatepos_staticblock=&id_posstaticblock=2&token=84ad374ca0c6c163b7be87d7a82c2f82','2021-04-17 20:55:45'),(82,1,1,'/pos_smartbook/img/cms/2_3.jpg','https://blax-market.com/adminblax/index.php?controller=AdminCmsBlock&updatepos_staticblock=&id_posstaticblock=2&token=84ad374ca0c6c163b7be87d7a82c2f82','2021-04-17 20:55:46'),(83,1,1,'/pos_smartbook/img/cms/3_3.jpg','https://blax-market.com/adminblax/index.php?controller=AdminCmsBlock&updatepos_staticblock=&id_posstaticblock=2&token=84ad374ca0c6c163b7be87d7a82c2f82','2021-04-17 20:55:46'),(84,1,1,'/pos_smartbook/img/cms/1_4.jpg','https://blax-market.com/adminblax/index.php?controller=AdminCmsBlock&updatepos_staticblock=&id_posstaticblock=3&token=84ad374ca0c6c163b7be87d7a82c2f82','2021-04-17 20:55:46'),(85,1,1,'/pos_smartbook/img/cms/5_3.jpg','https://blax-market.com/adminblax/index.php?controller=AdminCmsBlock&updatepos_staticblock=&id_posstaticblock=2&token=84ad374ca0c6c163b7be87d7a82c2f82','2021-04-17 20:55:48'),(86,1,1,'/pos_smartbook/img/cms/4_3.jpg','https://blax-market.com/adminblax/index.php?controller=AdminCmsBlock&updatepos_staticblock=&id_posstaticblock=2&token=84ad374ca0c6c163b7be87d7a82c2f82','2021-04-17 20:55:49'),(87,1,1,'/pos_smartbook/img/cms/3_4.jpg','https://blax-market.com/adminblax/index.php?controller=AdminCmsBlock&updatepos_staticblock=&id_posstaticblock=4&token=84ad374ca0c6c163b7be87d7a82c2f82','2021-04-17 20:55:49'),(88,1,1,'/pos_smartbook/img/cms/2_4.jpg','https://blax-market.com/adminblax/index.php?controller=AdminCmsBlock&updatepos_staticblock=&id_posstaticblock=4&token=84ad374ca0c6c163b7be87d7a82c2f82','2021-04-17 20:55:50'),(89,1,1,'/pos_smartbook/img/cms/2_4.jpg','https://blax-market.com/adminblax/index.php?controller=AdminCmsBlock&updatepos_staticblock=&id_posstaticblock=4&token=84ad374ca0c6c163b7be87d7a82c2f82','2021-04-17 20:56:08'),(90,1,1,'/pos_smartbook/img/cms/3_4.jpg','https://blax-market.com/adminblax/index.php?controller=AdminCmsBlock&updatepos_staticblock=&id_posstaticblock=4&token=84ad374ca0c6c163b7be87d7a82c2f82','2021-04-17 20:56:08'),(91,1,1,'/pos_smartbook/img/cms/1_3.jpg','https://blax-market.com/adminblax/index.php?controller=AdminCmsBlock&updatepos_staticblock=&id_posstaticblock=2&token=84ad374ca0c6c163b7be87d7a82c2f82','2021-04-17 20:56:17'),(92,1,1,'/pos_smartbook/img/cms/2_3.jpg','https://blax-market.com/adminblax/index.php?controller=AdminCmsBlock&updatepos_staticblock=&id_posstaticblock=2&token=84ad374ca0c6c163b7be87d7a82c2f82','2021-04-17 20:56:18'),(93,1,1,'/pos_smartbook/img/cms/3_3.jpg','https://blax-market.com/adminblax/index.php?controller=AdminCmsBlock&updatepos_staticblock=&id_posstaticblock=2&token=84ad374ca0c6c163b7be87d7a82c2f82','2021-04-17 20:56:18'),(94,1,1,'/pos_smartbook/img/cms/4_3.jpg','https://blax-market.com/adminblax/index.php?controller=AdminCmsBlock&updatepos_staticblock=&id_posstaticblock=2&token=84ad374ca0c6c163b7be87d7a82c2f82','2021-04-17 20:56:18'),(95,1,1,'/pos_smartbook/img/cms/5_3.jpg','https://blax-market.com/adminblax/index.php?controller=AdminCmsBlock&updatepos_staticblock=&id_posstaticblock=2&token=84ad374ca0c6c163b7be87d7a82c2f82','2021-04-17 20:56:18'),(96,1,1,'/modules/posspecialproducts/posspecialproducts.css','https://blax-market.com/','2021-04-17 20:56:30'),(97,1,1,'/themes/core.js.map','','2021-04-17 20:56:30'),(98,1,1,'/modules/blockreassurance/views/dist/front.css.map','','2021-04-17 20:56:31'),(99,1,1,'/modules/posspecialproducts/posspecialproducts.css','https://blax-market.com/stationery/16-28-mountain-fox-notebook.html','2021-04-17 20:58:39'),(100,1,1,'/modules/blockreassurance/views/dist/front.css.map','','2021-04-17 20:58:40'),(101,1,1,'/img/blocklogo/1.jpg','https://blax-market.com/stationery/16-28-mountain-fox-notebook.html','2021-04-17 20:58:44'),(102,1,1,'/img/blocklogo/3.jpg','https://blax-market.com/stationery/16-28-mountain-fox-notebook.html','2021-04-17 20:58:44'),(103,1,1,'/img/blocklogo/4.jpg','https://blax-market.com/stationery/16-28-mountain-fox-notebook.html','2021-04-17 20:58:44'),(104,1,1,'/img/blocklogo/5.jpg','https://blax-market.com/stationery/16-28-mountain-fox-notebook.html','2021-04-17 20:58:44'),(105,1,1,'/img/blocklogo/2.jpg','https://blax-market.com/stationery/16-28-mountain-fox-notebook.html','2021-04-17 20:58:44'),(106,1,1,'/themes/core.js.map','','2021-04-17 20:58:44'),(107,1,1,'/img/blocklogo/6.jpg','https://blax-market.com/stationery/16-28-mountain-fox-notebook.html','2021-04-17 20:58:46'),(108,1,1,'/img/blocklogo/7.jpg','https://blax-market.com/stationery/16-28-mountain-fox-notebook.html','2021-04-17 20:58:46'),(109,1,1,'/img/cms/payment.png','https://blax-market.com/stationery/16-28-mountain-fox-notebook.html','2021-04-17 20:58:46'),(110,1,1,'/img/cms/logo_footer.png','https://blax-market.com/stationery/16-28-mountain-fox-notebook.html','2021-04-17 20:58:46'),(111,1,1,'/modules/blockreassurance/views/dist/front.js.map','','2021-04-17 20:58:46'),(112,1,1,'/img/blocklogo/5.jpg','https://blax-market.com/stationery/16-28-mountain-fox-notebook.html','2021-04-17 20:58:46'),(113,1,1,'/img/blocklogo/2.jpg','https://blax-market.com/stationery/16-28-mountain-fox-notebook.html','2021-04-17 20:58:47'),(114,1,1,'/img/blocklogo/4.jpg','https://blax-market.com/stationery/16-28-mountain-fox-notebook.html','2021-04-17 20:58:48'),(115,1,1,'/img/blocklogo/3.jpg','https://blax-market.com/stationery/16-28-mountain-fox-notebook.html','2021-04-17 20:58:48'),(116,1,1,'/img/blocklogo/1.jpg','https://blax-market.com/stationery/16-28-mountain-fox-notebook.html','2021-04-17 20:58:49'),(117,1,1,'/index.php?controller=404','https://blax-market.com/stationery/16-28-mountain-fox-notebook.html','2021-04-17 20:58:53'),(118,1,1,'/modules/posspecialproducts/posspecialproducts.css','https://blax-market.com/index.php?controller=404','2021-04-17 20:58:54'),(119,1,1,'/modules/blockreassurance/views/dist/front.css.map','','2021-04-17 20:58:55'),(120,1,1,'/img/blocklogo/1.jpg','https://blax-market.com/index.php?controller=404','2021-04-17 20:58:55'),(121,1,1,'/img/blocklogo/2.jpg','https://blax-market.com/index.php?controller=404','2021-04-17 20:58:55'),(122,1,1,'/img/blocklogo/3.jpg','https://blax-market.com/index.php?controller=404','2021-04-17 20:58:56'),(123,1,1,'/img/blocklogo/4.jpg','https://blax-market.com/index.php?controller=404','2021-04-17 20:58:56'),(124,1,1,'/img/blocklogo/5.jpg','https://blax-market.com/index.php?controller=404','2021-04-17 20:58:56'),(125,1,1,'/img/blocklogo/6.jpg','https://blax-market.com/index.php?controller=404','2021-04-17 20:58:57'),(126,1,1,'/themes/core.js.map','','2021-04-17 20:58:58'),(127,1,1,'/img/blocklogo/7.jpg','https://blax-market.com/index.php?controller=404','2021-04-17 20:58:59'),(128,1,1,'/img/cms/logo_footer.png','https://blax-market.com/index.php?controller=404','2021-04-17 20:58:59'),(129,1,1,'/img/cms/payment.png','https://blax-market.com/index.php?controller=404','2021-04-17 20:58:59'),(130,1,1,'/modules/blockreassurance/views/dist/front.js.map','','2021-04-17 20:58:59'),(131,1,1,'/img/blocklogo/1.jpg','https://blax-market.com/index.php?controller=404','2021-04-17 20:58:59'),(132,1,1,'/img/blocklogo/2.jpg','https://blax-market.com/index.php?controller=404','2021-04-17 20:58:59'),(133,1,1,'/img/blocklogo/3.jpg','https://blax-market.com/index.php?controller=404','2021-04-17 20:59:00'),(134,1,1,'/img/blocklogo/4.jpg','https://blax-market.com/index.php?controller=404','2021-04-17 20:59:00'),(135,1,1,'/modules/posspecialproducts/posspecialproducts.css','https://blax-market.com/','2021-04-17 21:01:48'),(136,1,1,'/img/postestimonial/sample1.png','https://blax-market.com/','2021-04-17 21:01:51'),(137,1,1,'/img/postestimonial/sample2.png','https://blax-market.com/','2021-04-17 21:01:52'),(138,1,1,'/img/postestimonial/sample3.png','https://blax-market.com/','2021-04-17 21:01:52'),(139,1,1,'/img/postestimonial/sample4.png','https://blax-market.com/','2021-04-17 21:01:52'),(140,1,1,'/img/blocklogo/1.jpg','https://blax-market.com/','2021-04-17 21:01:53'),(141,1,1,'/img/blocklogo/2.jpg','https://blax-market.com/','2021-04-17 21:01:54'),(142,1,1,'/img/blocklogo/3.jpg','https://blax-market.com/','2021-04-17 21:01:54'),(143,1,1,'/img/blocklogo/4.jpg','https://blax-market.com/','2021-04-17 21:01:54'),(144,1,1,'/img/blocklogo/5.jpg','https://blax-market.com/','2021-04-17 21:01:54'),(145,1,1,'/img/blocklogo/6.jpg','https://blax-market.com/','2021-04-17 21:01:54'),(146,1,1,'/img/blocklogo/7.jpg','https://blax-market.com/','2021-04-17 21:01:55'),(147,1,1,'/pos_smartbook/img/cms/1_4.jpg','https://blax-market.com/adminblax/index.php?controller=AdminCmsBlock&updatepos_staticblock=&id_posstaticblock=3&token=84ad374ca0c6c163b7be87d7a82c2f82','2021-04-17 21:02:34'),(148,1,1,'/pos_smartbook/img/cms/2_4.jpg','https://blax-market.com/adminblax/index.php?controller=AdminCmsBlock&updatepos_staticblock=&id_posstaticblock=4&token=84ad374ca0c6c163b7be87d7a82c2f82','2021-04-17 21:02:35'),(149,1,1,'/pos_smartbook/img/cms/3_4.jpg','https://blax-market.com/adminblax/index.php?controller=AdminCmsBlock&updatepos_staticblock=&id_posstaticblock=4&token=84ad374ca0c6c163b7be87d7a82c2f82','2021-04-17 21:02:35'),(150,1,1,'/pos_smartbook/img/cms/1_4.jpg','https://blax-market.com/adminblax/index.php?controller=AdminCmsBlock&updatepos_staticblock=&id_posstaticblock=3&token=84ad374ca0c6c163b7be87d7a82c2f82','2021-04-17 21:02:36'),(151,1,1,'/pos_smartbook/img/cms/3_4.jpg','https://blax-market.com/adminblax/index.php?controller=AdminCmsBlock&updatepos_staticblock=&id_posstaticblock=4&token=84ad374ca0c6c163b7be87d7a82c2f82','2021-04-17 21:02:52'),(152,1,1,'/pos_smartbook/img/cms/2_4.jpg','https://blax-market.com/adminblax/index.php?controller=AdminCmsBlock&updatepos_staticblock=&id_posstaticblock=4&token=84ad374ca0c6c163b7be87d7a82c2f82','2021-04-17 21:02:52'),(153,1,1,'/modules/posspecialproducts/posspecialproducts.css','https://blax-market.com/','2021-04-17 21:03:18'),(154,1,1,'/img/postestimonial/sample1.png','https://blax-market.com/','2021-04-17 21:03:20'),(155,1,1,'/img/postestimonial/sample2.png','https://blax-market.com/','2021-04-17 21:03:20'),(156,1,1,'/img/postestimonial/sample4.png','https://blax-market.com/','2021-04-17 21:03:21'),(157,1,1,'/img/blocklogo/1.jpg','https://blax-market.com/','2021-04-17 21:03:21'),(158,1,1,'/img/postestimonial/sample3.png','https://blax-market.com/','2021-04-17 21:03:21'),(159,1,1,'/img/blocklogo/2.jpg','https://blax-market.com/','2021-04-17 21:03:21'),(160,1,1,'/img/blocklogo/3.jpg','https://blax-market.com/','2021-04-17 21:03:21'),(161,1,1,'/img/blocklogo/4.jpg','https://blax-market.com/','2021-04-17 21:03:21'),(162,1,1,'/img/blocklogo/5.jpg','https://blax-market.com/','2021-04-17 21:03:22'),(163,1,1,'/img/blocklogo/6.jpg','https://blax-market.com/','2021-04-17 21:03:22'),(164,1,1,'/img/blocklogo/7.jpg','https://blax-market.com/','2021-04-17 21:03:22'),(165,1,1,'/pos_smartbook/img/cms/payment.png','https://blax-market.com/adminblax/index.php?controller=AdminPosStaticFooter&updatepos_staticfooter=&id_posstaticblock=2&token=cb5fd1b9fc8150c72abaad433e4e5b00','2021-04-17 21:06:48'),(166,1,1,'/pos_smartbook/img/cms/logo_footer.png','https://blax-market.com/adminblax/index.php?controller=AdminPosStaticFooter&updatepos_staticfooter=&id_posstaticblock=1&token=cb5fd1b9fc8150c72abaad433e4e5b00','2021-04-17 21:06:50'),(167,1,1,'/modules/posspecialproducts/posspecialproducts.css','https://blax-market.com/','2021-04-17 21:07:52'),(168,1,1,'/themes/core.js.map','','2021-04-17 21:07:52'),(169,1,1,'/modules/blockreassurance/views/dist/front.css.map','','2021-04-17 21:07:53'),(170,1,1,'/modules/posspecialproducts/posspecialproducts.css','https://blax-market.com/','2021-04-19 07:19:01'),(171,1,1,'/img/postestimonial/sample1.png','https://blax-market.com/','2021-04-19 07:19:02'),(172,1,1,'/img/postestimonial/sample2.png','https://blax-market.com/','2021-04-19 07:19:02'),(173,1,1,'/img/postestimonial/sample3.png','https://blax-market.com/','2021-04-19 07:19:03'),(174,1,1,'/img/postestimonial/sample4.png','https://blax-market.com/','2021-04-19 07:19:03'),(175,1,1,'/img/blocklogo/1.jpg','https://blax-market.com/','2021-04-19 07:19:06'),(176,1,1,'/img/blocklogo/2.jpg','https://blax-market.com/','2021-04-19 07:19:07'),(177,1,1,'/img/blocklogo/3.jpg','https://blax-market.com/','2021-04-19 07:19:09'),(178,1,1,'/img/blocklogo/5.jpg','https://blax-market.com/','2021-04-19 07:19:09'),(179,1,1,'/img/blocklogo/4.jpg','https://blax-market.com/','2021-04-19 07:19:09'),(180,1,1,'/img/blocklogo/6.jpg','https://blax-market.com/','2021-04-19 07:19:10'),(181,1,1,'/img/blocklogo/7.jpg','https://blax-market.com/','2021-04-19 07:19:10'),(182,1,1,'/img/blocklogo/1.jpg','https://blax-market.com/','2021-04-19 07:19:10'),(183,1,1,'/img/blocklogo/2.jpg','https://blax-market.com/','2021-04-19 07:19:10'),(184,1,1,'/img/postestimonial/sample1.png','https://blax-market.com/','2021-04-19 07:19:44'),(185,1,1,'/modules/posspecialproducts/posspecialproducts.css','https://blax-market.com/','2021-04-19 07:19:44'),(186,1,1,'/img/postestimonial/sample2.png','https://blax-market.com/','2021-04-19 07:19:45'),(187,1,1,'/img/postestimonial/sample3.png','https://blax-market.com/','2021-04-19 07:19:45'),(188,1,1,'/img/postestimonial/sample4.png','https://blax-market.com/','2021-04-19 07:19:45'),(189,1,1,'/img/blocklogo/1.jpg','https://blax-market.com/','2021-04-19 07:19:47'),(190,1,1,'/img/blocklogo/3.jpg','https://blax-market.com/','2021-04-19 07:19:47'),(191,1,1,'/img/blocklogo/4.jpg','https://blax-market.com/','2021-04-19 07:19:47'),(192,1,1,'/img/blocklogo/2.jpg','https://blax-market.com/','2021-04-19 07:19:47'),(193,1,1,'/img/blocklogo/5.jpg','https://blax-market.com/','2021-04-19 07:19:48'),(194,1,1,'/img/blocklogo/7.jpg','https://blax-market.com/','2021-04-19 07:19:48'),(195,1,1,'/img/blocklogo/6.jpg','https://blax-market.com/','2021-04-19 07:19:49'),(196,1,1,'/pos_smartbook/img/cms/logo_footer.png','https://blax-market.com/adminblax/index.php?controller=AdminPosStaticFooter&updatepos_staticfooter=&id_posstaticblock=1&token=3878c6cbc5115e9ff70e534b4005b6a1','2021-04-19 07:23:35'),(197,1,1,'/pos_smartbook/img/cms/logo_footer.png','https://blax-market.com/adminblax/index.php?controller=AdminPosStaticFooter&updatepos_staticfooter=&id_posstaticblock=1&token=3878c6cbc5115e9ff70e534b4005b6a1','2021-04-19 07:23:39'),(198,1,1,'/modules/posspecialproducts/posspecialproducts.css','https://blax-market.com/','2021-04-19 07:25:43'),(199,1,1,'/img/postestimonial/sample1.png','https://blax-market.com/','2021-04-19 07:25:43'),(200,1,1,'/img/postestimonial/sample2.png','https://blax-market.com/','2021-04-19 07:25:44'),(201,1,1,'/img/postestimonial/sample3.png','https://blax-market.com/','2021-04-19 07:25:45'),(202,1,1,'/img/postestimonial/sample4.png','https://blax-market.com/','2021-04-19 07:25:45'),(203,1,1,'/img/blocklogo/1.jpg','https://blax-market.com/','2021-04-19 07:25:46'),(204,1,1,'/img/blocklogo/2.jpg','https://blax-market.com/','2021-04-19 07:25:46'),(205,1,1,'/img/blocklogo/3.jpg','https://blax-market.com/','2021-04-19 07:25:47'),(206,1,1,'/img/blocklogo/4.jpg','https://blax-market.com/','2021-04-19 07:25:47'),(207,1,1,'/img/blocklogo/5.jpg','https://blax-market.com/','2021-04-19 07:25:47'),(208,1,1,'/img/blocklogo/6.jpg','https://blax-market.com/','2021-04-19 07:25:47'),(209,1,1,'/img/blocklogo/7.jpg','https://blax-market.com/','2021-04-19 07:25:48'),(210,1,1,'/modules/posspecialproducts/posspecialproducts.css','https://blax-market.com/','2021-04-19 07:25:58'),(211,1,1,'/themes/core.js.map','','2021-04-19 07:25:58'),(212,1,1,'/modules/blockreassurance/views/dist/front.js.map','','2021-04-19 07:25:58'),(213,1,1,'/modules/blockreassurance/views/dist/front.css.map','','2021-04-19 07:25:59'),(214,1,1,'/img/postestimonial/sample1.png','https://blax-market.com/','2021-04-19 07:27:56'),(215,1,1,'/modules/posspecialproducts/posspecialproducts.css','https://blax-market.com/','2021-04-19 07:27:56'),(216,1,1,'/img/postestimonial/sample2.png','https://blax-market.com/','2021-04-19 07:27:57'),(217,1,1,'/img/postestimonial/sample3.png','https://blax-market.com/','2021-04-19 07:27:58'),(218,1,1,'/img/postestimonial/sample4.png','https://blax-market.com/','2021-04-19 07:27:58'),(219,1,1,'/img/blocklogo/1.jpg','https://blax-market.com/','2021-04-19 07:27:59'),(220,1,1,'/img/blocklogo/2.jpg','https://blax-market.com/','2021-04-19 07:28:00'),(221,1,1,'/img/blocklogo/3.jpg','https://blax-market.com/','2021-04-19 07:28:00'),(222,1,1,'/img/blocklogo/4.jpg','https://blax-market.com/','2021-04-19 07:28:00'),(223,1,1,'/img/blocklogo/5.jpg','https://blax-market.com/','2021-04-19 07:28:00'),(224,1,1,'/img/blocklogo/6.jpg','https://blax-market.com/','2021-04-19 07:28:01'),(225,1,1,'/img/blocklogo/7.jpg','https://blax-market.com/','2021-04-19 07:28:01'),(226,1,1,'/modules/posspecialproducts/posspecialproducts.css','https://blax-market.com/','2021-04-19 07:32:56'),(227,1,1,'/img/postestimonial/sample1.png','https://blax-market.com/','2021-04-19 07:32:56'),(228,1,1,'/img/postestimonial/sample2.png','https://blax-market.com/','2021-04-19 07:32:57'),(229,1,1,'/img/postestimonial/sample4.png','https://blax-market.com/','2021-04-19 07:32:57'),(230,1,1,'/img/postestimonial/sample3.png','https://blax-market.com/','2021-04-19 07:32:58'),(231,1,1,'/img/blocklogo/1.jpg','https://blax-market.com/','2021-04-19 07:32:59'),(232,1,1,'/img/blocklogo/2.jpg','https://blax-market.com/','2021-04-19 07:33:00'),(233,1,1,'/img/blocklogo/4.jpg','https://blax-market.com/','2021-04-19 07:33:00'),(234,1,1,'/img/blocklogo/5.jpg','https://blax-market.com/','2021-04-19 07:33:00'),(235,1,1,'/img/blocklogo/3.jpg','https://blax-market.com/','2021-04-19 07:33:00'),(236,1,1,'/img/blocklogo/6.jpg','https://blax-market.com/','2021-04-19 07:33:00'),(237,1,1,'/img/blocklogo/7.jpg','https://blax-market.com/','2021-04-19 07:33:01'),(238,1,1,'/modules/posspecialproducts/posspecialproducts.css','https://blax-market.com/','2021-04-19 07:33:03'),(239,1,1,'/themes/core.js.map','','2021-04-19 07:33:04'),(240,1,1,'/modules/blockreassurance/views/dist/front.js.map','','2021-04-19 07:33:04'),(241,1,1,'/modules/blockreassurance/views/dist/front.css.map','','2021-04-19 07:33:05'),(242,1,1,'/home/blaxmarket/public_html/modules/paypalpaypal/views/img/paypal.png','https://blax-market.com/adminblax/index.php?controller=AdminPayPalCustomizeCheckout&token=fc6335e31dd4edbad76280135419d7f2','2021-04-19 20:36:20'),(243,1,1,'/modules/posspecialproducts/posspecialproducts.css','https://blax-market.com/','2021-04-20 10:48:24'),(244,1,1,'/img/postestimonial/sample1.png','https://blax-market.com/','2021-04-20 10:49:57'),(245,1,1,'/img/postestimonial/sample2.png','https://blax-market.com/','2021-04-20 10:50:00'),(246,1,1,'/img/postestimonial/sample3.png','https://blax-market.com/','2021-04-20 10:50:02'),(247,1,1,'/img/postestimonial/sample4.png','https://blax-market.com/','2021-04-20 10:50:04'),(248,1,1,'/img/blocklogo/1.jpg','https://blax-market.com/','2021-04-20 10:50:14'),(249,1,1,'/img/blocklogo/3.jpg','https://blax-market.com/','2021-04-20 10:50:15'),(250,1,1,'/img/blocklogo/2.jpg','https://blax-market.com/','2021-04-20 10:50:17'),(251,1,1,'/img/blocklogo/4.jpg','https://blax-market.com/','2021-04-20 10:50:18'),(252,1,1,'/img/blocklogo/5.jpg','https://blax-market.com/','2021-04-20 10:50:19'),(253,1,1,'/img/blocklogo/6.jpg','https://blax-market.com/','2021-04-20 10:50:20'),(254,1,1,'/img/blocklogo/7.jpg','https://blax-market.com/','2021-04-20 10:50:20'),(255,1,1,'/img/blocklogo/1.jpg','https://blax-market.com/','2021-04-20 10:50:22'),(256,1,1,'/img/blocklogo/2.jpg','https://blax-market.com/','2021-04-20 10:50:22'),(257,1,1,'/modules/posspecialproducts/posspecialproducts.css','https://blax-market.com/','2021-04-26 11:00:32'),(258,1,1,'/img/postestimonial/sample1.png','https://blax-market.com/','2021-04-26 11:00:40'),(259,1,1,'/img/postestimonial/sample2.png','https://blax-market.com/','2021-04-26 11:00:40'),(260,1,1,'/img/postestimonial/sample3.png','https://blax-market.com/','2021-04-26 11:00:40'),(261,1,1,'/img/postestimonial/sample4.png','https://blax-market.com/','2021-04-26 11:00:40'),(262,1,1,'/img/blocklogo/1.jpg','https://blax-market.com/','2021-04-26 11:00:42'),(263,1,1,'/img/blocklogo/2.jpg','https://blax-market.com/','2021-04-26 11:00:42'),(264,1,1,'/img/blocklogo/3.jpg','https://blax-market.com/','2021-04-26 11:00:42'),(265,1,1,'/img/blocklogo/5.jpg','https://blax-market.com/','2021-04-26 11:00:42'),(266,1,1,'/img/blocklogo/4.jpg','https://blax-market.com/','2021-04-26 11:00:43'),(267,1,1,'/img/blocklogo/6.jpg','https://blax-market.com/','2021-04-26 11:00:43'),(268,1,1,'/img/blocklogo/7.jpg','https://blax-market.com/','2021-04-26 11:00:44'),(269,1,1,'/img/admin/cog.gif','https://blax-market.com/adminblax/index.php?controller=AdminModules&configure=posvegamenu&token=de4ec18c2f247776a3f90fc56f2176f2','2021-04-26 11:03:40'),(270,1,1,'/modules/posspecialproducts/posspecialproducts.css','https://blax-market.com/','2021-04-26 11:04:34'),(271,1,1,'/img/postestimonial/sample1.png','https://blax-market.com/','2021-04-26 11:04:35'),(272,1,1,'/img/postestimonial/sample2.png','https://blax-market.com/','2021-04-26 11:04:36'),(273,1,1,'/img/postestimonial/sample3.png','https://blax-market.com/','2021-04-26 11:04:36'),(274,1,1,'/img/postestimonial/sample4.png','https://blax-market.com/','2021-04-26 11:04:36'),(275,1,1,'/img/blocklogo/1.jpg','https://blax-market.com/','2021-04-26 11:04:37'),(276,1,1,'/img/blocklogo/2.jpg','https://blax-market.com/','2021-04-26 11:04:37'),(277,1,1,'/img/blocklogo/3.jpg','https://blax-market.com/','2021-04-26 11:04:37'),(278,1,1,'/img/blocklogo/5.jpg','https://blax-market.com/','2021-04-26 11:04:38'),(279,1,1,'/img/blocklogo/6.jpg','https://blax-market.com/','2021-04-26 11:04:38'),(280,1,1,'/img/blocklogo/4.jpg','https://blax-market.com/','2021-04-26 11:04:38'),(281,1,1,'/img/blocklogo/7.jpg','https://blax-market.com/','2021-04-26 11:04:38'),(282,1,1,'/modules/posspecialproducts/posspecialproducts.css','https://blax-market.com/','2021-04-26 11:06:47'),(283,1,1,'/img/postestimonial/sample1.png','https://blax-market.com/','2021-04-26 11:06:48'),(284,1,1,'/img/postestimonial/sample2.png','https://blax-market.com/','2021-04-26 11:06:49'),(285,1,1,'/img/postestimonial/sample3.png','https://blax-market.com/','2021-04-26 11:06:49'),(286,1,1,'/img/postestimonial/sample4.png','https://blax-market.com/','2021-04-26 11:06:49'),(287,1,1,'/img/blocklogo/1.jpg','https://blax-market.com/','2021-04-26 11:06:50'),(288,1,1,'/img/blocklogo/2.jpg','https://blax-market.com/','2021-04-26 11:06:50'),(289,1,1,'/img/blocklogo/3.jpg','https://blax-market.com/','2021-04-26 11:06:51'),(290,1,1,'/img/blocklogo/5.jpg','https://blax-market.com/','2021-04-26 11:06:51'),(291,1,1,'/img/blocklogo/4.jpg','https://blax-market.com/','2021-04-26 11:06:51'),(292,1,1,'/img/blocklogo/6.jpg','https://blax-market.com/','2021-04-26 11:06:51'),(293,1,1,'/img/blocklogo/7.jpg','https://blax-market.com/','2021-04-26 11:06:51'),(294,1,1,'/modules/posspecialproducts/posspecialproducts.css','https://blax-market.com/','2021-04-26 11:06:55'),(295,1,1,'/img/blocklogo/1.jpg','https://blax-market.com/','2021-04-26 11:06:56'),(296,1,1,'/img/blocklogo/2.jpg','https://blax-market.com/','2021-04-26 11:06:56'),(297,1,1,'/img/blocklogo/4.jpg','https://blax-market.com/','2021-04-26 11:06:57'),(298,1,1,'/img/blocklogo/3.jpg','https://blax-market.com/','2021-04-26 11:06:57'),(299,1,1,'/img/blocklogo/6.jpg','https://blax-market.com/','2021-04-26 11:06:58'),(300,1,1,'/img/blocklogo/5.jpg','https://blax-market.com/','2021-04-26 11:06:58'),(301,1,1,'/img/blocklogo/7.jpg','https://blax-market.com/','2021-04-26 11:06:59'),(302,1,1,'/img/blocklogo/1.jpg','https://blax-market.com/','2021-04-26 11:06:59'),(303,1,1,'/img/blocklogo/2.jpg','https://blax-market.com/','2021-04-26 11:06:59'),(304,1,1,'/img/blocklogo/3.jpg','https://blax-market.com/','2021-04-26 11:06:59'),(305,1,1,'/img/blocklogo/4.jpg','https://blax-market.com/','2021-04-26 11:07:00'),(306,1,1,'/img/blocklogo/5.jpg','https://blax-market.com/','2021-04-26 11:07:00'),(307,1,1,'/img/blocklogo/6.jpg','https://blax-market.com/','2021-04-26 11:07:00'),(308,1,1,'/img/blocklogo/7.jpg','https://blax-market.com/','2021-04-26 11:07:00'),(309,1,1,'/themes/core.js.map','','2021-04-26 11:07:01'),(310,1,1,'/modules/blockreassurance/views/dist/front.js.map','','2021-04-26 11:07:01'),(311,1,1,'/modules/blockreassurance/views/dist/front.css.map','','2021-04-26 11:07:01'),(312,1,1,'/img/blocklogo/1.jpg','https://blax-market.com/','2021-04-26 11:07:03'),(313,1,1,'/img/blocklogo/2.jpg','https://blax-market.com/','2021-04-26 11:07:03'),(314,1,1,'/img/blocklogo/5.jpg','https://blax-market.com/','2021-04-26 11:07:04'),(315,1,1,'/img/blocklogo/3.jpg','https://blax-market.com/','2021-04-26 11:07:04'),(316,1,1,'/img/blocklogo/4.jpg','https://blax-market.com/','2021-04-26 11:07:04'),(317,1,1,'/img/blocklogo/6.jpg','https://blax-market.com/','2021-04-26 11:07:04'),(318,1,1,'/img/blocklogo/7.jpg','https://blax-market.com/','2021-04-26 11:07:05'),(319,1,1,'/modules/posspecialproducts/posspecialproducts.css','https://blax-market.com/','2021-04-26 11:07:43'),(320,1,1,'/img/postestimonial/sample1.png','https://blax-market.com/','2021-04-26 11:07:44'),(321,1,1,'/modules/blockreassurance/views/dist/front.css.map','','2021-04-26 11:07:44'),(322,1,1,'/img/postestimonial/sample2.png','https://blax-market.com/','2021-04-26 11:07:44'),(323,1,1,'/img/postestimonial/sample3.png','https://blax-market.com/','2021-04-26 11:07:45'),(324,1,1,'/img/postestimonial/sample4.png','https://blax-market.com/','2021-04-26 11:07:45'),(325,1,1,'/img/blocklogo/1.jpg','https://blax-market.com/','2021-04-26 11:07:46'),(326,1,1,'/img/blocklogo/2.jpg','https://blax-market.com/','2021-04-26 11:07:47'),(327,1,1,'/img/blocklogo/3.jpg','https://blax-market.com/','2021-04-26 11:07:47'),(328,1,1,'/img/blocklogo/4.jpg','https://blax-market.com/','2021-04-26 11:07:47'),(329,1,1,'/img/blocklogo/6.jpg','https://blax-market.com/','2021-04-26 11:07:47'),(330,1,1,'/img/blocklogo/5.jpg','https://blax-market.com/','2021-04-26 11:07:47'),(331,1,1,'/img/blocklogo/7.jpg','https://blax-market.com/','2021-04-26 11:07:49'),(332,1,1,'/themes/core.js.map','','2021-04-26 11:07:49'),(333,1,1,'/modules/blockreassurance/views/dist/front.js.map','','2021-04-26 11:07:49'),(334,1,1,'/modules/blockreassurance/views/dist/front.css.map','','2021-04-26 11:08:29'),(335,1,1,'/modules/posspecialproducts/posspecialproducts.css','https://blax-market.com/','2021-04-26 11:08:30'),(336,1,1,'/img/postestimonial/sample1.png','https://blax-market.com/','2021-04-26 11:08:30'),(337,1,1,'/img/postestimonial/sample2.png','https://blax-market.com/','2021-04-26 11:08:31'),(338,1,1,'/img/postestimonial/sample3.png','https://blax-market.com/','2021-04-26 11:08:32'),(339,1,1,'/img/postestimonial/sample4.png','https://blax-market.com/','2021-04-26 11:08:32'),(340,1,1,'/img/blocklogo/1.jpg','https://blax-market.com/','2021-04-26 11:08:35'),(341,1,1,'/img/blocklogo/2.jpg','https://blax-market.com/','2021-04-26 11:08:35'),(342,1,1,'/img/blocklogo/3.jpg','https://blax-market.com/','2021-04-26 11:08:35'),(343,1,1,'/img/blocklogo/5.jpg','https://blax-market.com/','2021-04-26 11:08:36'),(344,1,1,'/img/blocklogo/6.jpg','https://blax-market.com/','2021-04-26 11:08:36'),(345,1,1,'/img/blocklogo/4.jpg','https://blax-market.com/','2021-04-26 11:08:36'),(346,1,1,'/themes/core.js.map','','2021-04-26 11:08:36'),(347,1,1,'/img/blocklogo/7.jpg','https://blax-market.com/','2021-04-26 11:08:38'),(348,1,1,'/modules/blockreassurance/views/dist/front.js.map','','2021-04-26 11:08:38'),(349,1,1,'/img/blocklogo/1.jpg','https://blax-market.com/','2021-04-26 11:08:57'),(350,1,1,'/img/blocklogo/2.jpg','https://blax-market.com/','2021-04-26 11:08:57'),(351,1,1,'/img/blocklogo/3.jpg','https://blax-market.com/','2021-04-26 11:08:58'),(352,1,1,'/img/blocklogo/5.jpg','https://blax-market.com/','2021-04-26 11:08:58'),(353,1,1,'/img/blocklogo/4.jpg','https://blax-market.com/','2021-04-26 11:08:58'),(354,1,1,'/img/blocklogo/6.jpg','https://blax-market.com/','2021-04-26 11:08:58'),(355,1,1,'/img/blocklogo/7.jpg','https://blax-market.com/','2021-04-26 11:08:59'),(356,1,1,'/modules/posspecialproducts/posspecialproducts.css','https://blax-market.com/','2021-04-26 11:09:03'),(357,1,1,'/img/postestimonial/sample1.png','https://blax-market.com/','2021-04-26 11:09:03'),(358,1,1,'/img/postestimonial/sample2.png','https://blax-market.com/','2021-04-26 11:09:04'),(359,1,1,'/img/postestimonial/sample4.png','https://blax-market.com/','2021-04-26 11:09:04'),(360,1,1,'/img/postestimonial/sample3.png','https://blax-market.com/','2021-04-26 11:09:04'),(361,1,1,'/img/blocklogo/1.jpg','https://blax-market.com/','2021-04-26 11:09:05'),(362,1,1,'/img/blocklogo/2.jpg','https://blax-market.com/','2021-04-26 11:09:06'),(363,1,1,'/img/blocklogo/3.jpg','https://blax-market.com/','2021-04-26 11:09:06'),(364,1,1,'/img/blocklogo/6.jpg','https://blax-market.com/','2021-04-26 11:09:06'),(365,1,1,'/img/blocklogo/4.jpg','https://blax-market.com/','2021-04-26 11:09:06'),(366,1,1,'/img/blocklogo/5.jpg','https://blax-market.com/','2021-04-26 11:09:07'),(367,1,1,'/img/blocklogo/7.jpg','https://blax-market.com/','2021-04-26 11:09:08'),(368,1,1,'/modules/posspecialproducts/posspecialproducts.css','https://blax-market.com/','2021-04-26 11:09:11'),(369,1,1,'/img/blocklogo/1.jpg','https://blax-market.com/','2021-04-26 11:09:12'),(370,1,1,'/img/blocklogo/2.jpg','https://blax-market.com/','2021-04-26 11:09:12'),(371,1,1,'/img/blocklogo/4.jpg','https://blax-market.com/','2021-04-26 11:09:13'),(372,1,1,'/img/blocklogo/3.jpg','https://blax-market.com/','2021-04-26 11:09:14'),(373,1,1,'/img/blocklogo/7.jpg','https://blax-market.com/','2021-04-26 11:09:14'),(374,1,1,'/img/blocklogo/5.jpg','https://blax-market.com/','2021-04-26 11:09:15'),(375,1,1,'/themes/core.js.map','','2021-04-26 11:09:16'),(376,1,1,'/img/blocklogo/6.jpg','https://blax-market.com/','2021-04-26 11:09:16'),(377,1,1,'/modules/blockreassurance/views/dist/front.js.map','','2021-04-26 11:09:16'),(378,1,1,'/modules/blockreassurance/views/dist/front.css.map','','2021-04-26 11:09:16'),(379,1,1,'/modules/posspecialproducts/posspecialproducts.css','https://blax-market.com/','2021-04-26 11:17:05'),(380,1,1,'/img/postestimonial/sample1.png','https://blax-market.com/','2021-04-26 11:17:05'),(381,1,1,'/modules/blockreassurance/views/dist/front.css.map','','2021-04-26 11:17:05'),(382,1,1,'/img/postestimonial/sample2.png','https://blax-market.com/','2021-04-26 11:17:07'),(383,1,1,'/img/postestimonial/sample4.png','https://blax-market.com/','2021-04-26 11:17:07'),(384,1,1,'/img/postestimonial/sample3.png','https://blax-market.com/','2021-04-26 11:17:07'),(385,1,1,'/themes/core.js.map','','2021-04-26 11:17:08'),(386,1,1,'/modules/blockreassurance/views/dist/front.js.map','','2021-04-26 11:17:08'),(387,1,1,'/img/blocklogo/1.jpg','https://blax-market.com/','2021-04-26 11:17:10'),(388,1,1,'/img/blocklogo/2.jpg','https://blax-market.com/','2021-04-26 11:17:10'),(389,1,1,'/img/blocklogo/3.jpg','https://blax-market.com/','2021-04-26 11:17:11'),(390,1,1,'/img/blocklogo/4.jpg','https://blax-market.com/','2021-04-26 11:17:11'),(391,1,1,'/img/blocklogo/5.jpg','https://blax-market.com/','2021-04-26 11:17:12'),(392,1,1,'/img/blocklogo/6.jpg','https://blax-market.com/','2021-04-26 11:17:12'),(393,1,1,'/img/blocklogo/7.jpg','https://blax-market.com/','2021-04-26 11:17:12'),(394,1,1,'/img/admin/cog.gif','https://blax-market.com/adminblax/index.php?controller=AdminModules&configure=posvegamenu&token=de4ec18c2f247776a3f90fc56f2176f2','2021-04-26 11:20:52'),(395,1,1,'/img/admin/cog.gif','https://blax-market.com/adminblax/index.php?controller=AdminModules&configure=posvegamenu&token=de4ec18c2f247776a3f90fc56f2176f2','2021-04-26 11:23:16'),(396,1,1,'/modules/posspecialproducts/posspecialproducts.css','https://blax-market.com/','2021-04-26 11:36:23'),(397,1,1,'/img/postestimonial/sample1.png','https://blax-market.com/','2021-04-26 11:36:23'),(398,1,1,'/img/postestimonial/sample2.png','https://blax-market.com/','2021-04-26 11:36:24'),(399,1,1,'/img/postestimonial/sample3.png','https://blax-market.com/','2021-04-26 11:36:24'),(400,1,1,'/img/postestimonial/sample4.png','https://blax-market.com/','2021-04-26 11:36:25'),(401,1,1,'/img/blocklogo/1.jpg','https://blax-market.com/','2021-04-26 11:36:26'),(402,1,1,'/img/blocklogo/3.jpg','https://blax-market.com/','2021-04-26 11:36:26'),(403,1,1,'/img/blocklogo/2.jpg','https://blax-market.com/','2021-04-26 11:36:26'),(404,1,1,'/img/blocklogo/4.jpg','https://blax-market.com/','2021-04-26 11:36:28'),(405,1,1,'/img/blocklogo/5.jpg','https://blax-market.com/','2021-04-26 11:36:29'),(406,1,1,'/img/blocklogo/6.jpg','https://blax-market.com/','2021-04-26 11:36:29'),(407,1,1,'/img/blocklogo/7.jpg','https://blax-market.com/','2021-04-26 11:36:30'),(408,1,1,'/img/blocklogo/1.jpg','https://blax-market.com/','2021-04-26 11:36:31'),(409,1,1,'/modules/posspecialproducts/posspecialproducts.css','https://blax-market.com/10-paintings','2021-04-26 11:50:43'),(410,1,1,'/img/blocklogo/3.jpg','https://blax-market.com/10-paintings','2021-04-26 11:50:44'),(411,1,1,'/img/blocklogo/1.jpg','https://blax-market.com/10-paintings','2021-04-26 11:50:44'),(412,1,1,'/img/blocklogo/5.jpg','https://blax-market.com/10-paintings','2021-04-26 11:50:45'),(413,1,1,'/img/blocklogo/6.jpg','https://blax-market.com/10-paintings','2021-04-26 11:50:45'),(414,1,1,'/img/blocklogo/4.jpg','https://blax-market.com/10-paintings','2021-04-26 11:50:45'),(415,1,1,'/img/blocklogo/2.jpg','https://blax-market.com/10-paintings','2021-04-26 11:50:45'),(416,1,1,'/img/blocklogo/7.jpg','https://blax-market.com/10-paintings','2021-04-26 11:50:46'),(417,1,1,'/img/postestimonial/sample1.png','https://blax-market.com/','2021-04-26 11:50:54'),(418,1,1,'/modules/posspecialproducts/posspecialproducts.css','https://blax-market.com/','2021-04-26 11:50:54'),(419,1,1,'/img/postestimonial/sample2.png','https://blax-market.com/','2021-04-26 11:50:57'),(420,1,1,'/img/postestimonial/sample3.png','https://blax-market.com/','2021-04-26 11:50:57'),(421,1,1,'/img/postestimonial/sample4.png','https://blax-market.com/','2021-04-26 11:50:57'),(422,1,1,'/img/blocklogo/1.jpg','https://blax-market.com/','2021-04-26 11:50:58'),(423,1,1,'/img/blocklogo/2.jpg','https://blax-market.com/','2021-04-26 11:50:59'),(424,1,1,'/img/blocklogo/3.jpg','https://blax-market.com/','2021-04-26 11:50:59'),(425,1,1,'/img/blocklogo/4.jpg','https://blax-market.com/','2021-04-26 11:50:59'),(426,1,1,'/img/blocklogo/5.jpg','https://blax-market.com/','2021-04-26 11:50:59'),(427,1,1,'/img/blocklogo/6.jpg','https://blax-market.com/','2021-04-26 11:51:00'),(428,1,1,'/img/blocklogo/7.jpg','https://blax-market.com/','2021-04-26 11:51:00'),(429,1,1,'/modules/posspecialproducts/posspecialproducts.css','https://blax-market.com/10-paintings','2021-04-26 11:53:44'),(430,1,1,'/img/blocklogo/1.jpg','https://blax-market.com/10-paintings','2021-04-26 11:53:46'),(431,1,1,'/img/blocklogo/2.jpg','https://blax-market.com/10-paintings','2021-04-26 11:53:46'),(432,1,1,'/img/blocklogo/3.jpg','https://blax-market.com/10-paintings','2021-04-26 11:53:46'),(433,1,1,'/img/blocklogo/4.jpg','https://blax-market.com/10-paintings','2021-04-26 11:53:48'),(434,1,1,'/img/blocklogo/5.jpg','https://blax-market.com/10-paintings','2021-04-26 11:53:48'),(435,1,1,'/img/blocklogo/6.jpg','https://blax-market.com/10-paintings','2021-04-26 11:53:48'),(436,1,1,'/img/blocklogo/7.jpg','https://blax-market.com/10-paintings','2021-04-26 11:53:49'),(437,1,1,'/modules/posspecialproducts/posspecialproducts.css','https://blax-market.com/','2021-04-26 11:53:53'),(438,1,1,'/img/postestimonial/sample1.png','https://blax-market.com/','2021-04-26 11:53:53'),(439,1,1,'/img/postestimonial/sample2.png','https://blax-market.com/','2021-04-26 11:53:54'),(440,1,1,'/img/postestimonial/sample3.png','https://blax-market.com/','2021-04-26 11:53:55'),(441,1,1,'/img/postestimonial/sample4.png','https://blax-market.com/','2021-04-26 11:53:55'),(442,1,1,'/img/blocklogo/1.jpg','https://blax-market.com/','2021-04-26 11:53:57'),(443,1,1,'/img/blocklogo/2.jpg','https://blax-market.com/','2021-04-26 11:53:58'),(444,1,1,'/img/blocklogo/3.jpg','https://blax-market.com/','2021-04-26 11:53:58'),(445,1,1,'/img/blocklogo/4.jpg','https://blax-market.com/','2021-04-26 11:53:59'),(446,1,1,'/img/blocklogo/6.jpg','https://blax-market.com/','2021-04-26 11:54:00'),(447,1,1,'/img/blocklogo/5.jpg','https://blax-market.com/','2021-04-26 11:54:00'),(448,1,1,'/img/blocklogo/7.jpg','https://blax-market.com/','2021-04-26 11:54:00'),(449,1,1,'/modules/posspecialproducts/posspecialproducts.css','https://blax-market.com/','2021-04-26 11:55:21'),(450,1,1,'/img/blocklogo/1.jpg','https://blax-market.com/','2021-04-26 11:55:23'),(451,1,1,'/img/blocklogo/2.jpg','https://blax-market.com/','2021-04-26 11:55:23'),(452,1,1,'/img/blocklogo/3.jpg','https://blax-market.com/','2021-04-26 11:55:23'),(453,1,1,'/img/blocklogo/4.jpg','https://blax-market.com/','2021-04-26 11:55:23'),(454,1,1,'/img/blocklogo/5.jpg','https://blax-market.com/','2021-04-26 11:55:24'),(455,1,1,'/img/blocklogo/6.jpg','https://blax-market.com/','2021-04-26 11:55:26'),(456,1,1,'/img/blocklogo/7.jpg','https://blax-market.com/','2021-04-26 11:55:26'),(457,1,1,'/themes/core.js.map','','2021-04-26 11:55:26'),(458,1,1,'/modules/blockreassurance/views/dist/front.css.map','','2021-04-26 11:55:26'),(459,1,1,'/img/blocklogo/1.jpg','https://blax-market.com/','2021-04-26 11:55:39'),(460,1,1,'/img/blocklogo/2.jpg','https://blax-market.com/','2021-04-26 11:55:40'),(461,1,1,'/img/blocklogo/3.jpg','https://blax-market.com/','2021-04-26 11:55:40'),(462,1,1,'/img/blocklogo/5.jpg','https://blax-market.com/','2021-04-26 11:55:40'),(463,1,1,'/img/blocklogo/6.jpg','https://blax-market.com/','2021-04-26 11:55:40'),(464,1,1,'/img/blocklogo/4.jpg','https://blax-market.com/','2021-04-26 11:55:40'),(465,1,1,'/img/blocklogo/7.jpg','https://blax-market.com/','2021-04-26 11:55:41'),(466,1,1,'/img/blocklogo/2.jpg','https://blax-market.com/','2021-04-26 11:58:21'),(467,1,1,'/img/blocklogo/1.jpg','https://blax-market.com/','2021-04-26 11:58:21'),(468,1,1,'/img/blocklogo/3.jpg','https://blax-market.com/','2021-04-26 11:58:21'),(469,1,1,'/img/blocklogo/4.jpg','https://blax-market.com/','2021-04-26 11:58:23'),(470,1,1,'/img/blocklogo/5.jpg','https://blax-market.com/','2021-04-26 11:58:23'),(471,1,1,'/img/blocklogo/6.jpg','https://blax-market.com/','2021-04-26 11:58:24'),(472,1,1,'/img/blocklogo/7.jpg','https://blax-market.com/','2021-04-26 11:58:24'),(473,1,1,'/img/blocklogo/1.jpg','https://blax-market.com/','2021-04-26 11:58:25'),(474,1,1,'/img/blocklogo/2.jpg','https://blax-market.com/','2021-04-26 11:58:26'),(475,1,1,'/img/blocklogo/3.jpg','https://blax-market.com/','2021-04-26 11:58:28'),(476,1,1,'/img/blocklogo/4.jpg','https://blax-market.com/','2021-04-26 11:58:28'),(477,1,1,'/img/blocklogo/5.jpg','https://blax-market.com/','2021-04-26 11:58:29'),(478,1,1,'/img/blocklogo/6.jpg','https://blax-market.com/','2021-04-26 11:58:29'),(479,1,1,'/img/blocklogo/7.jpg','https://blax-market.com/','2021-04-26 11:58:29'),(480,1,1,'/modules/blockreassurance/views/dist/front.css.map','','2021-04-26 11:58:30'),(481,1,1,'/themes/core.js.map','','2021-04-26 11:58:31'),(482,1,1,'/modules/posspecialproducts/posspecialproducts.css','https://blax-market.com/','2021-04-26 12:10:04'),(483,1,1,'/img/postestimonial/sample1.png','https://blax-market.com/','2021-04-26 12:10:04'),(484,1,1,'/modules/blockreassurance/views/dist/front.css.map','','2021-04-26 12:10:04'),(485,1,1,'/img/postestimonial/sample2.png','https://blax-market.com/','2021-04-26 12:10:05'),(486,1,1,'/img/postestimonial/sample3.png','https://blax-market.com/','2021-04-26 12:10:06'),(487,1,1,'/img/postestimonial/sample4.png','https://blax-market.com/','2021-04-26 12:10:06'),(488,1,1,'/img/blocklogo/1.jpg','https://blax-market.com/','2021-04-26 12:10:07'),(489,1,1,'/img/blocklogo/2.jpg','https://blax-market.com/','2021-04-26 12:10:07'),(490,1,1,'/img/blocklogo/3.jpg','https://blax-market.com/','2021-04-26 12:10:08'),(491,1,1,'/img/blocklogo/6.jpg','https://blax-market.com/','2021-04-26 12:10:08'),(492,1,1,'/img/blocklogo/4.jpg','https://blax-market.com/','2021-04-26 12:10:08'),(493,1,1,'/img/blocklogo/5.jpg','https://blax-market.com/','2021-04-26 12:10:08'),(494,1,1,'/themes/core.js.map','','2021-04-26 12:10:08'),(495,1,1,'/img/blocklogo/7.jpg','https://blax-market.com/','2021-04-26 12:10:09'),(496,1,1,'/modules/blockreassurance/views/dist/front.js.map','','2021-04-26 12:10:10'),(497,1,1,'/img/admin/cog.gif','https://blax-market.com/adminblax/index.php?controller=AdminModules&configure=posvegamenu&token=de4ec18c2f247776a3f90fc56f2176f2','2021-04-26 12:14:35'),(498,1,1,'/modules/posspecialproducts/posspecialproducts.css','https://blax-market.com/','2021-04-26 12:15:14'),(499,1,1,'/img/postestimonial/sample1.png','https://blax-market.com/','2021-04-26 12:15:14'),(500,1,1,'/modules/blockreassurance/views/dist/front.css.map','','2021-04-26 12:15:15'),(501,1,1,'/img/postestimonial/sample2.png','https://blax-market.com/','2021-04-26 12:15:15'),(502,1,1,'/img/postestimonial/sample3.png','https://blax-market.com/','2021-04-26 12:15:16'),(503,1,1,'/img/postestimonial/sample4.png','https://blax-market.com/','2021-04-26 12:15:16'),(504,1,1,'/img/blocklogo/1.jpg','https://blax-market.com/','2021-04-26 12:15:16'),(505,1,1,'/img/blocklogo/2.jpg','https://blax-market.com/','2021-04-26 12:15:17'),(506,1,1,'/img/blocklogo/3.jpg','https://blax-market.com/','2021-04-26 12:15:17'),(507,1,1,'/img/blocklogo/4.jpg','https://blax-market.com/','2021-04-26 12:15:17'),(508,1,1,'/img/blocklogo/5.jpg','https://blax-market.com/','2021-04-26 12:15:18'),(509,1,1,'/img/blocklogo/6.jpg','https://blax-market.com/','2021-04-26 12:15:18'),(510,1,1,'/img/blocklogo/7.jpg','https://blax-market.com/','2021-04-26 12:15:18'),(511,1,1,'/themes/core.js.map','','2021-04-26 12:15:19'),(512,1,1,'/modules/blockreassurance/views/dist/front.js.map','','2021-04-26 12:15:19'),(513,1,1,'/modules/posspecialproducts/posspecialproducts.css','https://blax-market.com/','2021-04-26 14:08:06'),(514,1,1,'/img/postestimonial/sample1.png','https://blax-market.com/','2021-04-26 14:08:06'),(515,1,1,'/img/postestimonial/sample2.png','https://blax-market.com/','2021-04-26 14:08:07'),(516,1,1,'/img/postestimonial/sample3.png','https://blax-market.com/','2021-04-26 14:08:08'),(517,1,1,'/img/postestimonial/sample4.png','https://blax-market.com/','2021-04-26 14:08:08'),(518,1,1,'/img/blocklogo/1.jpg','https://blax-market.com/','2021-04-26 14:08:09'),(519,1,1,'/img/blocklogo/2.jpg','https://blax-market.com/','2021-04-26 14:08:09'),(520,1,1,'/img/blocklogo/4.jpg','https://blax-market.com/','2021-04-26 14:08:10'),(521,1,1,'/img/blocklogo/5.jpg','https://blax-market.com/','2021-04-26 14:08:10'),(522,1,1,'/img/blocklogo/3.jpg','https://blax-market.com/','2021-04-26 14:08:10'),(523,1,1,'/img/blocklogo/6.jpg','https://blax-market.com/','2021-04-26 14:08:11'),(524,1,1,'/img/blocklogo/7.jpg','https://blax-market.com/','2021-04-26 14:08:11'),(525,1,1,'/img/blocklogo/1.jpg','https://blax-market.com/','2021-04-26 14:08:12'),(526,1,1,'/img/blocklogo/2.jpg','https://blax-market.com/','2021-04-26 14:08:13'),(527,1,1,'/img/blocklogo/5.jpg','https://blax-market.com/','2021-04-26 14:08:13'),(528,1,1,'/img/blocklogo/4.jpg','https://blax-market.com/','2021-04-26 14:08:13'),(529,1,1,'/img/blocklogo/3.jpg','https://blax-market.com/','2021-04-26 14:08:13'),(530,1,1,'/modules/posspecialproducts/posspecialproducts.css','https://blax-market.com/','2021-04-26 14:08:20'),(531,1,1,'/modules/blockreassurance/views/dist/front.js.map','','2021-04-26 14:08:20'),(532,1,1,'/themes/core.js.map','','2021-04-26 14:08:21'),(533,1,1,'/modules/blockreassurance/views/dist/front.css.map','','2021-04-26 14:08:21'),(534,1,1,'/modules/posspecialproducts/posspecialproducts.css','https://blax-market.com/','2021-04-26 14:10:46'),(535,1,1,'/img/postestimonial/sample1.png','https://blax-market.com/','2021-04-26 14:10:46'),(536,1,1,'/img/postestimonial/sample2.png','https://blax-market.com/','2021-04-26 14:10:47'),(537,1,1,'/img/postestimonial/sample3.png','https://blax-market.com/','2021-04-26 14:10:47'),(538,1,1,'/img/postestimonial/sample4.png','https://blax-market.com/','2021-04-26 14:10:47'),(539,1,1,'/modules/blockreassurance/views/dist/front.css.map','','2021-04-26 14:10:47'),(540,1,1,'/img/blocklogo/1.jpg','https://blax-market.com/','2021-04-26 14:10:48'),(541,1,1,'/img/blocklogo/2.jpg','https://blax-market.com/','2021-04-26 14:10:48'),(542,1,1,'/img/blocklogo/3.jpg','https://blax-market.com/','2021-04-26 14:10:49'),(543,1,1,'/img/blocklogo/4.jpg','https://blax-market.com/','2021-04-26 14:10:49'),(544,1,1,'/img/blocklogo/5.jpg','https://blax-market.com/','2021-04-26 14:10:49'),(545,1,1,'/img/blocklogo/6.jpg','https://blax-market.com/','2021-04-26 14:10:49'),(546,1,1,'/img/blocklogo/7.jpg','https://blax-market.com/','2021-04-26 14:10:49'),(547,1,1,'/themes/core.js.map','','2021-04-26 14:10:50'),(548,1,1,'/modules/blockreassurance/views/dist/front.js.map','','2021-04-26 14:10:50'),(549,1,1,'/img/blocklogo/2.jpg','https://blax-market.com/','2021-04-26 14:10:51'),(550,1,1,'/img/blocklogo/1.jpg','https://blax-market.com/','2021-04-26 14:10:51'),(551,1,1,'/img/blocklogo/3.jpg','https://blax-market.com/','2021-04-26 14:10:51'),(552,1,1,'/img/blocklogo/4.jpg','https://blax-market.com/','2021-04-26 14:10:52'),(553,1,1,'/img/blocklogo/5.jpg','https://blax-market.com/','2021-04-26 14:10:52'),(554,1,1,'/img/blocklogo/6.jpg','https://blax-market.com/','2021-04-26 14:10:52'),(555,1,1,'/img/blocklogo/7.jpg','https://blax-market.com/','2021-04-26 14:10:53'),(556,1,1,'/home/blaxmarket/public_html/modules/paypalpaypal/views/img/paypal.png','https://blax-market.com/adminblax/index.php?controller=AdminPayPalCustomizeCheckout&token=fc6335e31dd4edbad76280135419d7f2','2021-04-27 02:18:50'),(557,1,1,'/modules/posspecialproducts/posspecialproducts.css','https://blax-market.com/','2021-04-27 02:19:40'),(558,1,1,'/img/postestimonial/sample1.png','https://blax-market.com/','2021-04-27 02:19:46'),(559,1,1,'/img/postestimonial/sample2.png','https://blax-market.com/','2021-04-27 02:19:46'),(560,1,1,'/img/postestimonial/sample4.png','https://blax-market.com/','2021-04-27 02:19:46'),(561,1,1,'/img/postestimonial/sample3.png','https://blax-market.com/','2021-04-27 02:19:46'),(562,1,1,'/img/blocklogo/1.jpg','https://blax-market.com/','2021-04-27 02:19:48'),(563,1,1,'/img/blocklogo/2.jpg','https://blax-market.com/','2021-04-27 02:19:48'),(564,1,1,'/img/blocklogo/3.jpg','https://blax-market.com/','2021-04-27 02:19:48'),(565,1,1,'/img/blocklogo/4.jpg','https://blax-market.com/','2021-04-27 02:19:48'),(566,1,1,'/img/blocklogo/5.jpg','https://blax-market.com/','2021-04-27 02:19:49'),(567,1,1,'/img/blocklogo/6.jpg','https://blax-market.com/','2021-04-27 02:19:49'),(568,1,1,'/img/blocklogo/7.jpg','https://blax-market.com/','2021-04-27 02:19:49'),(569,1,1,'/modules/posspecialproducts/posspecialproducts.css','https://blax-market.com/','2021-04-27 02:38:25'),(570,1,1,'/themes/core.js.map','','2021-04-27 02:38:26'),(571,1,1,'/img/blocklogo/1.jpg','https://blax-market.com/','2021-04-27 02:38:26'),(572,1,1,'/img/blocklogo/2.jpg','https://blax-market.com/','2021-04-27 02:38:27'),(573,1,1,'/img/blocklogo/3.jpg','https://blax-market.com/','2021-04-27 02:38:28'),(574,1,1,'/img/blocklogo/4.jpg','https://blax-market.com/','2021-04-27 02:38:28'),(575,1,1,'/img/blocklogo/5.jpg','https://blax-market.com/','2021-04-27 02:38:29'),(576,1,1,'/modules/blockreassurance/views/dist/front.css.map','','2021-04-27 02:38:29'),(577,1,1,'/img/blocklogo/6.jpg','https://blax-market.com/','2021-04-27 02:38:29'),(578,1,1,'/img/blocklogo/7.jpg','https://blax-market.com/','2021-04-27 02:38:29'),(579,1,1,'/img/blocklogo/1.jpg','https://blax-market.com/','2021-04-27 02:38:30'),(580,1,1,'/img/blocklogo/2.jpg','https://blax-market.com/','2021-04-27 02:38:30'),(581,1,1,'/img/blocklogo/4.jpg','https://blax-market.com/','2021-04-27 02:38:30'),(582,1,1,'/img/blocklogo/3.jpg','https://blax-market.com/','2021-04-27 02:38:30'),(583,1,1,'/img/blocklogo/5.jpg','https://blax-market.com/','2021-04-27 02:38:30'),(584,1,1,'/img/blocklogo/6.jpg','https://blax-market.com/','2021-04-27 02:38:30'),(585,1,1,'/img/blocklogo/7.jpg','https://blax-market.com/','2021-04-27 02:38:31'),(586,1,1,'/modules/posspecialproducts/posspecialproducts.css','https://blax-market.com/','2021-04-27 02:43:18'),(587,1,1,'/img/postestimonial/sample2.png','https://blax-market.com/','2021-04-27 02:43:19'),(588,1,1,'/img/postestimonial/sample1.png','https://blax-market.com/','2021-04-27 02:43:20'),(589,1,1,'/img/postestimonial/sample3.png','https://blax-market.com/','2021-04-27 02:43:21'),(590,1,1,'/img/postestimonial/sample4.png','https://blax-market.com/','2021-04-27 02:43:21'),(591,1,1,'/img/blocklogo/2.jpg','https://blax-market.com/','2021-04-27 02:43:21'),(592,1,1,'/img/blocklogo/1.jpg','https://blax-market.com/','2021-04-27 02:43:22'),(593,1,1,'/img/blocklogo/3.jpg','https://blax-market.com/','2021-04-27 02:43:22'),(594,1,1,'/img/blocklogo/4.jpg','https://blax-market.com/','2021-04-27 02:43:23'),(595,1,1,'/img/blocklogo/6.jpg','https://blax-market.com/','2021-04-27 02:43:23'),(596,1,1,'/img/blocklogo/5.jpg','https://blax-market.com/','2021-04-27 02:43:23'),(597,1,1,'/img/blocklogo/7.jpg','https://blax-market.com/','2021-04-27 02:43:23'),(598,1,1,'/modules/posspecialproducts/posspecialproducts.css','https://blax-market.com/','2021-04-27 03:14:42'),(599,1,1,'/img/postestimonial/sample1.png','https://blax-market.com/','2021-04-27 03:14:43'),(600,1,1,'/img/postestimonial/sample2.png','https://blax-market.com/','2021-04-27 03:14:44'),(601,1,1,'/img/postestimonial/sample3.png','https://blax-market.com/','2021-04-27 03:14:45'),(602,1,1,'/img/postestimonial/sample4.png','https://blax-market.com/','2021-04-27 03:14:45'),(603,1,1,'/img/blocklogo/2.jpg','https://blax-market.com/','2021-04-27 03:14:45'),(604,1,1,'/img/blocklogo/3.jpg','https://blax-market.com/','2021-04-27 03:14:45'),(605,1,1,'/img/blocklogo/1.jpg','https://blax-market.com/','2021-04-27 03:14:45'),(606,1,1,'/img/blocklogo/4.jpg','https://blax-market.com/','2021-04-27 03:14:46'),(607,1,1,'/img/blocklogo/7.jpg','https://blax-market.com/','2021-04-27 03:14:47'),(608,1,1,'/img/blocklogo/6.jpg','https://blax-market.com/','2021-04-27 03:14:47'),(609,1,1,'/img/blocklogo/5.jpg','https://blax-market.com/','2021-04-27 03:14:49'),(610,1,1,'/modules/posspecialproducts/posspecialproducts.css','https://blax-market.com/','2021-04-27 03:14:49'),(611,1,1,'/themes/core.js.map','','2021-04-27 03:14:49'),(612,1,1,'/modules/blockreassurance/views/dist/front.js.map','','2021-04-27 03:14:49'),(613,1,1,'/modules/blockreassurance/views/dist/front.css.map','','2021-04-27 03:14:51'),(614,1,1,'/modules/posspecialproducts/posspecialproducts.css','https://blax-market.com/','2021-04-27 03:17:55'),(615,1,1,'/modules/blockreassurance/views/dist/front.css.map','','2021-04-27 03:17:56'),(616,1,1,'/img/postestimonial/sample1.png','https://blax-market.com/','2021-04-27 03:17:57'),(617,1,1,'/img/postestimonial/sample2.png','https://blax-market.com/','2021-04-27 03:17:57'),(618,1,1,'/img/postestimonial/sample4.png','https://blax-market.com/','2021-04-27 03:17:57'),(619,1,1,'/img/postestimonial/sample3.png','https://blax-market.com/','2021-04-27 03:18:02'),(620,1,1,'/img/blocklogo/3.jpg','https://blax-market.com/','2021-04-27 03:18:03'),(621,1,1,'/img/blocklogo/1.jpg','https://blax-market.com/','2021-04-27 03:18:05'),(622,1,1,'/img/blocklogo/4.jpg','https://blax-market.com/','2021-04-27 03:18:05'),(623,1,1,'/img/blocklogo/5.jpg','https://blax-market.com/','2021-04-27 03:18:05'),(624,1,1,'/img/blocklogo/2.jpg','https://blax-market.com/','2021-04-27 03:18:05'),(625,1,1,'/img/blocklogo/6.jpg','https://blax-market.com/','2021-04-27 03:18:05'),(626,1,1,'/img/blocklogo/7.jpg','https://blax-market.com/','2021-04-27 03:18:06'),(627,1,1,'/themes/core.js.map','','2021-04-27 03:18:06'),(628,1,1,'/modules/blockreassurance/views/dist/front.js.map','','2021-04-27 03:18:07'),(629,1,1,'/modules/posspecialproducts/posspecialproducts.css','https://blax-market.com/','2021-04-27 03:19:40'),(630,1,1,'/img/postestimonial/sample1.png','https://blax-market.com/','2021-04-27 03:19:41'),(631,1,1,'/modules/blockreassurance/views/dist/front.css.map','','2021-04-27 03:19:41'),(632,1,1,'/img/postestimonial/sample3.png','https://blax-market.com/','2021-04-27 03:19:42'),(633,1,1,'/img/postestimonial/sample2.png','https://blax-market.com/','2021-04-27 03:19:42'),(634,1,1,'/img/postestimonial/sample4.png','https://blax-market.com/','2021-04-27 03:19:42'),(635,1,1,'/img/blocklogo/1.jpg','https://blax-market.com/','2021-04-27 03:19:43'),(636,1,1,'/img/blocklogo/2.jpg','https://blax-market.com/','2021-04-27 03:19:44'),(637,1,1,'/img/blocklogo/3.jpg','https://blax-market.com/','2021-04-27 03:19:44'),(638,1,1,'/img/blocklogo/5.jpg','https://blax-market.com/','2021-04-27 03:19:44'),(639,1,1,'/img/blocklogo/4.jpg','https://blax-market.com/','2021-04-27 03:19:44'),(640,1,1,'/img/blocklogo/6.jpg','https://blax-market.com/','2021-04-27 03:19:44'),(641,1,1,'/img/blocklogo/7.jpg','https://blax-market.com/','2021-04-27 03:19:44'),(642,1,1,'/themes/core.js.map','','2021-04-27 03:19:45'),(643,1,1,'/img/blocklogo/1.jpg','https://blax-market.com/','2021-04-27 03:19:45'),(644,1,1,'/modules/blockreassurance/views/dist/front.js.map','','2021-04-27 03:19:46'),(645,1,1,'/modules/posspecialproducts/posspecialproducts.css','https://blax-market.com/stationery/17-32-brown-bear-notebook.html','2021-04-27 03:19:56'),(646,1,1,'/modules/blockreassurance/views/dist/front.css.map','','2021-04-27 03:19:58'),(647,1,1,'/modules/blockreassurance/views/dist/front.js.map','','2021-04-27 03:20:00'),(648,1,1,'/themes/core.js.map','','2021-04-27 03:20:03'),(649,1,1,'/index.php?controller=404','https://blax-market.com/stationery/17-32-brown-bear-notebook.html','2021-04-27 03:20:05'),(650,1,1,'/img/blocklogo/1.jpg','https://blax-market.com/stationery/17-32-brown-bear-notebook.html','2021-04-27 03:20:05'),(651,1,1,'/img/blocklogo/4.jpg','https://blax-market.com/stationery/17-32-brown-bear-notebook.html','2021-04-27 03:20:07'),(652,1,1,'/img/blocklogo/5.jpg','https://blax-market.com/stationery/17-32-brown-bear-notebook.html','2021-04-27 03:20:09'),(653,1,1,'/img/blocklogo/2.jpg','https://blax-market.com/stationery/17-32-brown-bear-notebook.html','2021-04-27 03:20:09'),(654,1,1,'/img/blocklogo/3.jpg','https://blax-market.com/stationery/17-32-brown-bear-notebook.html','2021-04-27 03:20:09'),(655,1,1,'/img/blocklogo/1.jpg','https://blax-market.com/index.php?controller=404','2021-04-27 03:20:10'),(656,1,1,'/modules/posspecialproducts/posspecialproducts.css','https://blax-market.com/index.php?controller=404','2021-04-27 03:20:11'),(657,1,1,'/modules/blockreassurance/views/dist/front.css.map','','2021-04-27 03:20:11'),(658,1,1,'/img/blocklogo/2.jpg','https://blax-market.com/index.php?controller=404','2021-04-27 03:20:12'),(659,1,1,'/img/blocklogo/4.jpg','https://blax-market.com/index.php?controller=404','2021-04-27 03:20:13'),(660,1,1,'/img/blocklogo/3.jpg','https://blax-market.com/index.php?controller=404','2021-04-27 03:20:14'),(661,1,1,'/img/blocklogo/5.jpg','https://blax-market.com/index.php?controller=404','2021-04-27 03:20:14'),(662,1,1,'/img/blocklogo/6.jpg','https://blax-market.com/index.php?controller=404','2021-04-27 03:20:14'),(663,1,1,'/img/blocklogo/7.jpg','https://blax-market.com/index.php?controller=404','2021-04-27 03:20:14'),(664,1,1,'/img/blocklogo/1.jpg','https://blax-market.com/index.php?controller=404','2021-04-27 03:20:14'),(665,1,1,'/themes/core.js.map','','2021-04-27 03:20:15'),(666,1,1,'/modules/blockreassurance/views/dist/front.js.map','','2021-04-27 03:20:15'),(667,1,1,'/img/admin/cog.gif','https://blax-market.com/adminblax/index.php?controller=AdminModules&configure=posvegamenu&token=de4ec18c2f247776a3f90fc56f2176f2','2021-04-27 03:20:34'),(668,1,1,'/modules/posspecialproducts/posspecialproducts.css','https://blax-market.com/','2021-04-27 03:21:35'),(669,1,1,'/modules/blockreassurance/views/dist/front.css.map','','2021-04-27 03:21:35'),(670,1,1,'/img/postestimonial/sample1.png','https://blax-market.com/','2021-04-27 03:21:35'),(671,1,1,'/img/postestimonial/sample2.png','https://blax-market.com/','2021-04-27 03:21:35'),(672,1,1,'/img/postestimonial/sample3.png','https://blax-market.com/','2021-04-27 03:21:36'),(673,1,1,'/img/postestimonial/sample4.png','https://blax-market.com/','2021-04-27 03:21:37'),(674,1,1,'/img/blocklogo/1.jpg','https://blax-market.com/','2021-04-27 03:21:38'),(675,1,1,'/img/blocklogo/2.jpg','https://blax-market.com/','2021-04-27 03:21:39'),(676,1,1,'/img/blocklogo/3.jpg','https://blax-market.com/','2021-04-27 03:21:39'),(677,1,1,'/img/blocklogo/5.jpg','https://blax-market.com/','2021-04-27 03:21:39'),(678,1,1,'/img/blocklogo/4.jpg','https://blax-market.com/','2021-04-27 03:21:39'),(679,1,1,'/img/blocklogo/6.jpg','https://blax-market.com/','2021-04-27 03:21:39'),(680,1,1,'/themes/core.js.map','','2021-04-27 03:21:40'),(681,1,1,'/img/blocklogo/7.jpg','https://blax-market.com/','2021-04-27 03:21:42'),(682,1,1,'/modules/blockreassurance/views/dist/front.js.map','','2021-04-27 03:21:42'),(683,1,1,'/modules/posspecialproducts/posspecialproducts.css','https://blax-market.com/','2021-04-27 03:36:25'),(684,1,1,'/img/postestimonial/sample1.png','https://blax-market.com/','2021-04-27 03:36:28'),(685,1,1,'/img/postestimonial/sample2.png','https://blax-market.com/','2021-04-27 03:36:29'),(686,1,1,'/img/postestimonial/sample3.png','https://blax-market.com/','2021-04-27 03:36:29'),(687,1,1,'/img/postestimonial/sample4.png','https://blax-market.com/','2021-04-27 03:36:30'),(688,1,1,'/img/blocklogo/1.jpg','https://blax-market.com/','2021-04-27 03:36:30'),(689,1,1,'/img/blocklogo/3.jpg','https://blax-market.com/','2021-04-27 03:36:35'),(690,1,1,'/modules/posspecialproducts/posspecialproducts.css','https://blax-market.com/','2021-04-27 03:36:37'),(691,1,1,'/img/blocklogo/4.jpg','https://blax-market.com/','2021-04-27 03:36:37'),(692,1,1,'/img/blocklogo/5.jpg','https://blax-market.com/','2021-04-27 03:36:37'),(693,1,1,'/img/blocklogo/7.jpg','https://blax-market.com/','2021-04-27 03:36:42'),(694,1,1,'/img/blocklogo/2.jpg','https://blax-market.com/','2021-04-27 03:36:42'),(695,1,1,'/img/blocklogo/6.jpg','https://blax-market.com/','2021-04-27 03:36:42'),(696,1,1,'/img/blocklogo/1.jpg','https://blax-market.com/','2021-04-27 03:36:43'),(697,1,1,'/themes/core.js.map','','2021-04-27 03:36:43'),(698,1,1,'/modules/blockreassurance/views/dist/front.js.map','','2021-04-27 03:36:45'),(699,1,1,'/modules/blockreassurance/views/dist/front.css.map','','2021-04-27 03:36:47'),(700,1,1,'/modules/posspecialproducts/posspecialproducts.css','https://blax-market.com/content/4-about-us?id_employee=1&adtoken=17a327c10d6fe1a726cea9f226d68824&uid=4070101&_=1619509555587','2021-04-27 03:45:58'),(701,1,1,'/img/blocklogo/1.jpg','https://blax-market.com/content/4-about-us?id_employee=1&adtoken=17a327c10d6fe1a726cea9f226d68824&uid=4070101&_=1619509555587','2021-04-27 03:46:00'),(702,1,1,'/img/blocklogo/3.jpg','https://blax-market.com/content/4-about-us?id_employee=1&adtoken=17a327c10d6fe1a726cea9f226d68824&uid=4070101&_=1619509555587','2021-04-27 03:46:01'),(703,1,1,'/img/blocklogo/2.jpg','https://blax-market.com/content/4-about-us?id_employee=1&adtoken=17a327c10d6fe1a726cea9f226d68824&uid=4070101&_=1619509555587','2021-04-27 03:46:02'),(704,1,1,'/img/blocklogo/7.jpg','https://blax-market.com/content/4-about-us?id_employee=1&adtoken=17a327c10d6fe1a726cea9f226d68824&uid=4070101&_=1619509555587','2021-04-27 03:46:04'),(705,1,1,'/img/blocklogo/6.jpg','https://blax-market.com/content/4-about-us?id_employee=1&adtoken=17a327c10d6fe1a726cea9f226d68824&uid=4070101&_=1619509555587','2021-04-27 03:46:05'),(706,1,1,'/img/blocklogo/5.jpg','https://blax-market.com/content/4-about-us?id_employee=1&adtoken=17a327c10d6fe1a726cea9f226d68824&uid=4070101&_=1619509555587','2021-04-27 03:46:06'),(707,1,1,'/img/blocklogo/4.jpg','https://blax-market.com/content/4-about-us?id_employee=1&adtoken=17a327c10d6fe1a726cea9f226d68824&uid=4070101&_=1619509555587','2021-04-27 03:46:17'),(708,1,1,'/modules/posspecialproducts/posspecialproducts.css','https://blax-market.com/content/4-about-us?id_employee=1&adtoken=17a327c10d6fe1a726cea9f226d68824&uid=4070101&_=1619509640691','2021-04-27 03:47:24'),(709,1,1,'/img/blocklogo/1.jpg','https://blax-market.com/content/4-about-us?id_employee=1&adtoken=17a327c10d6fe1a726cea9f226d68824&uid=4070101&_=1619509640691','2021-04-27 03:47:25'),(710,1,1,'/img/blocklogo/2.jpg','https://blax-market.com/content/4-about-us?id_employee=1&adtoken=17a327c10d6fe1a726cea9f226d68824&uid=4070101&_=1619509640691','2021-04-27 03:47:26'),(711,1,1,'/img/blocklogo/7.jpg','https://blax-market.com/content/4-about-us?id_employee=1&adtoken=17a327c10d6fe1a726cea9f226d68824&uid=4070101&_=1619509640691','2021-04-27 03:47:27'),(712,1,1,'/img/blocklogo/3.jpg','https://blax-market.com/content/4-about-us?id_employee=1&adtoken=17a327c10d6fe1a726cea9f226d68824&uid=4070101&_=1619509640691','2021-04-27 03:47:27'),(713,1,1,'/img/blocklogo/5.jpg','https://blax-market.com/content/4-about-us?id_employee=1&adtoken=17a327c10d6fe1a726cea9f226d68824&uid=4070101&_=1619509640691','2021-04-27 03:47:28'),(714,1,1,'/img/blocklogo/4.jpg','https://blax-market.com/content/4-about-us?id_employee=1&adtoken=17a327c10d6fe1a726cea9f226d68824&uid=4070101&_=1619509640691','2021-04-27 03:47:28'),(715,1,1,'/img/blocklogo/6.jpg','https://blax-market.com/content/4-about-us?id_employee=1&adtoken=17a327c10d6fe1a726cea9f226d68824&uid=4070101&_=1619509640691','2021-04-27 03:47:29'),(716,1,1,'/img/blocklogo/1.jpg','https://blax-market.com/content/4-about-us?id_employee=1&adtoken=17a327c10d6fe1a726cea9f226d68824&uid=4070101&_=1619509640691','2021-04-27 03:51:25'),(717,1,1,'/img/blocklogo/2.jpg','https://blax-market.com/content/4-about-us?id_employee=1&adtoken=17a327c10d6fe1a726cea9f226d68824&uid=4070101&_=1619509640691','2021-04-27 03:51:26'),(718,1,1,'/img/blocklogo/3.jpg','https://blax-market.com/content/4-about-us?id_employee=1&adtoken=17a327c10d6fe1a726cea9f226d68824&uid=4070101&_=1619509640691','2021-04-27 03:51:26'),(719,1,1,'/img/blocklogo/5.jpg','https://blax-market.com/content/4-about-us?id_employee=1&adtoken=17a327c10d6fe1a726cea9f226d68824&uid=4070101&_=1619509640691','2021-04-27 03:51:26'),(720,1,1,'/img/blocklogo/4.jpg','https://blax-market.com/content/4-about-us?id_employee=1&adtoken=17a327c10d6fe1a726cea9f226d68824&uid=4070101&_=1619509640691','2021-04-27 03:51:27'),(721,1,1,'/img/blocklogo/6.jpg','https://blax-market.com/content/4-about-us?id_employee=1&adtoken=17a327c10d6fe1a726cea9f226d68824&uid=4070101&_=1619509640691','2021-04-27 03:51:28'),(722,1,1,'/img/blocklogo/7.jpg','https://blax-market.com/content/4-about-us?id_employee=1&adtoken=17a327c10d6fe1a726cea9f226d68824&uid=4070101&_=1619509640691','2021-04-27 03:51:28'),(723,1,1,'/modules/posspecialproducts/posspecialproducts.css','https://blax-market.com/content/3-terms-and-conditions-of-use?id_employee=1&adtoken=17a327c10d6fe1a726cea9f226d68824&uid=3070101&_=1619510141511','2021-04-27 03:55:45'),(724,1,1,'/img/blocklogo/1.jpg','https://blax-market.com/content/3-terms-and-conditions-of-use?id_employee=1&adtoken=17a327c10d6fe1a726cea9f226d68824&uid=3070101&_=1619510141511','2021-04-27 03:55:45'),(725,1,1,'/img/blocklogo/2.jpg','https://blax-market.com/content/3-terms-and-conditions-of-use?id_employee=1&adtoken=17a327c10d6fe1a726cea9f226d68824&uid=3070101&_=1619510141511','2021-04-27 03:55:46'),(726,1,1,'/img/blocklogo/7.jpg','https://blax-market.com/content/3-terms-and-conditions-of-use?id_employee=1&adtoken=17a327c10d6fe1a726cea9f226d68824&uid=3070101&_=1619510141511','2021-04-27 03:55:47'),(727,1,1,'/img/blocklogo/4.jpg','https://blax-market.com/content/3-terms-and-conditions-of-use?id_employee=1&adtoken=17a327c10d6fe1a726cea9f226d68824&uid=3070101&_=1619510141511','2021-04-27 03:55:47'),(728,1,1,'/img/blocklogo/3.jpg','https://blax-market.com/content/3-terms-and-conditions-of-use?id_employee=1&adtoken=17a327c10d6fe1a726cea9f226d68824&uid=3070101&_=1619510141511','2021-04-27 03:55:47'),(729,1,1,'/img/blocklogo/5.jpg','https://blax-market.com/content/3-terms-and-conditions-of-use?id_employee=1&adtoken=17a327c10d6fe1a726cea9f226d68824&uid=3070101&_=1619510141511','2021-04-27 03:55:47'),(730,1,1,'/img/blocklogo/6.jpg','https://blax-market.com/content/3-terms-and-conditions-of-use?id_employee=1&adtoken=17a327c10d6fe1a726cea9f226d68824&uid=3070101&_=1619510141511','2021-04-27 03:55:48'),(731,1,1,'/modules/posspecialproducts/posspecialproducts.css','https://blax-market.com/','2021-04-27 04:32:23'),(732,1,1,'/img/postestimonial/sample1.png','https://blax-market.com/','2021-04-27 04:32:24'),(733,1,1,'/img/postestimonial/sample2.png','https://blax-market.com/','2021-04-27 04:32:25'),(734,1,1,'/img/postestimonial/sample3.png','https://blax-market.com/','2021-04-27 04:32:25'),(735,1,1,'/img/postestimonial/sample4.png','https://blax-market.com/','2021-04-27 04:32:25'),(736,1,1,'/img/blocklogo/1.jpg','https://blax-market.com/','2021-04-27 04:32:27'),(737,1,1,'/img/blocklogo/3.jpg','https://blax-market.com/','2021-04-27 04:32:28'),(738,1,1,'/img/blocklogo/6.jpg','https://blax-market.com/','2021-04-27 04:32:29'),(739,1,1,'/img/blocklogo/5.jpg','https://blax-market.com/','2021-04-27 04:32:31'),(740,1,1,'/img/blocklogo/7.jpg','https://blax-market.com/','2021-04-27 04:32:31'),(741,1,1,'/img/blocklogo/2.jpg','https://blax-market.com/','2021-04-27 04:32:31'),(742,1,1,'/img/blocklogo/4.jpg','https://blax-market.com/','2021-04-27 04:32:31'),(743,1,1,'/modules/posspecialproducts/posspecialproducts.css','https://blax-market.com/','2021-04-27 04:33:02'),(744,1,1,'/modules/blockreassurance/views/dist/front.js.map','','2021-04-27 04:33:03'),(745,1,1,'/themes/core.js.map','','2021-04-27 04:33:03'),(746,1,1,'/modules/blockreassurance/views/dist/front.css.map','','2021-04-27 04:33:04'),(747,1,1,'/img/blocklogo/1.jpg','https://blax-market.com/','2021-04-27 04:33:05'),(748,1,1,'/img/blocklogo/2.jpg','https://blax-market.com/','2021-04-27 04:33:05'),(749,1,1,'/img/blocklogo/4.jpg','https://blax-market.com/','2021-04-27 04:33:06'),(750,1,1,'/img/blocklogo/3.jpg','https://blax-market.com/','2021-04-27 04:33:06'),(751,1,1,'/img/blocklogo/5.jpg','https://blax-market.com/','2021-04-27 04:33:06'),(752,1,1,'/img/blocklogo/6.jpg','https://blax-market.com/','2021-04-27 04:33:06'),(753,1,1,'/img/blocklogo/7.jpg','https://blax-market.com/','2021-04-27 04:33:07'),(754,1,1,'/img/blocklogo/1.jpg','https://blax-market.com/','2021-04-27 04:33:30'),(755,1,1,'/img/blocklogo/2.jpg','https://blax-market.com/','2021-04-27 04:33:30'),(756,1,1,'/img/blocklogo/4.jpg','https://blax-market.com/','2021-04-27 04:33:31'),(757,1,1,'/img/blocklogo/3.jpg','https://blax-market.com/','2021-04-27 04:33:31'),(758,1,1,'/img/blocklogo/5.jpg','https://blax-market.com/','2021-04-27 04:33:31'),(759,1,1,'/img/blocklogo/6.jpg','https://blax-market.com/','2021-04-27 04:33:31'),(760,1,1,'/img/blocklogo/7.jpg','https://blax-market.com/','2021-04-27 04:33:31'),(761,1,1,'/img/blocklogo/1.jpg','https://blax-market.com/','2021-04-27 04:34:09'),(762,1,1,'/img/blocklogo/2.jpg','https://blax-market.com/','2021-04-27 04:34:10'),(763,1,1,'/img/blocklogo/3.jpg','https://blax-market.com/','2021-04-27 04:34:10'),(764,1,1,'/img/blocklogo/4.jpg','https://blax-market.com/','2021-04-27 04:34:11'),(765,1,1,'/img/blocklogo/5.jpg','https://blax-market.com/','2021-04-27 04:34:11'),(766,1,1,'/img/blocklogo/7.jpg','https://blax-market.com/','2021-04-27 04:34:11'),(767,1,1,'/img/blocklogo/6.jpg','https://blax-market.com/','2021-04-27 04:34:12'),(768,1,1,'/img/blocklogo/1.jpg','https://blax-market.com/','2021-04-27 04:34:24'),(769,1,1,'/img/blocklogo/2.jpg','https://blax-market.com/','2021-04-27 04:34:24'),(770,1,1,'/img/blocklogo/3.jpg','https://blax-market.com/','2021-04-27 04:34:25'),(771,1,1,'/img/blocklogo/4.jpg','https://blax-market.com/','2021-04-27 04:34:25'),(772,1,1,'/img/blocklogo/5.jpg','https://blax-market.com/','2021-04-27 04:34:25'),(773,1,1,'/img/blocklogo/6.jpg','https://blax-market.com/','2021-04-27 04:34:26'),(774,1,1,'/img/blocklogo/7.jpg','https://blax-market.com/','2021-04-27 04:34:26'),(775,1,1,'/img/blocklogo/2.jpg','https://blax-market.com/','2021-04-27 04:34:33'),(776,1,1,'/img/blocklogo/3.jpg','https://blax-market.com/','2021-04-27 04:34:33'),(777,1,1,'/img/blocklogo/1.jpg','https://blax-market.com/','2021-04-27 04:34:33'),(778,1,1,'/img/blocklogo/4.jpg','https://blax-market.com/','2021-04-27 04:34:33'),(779,1,1,'/img/blocklogo/6.jpg','https://blax-market.com/','2021-04-27 04:34:34'),(780,1,1,'/img/blocklogo/5.jpg','https://blax-market.com/','2021-04-27 04:34:34'),(781,1,1,'/img/blocklogo/7.jpg','https://blax-market.com/','2021-04-27 04:34:35'),(782,1,1,'/img/blocklogo/1.jpg','https://blax-market.com/','2021-04-27 04:34:35'),(783,1,1,'/img/blocklogo/2.jpg','https://blax-market.com/','2021-04-27 04:34:35'),(784,1,1,'/img/blocklogo/3.jpg','https://blax-market.com/','2021-04-27 04:34:35'),(785,1,1,'/img/blocklogo/5.jpg','https://blax-market.com/','2021-04-27 04:34:36'),(786,1,1,'/img/blocklogo/4.jpg','https://blax-market.com/','2021-04-27 04:34:36'),(787,1,1,'/img/blocklogo/6.jpg','https://blax-market.com/','2021-04-27 04:34:37'),(788,1,1,'/img/blocklogo/7.jpg','https://blax-market.com/','2021-04-27 04:34:37'),(789,1,1,'/img/blocklogo/2.jpg','https://blax-market.com/','2021-04-27 04:34:41'),(790,1,1,'/img/blocklogo/3.jpg','https://blax-market.com/','2021-04-27 04:34:41'),(791,1,1,'/img/blocklogo/4.jpg','https://blax-market.com/','2021-04-27 04:34:42'),(792,1,1,'/img/blocklogo/6.jpg','https://blax-market.com/','2021-04-27 04:34:42'),(793,1,1,'/img/blocklogo/5.jpg','https://blax-market.com/','2021-04-27 04:34:42'),(794,1,1,'/img/blocklogo/1.jpg','https://blax-market.com/','2021-04-27 04:34:42'),(795,1,1,'/img/blocklogo/7.jpg','https://blax-market.com/','2021-04-27 04:34:43'),(796,1,1,'/img/blocklogo/2.jpg','https://blax-market.com/','2021-04-27 04:34:44'),(797,1,1,'/img/blocklogo/3.jpg','https://blax-market.com/','2021-04-27 04:34:45'),(798,1,1,'/img/blocklogo/4.jpg','https://blax-market.com/','2021-04-27 04:34:45'),(799,1,1,'/img/blocklogo/1.jpg','https://blax-market.com/','2021-04-27 04:34:45'),(800,1,1,'/img/blocklogo/5.jpg','https://blax-market.com/','2021-04-27 04:34:46'),(801,1,1,'/img/blocklogo/6.jpg','https://blax-market.com/','2021-04-27 04:34:46'),(802,1,1,'/img/blocklogo/7.jpg','https://blax-market.com/','2021-04-27 04:34:46'),(803,1,1,'/modules/posspecialproducts/posspecialproducts.css','https://blax-market.com/10-paintings','2021-04-27 04:35:07'),(804,1,1,'/modules/blockreassurance/views/dist/front.css.map','','2021-04-27 04:35:07'),(805,1,1,'/img/blocklogo/1.jpg','https://blax-market.com/10-paintings','2021-04-27 04:35:08'),(806,1,1,'/img/blocklogo/3.jpg','https://blax-market.com/10-paintings','2021-04-27 04:35:08'),(807,1,1,'/img/blocklogo/2.jpg','https://blax-market.com/10-paintings','2021-04-27 04:35:10'),(808,1,1,'/img/blocklogo/4.jpg','https://blax-market.com/10-paintings','2021-04-27 04:35:10'),(809,1,1,'/img/blocklogo/7.jpg','https://blax-market.com/10-paintings','2021-04-27 04:35:11'),(810,1,1,'/modules/ps_facetedsearch/views/dist/front.css.map','','2021-04-27 04:35:12'),(811,1,1,'/img/blocklogo/5.jpg','https://blax-market.com/10-paintings','2021-04-27 04:35:13'),(812,1,1,'/img/blocklogo/6.jpg','https://blax-market.com/10-paintings','2021-04-27 04:35:14'),(813,1,1,'/modules/ps_facetedsearch/views/dist/front.js.map','','2021-04-27 04:35:15'),(814,1,1,'/themes/core.js.map','','2021-04-27 04:35:16'),(815,1,1,'/modules/blockreassurance/views/dist/front.js.map','','2021-04-27 04:35:16'),(816,1,1,'/modules/posspecialproducts/posspecialproducts.css','https://blax-market.com/10-paintings','2021-04-27 04:35:33'),(817,1,1,'/modules/blockreassurance/views/dist/front.css.map','','2021-04-27 04:35:34'),(818,1,1,'/img/blocklogo/1.jpg','https://blax-market.com/10-paintings','2021-04-27 04:35:35'),(819,1,1,'/img/blocklogo/2.jpg','https://blax-market.com/10-paintings','2021-04-27 04:35:35'),(820,1,1,'/img/blocklogo/7.jpg','https://blax-market.com/10-paintings','2021-04-27 04:35:35'),(821,1,1,'/img/blocklogo/3.jpg','https://blax-market.com/10-paintings','2021-04-27 04:35:35'),(822,1,1,'/img/blocklogo/4.jpg','https://blax-market.com/10-paintings','2021-04-27 04:35:35'),(823,1,1,'/img/blocklogo/5.jpg','https://blax-market.com/10-paintings','2021-04-27 04:35:36'),(824,1,1,'/img/blocklogo/6.jpg','https://blax-market.com/10-paintings','2021-04-27 04:35:36'),(825,1,1,'/modules/ps_facetedsearch/views/dist/front.css.map','','2021-04-27 04:35:36'),(826,1,1,'/themes/core.js.map','','2021-04-27 04:35:36'),(827,1,1,'/modules/ps_facetedsearch/views/dist/front.js.map','','2021-04-27 04:35:37'),(828,1,1,'/modules/blockreassurance/views/dist/front.js.map','','2021-04-27 04:35:37'),(829,1,1,'/img/blocklogo/2.jpg','https://blax-market.com/10-paintings','2021-04-27 04:35:39'),(830,1,1,'/img/blocklogo/1.jpg','https://blax-market.com/10-paintings','2021-04-27 04:35:40'),(831,1,1,'/img/blocklogo/4.jpg','https://blax-market.com/10-paintings','2021-04-27 04:35:40'),(832,1,1,'/img/blocklogo/5.jpg','https://blax-market.com/10-paintings','2021-04-27 04:35:40'),(833,1,1,'/img/blocklogo/3.jpg','https://blax-market.com/10-paintings','2021-04-27 04:35:41'),(834,1,1,'/img/blocklogo/6.jpg','https://blax-market.com/10-paintings','2021-04-27 04:35:42'),(835,1,1,'/img/blocklogo/7.jpg','https://blax-market.com/10-paintings','2021-04-27 04:35:42'),(836,1,1,'/img/blocklogo/1.jpg','https://blax-market.com/10-paintings','2021-04-27 04:41:18'),(837,1,1,'/img/blocklogo/2.jpg','https://blax-market.com/10-paintings','2021-04-27 04:41:18'),(838,1,1,'/img/blocklogo/3.jpg','https://blax-market.com/10-paintings','2021-04-27 04:41:19'),(839,1,1,'/img/blocklogo/5.jpg','https://blax-market.com/10-paintings','2021-04-27 04:41:19'),(840,1,1,'/img/blocklogo/4.jpg','https://blax-market.com/10-paintings','2021-04-27 04:41:19'),(841,1,1,'/img/blocklogo/6.jpg','https://blax-market.com/10-paintings','2021-04-27 04:41:19'),(842,1,1,'/img/blocklogo/7.jpg','https://blax-market.com/10-paintings','2021-04-27 04:41:20'),(843,1,1,'/img/blocklogo/7.jpg','https://blax-market.com/10-paintings','2021-04-27 04:43:36'),(844,1,1,'/img/blocklogo/1.jpg','https://blax-market.com/10-paintings','2021-04-27 04:43:37'),(845,1,1,'/img/blocklogo/3.jpg','https://blax-market.com/10-paintings','2021-04-27 04:43:37'),(846,1,1,'/img/blocklogo/2.jpg','https://blax-market.com/10-paintings','2021-04-27 04:43:37'),(847,1,1,'/img/blocklogo/4.jpg','https://blax-market.com/10-paintings','2021-04-27 04:43:37'),(848,1,1,'/img/blocklogo/5.jpg','https://blax-market.com/10-paintings','2021-04-27 04:43:38'),(849,1,1,'/img/blocklogo/6.jpg','https://blax-market.com/10-paintings','2021-04-27 04:43:38'),(850,1,1,'/modules/posspecialproducts/posspecialproducts.css','https://blax-market.com/10-paintings','2021-04-27 04:43:57'),(851,1,1,'/img/blocklogo/1.jpg','https://blax-market.com/10-paintings','2021-04-27 04:43:58'),(852,1,1,'/img/blocklogo/2.jpg','https://blax-market.com/10-paintings','2021-04-27 04:43:59'),(853,1,1,'/img/blocklogo/3.jpg','https://blax-market.com/10-paintings','2021-04-27 04:43:59'),(854,1,1,'/img/blocklogo/4.jpg','https://blax-market.com/10-paintings','2021-04-27 04:44:00'),(855,1,1,'/img/blocklogo/5.jpg','https://blax-market.com/10-paintings','2021-04-27 04:44:00'),(856,1,1,'/img/blocklogo/6.jpg','https://blax-market.com/10-paintings','2021-04-27 04:44:01'),(857,1,1,'/img/blocklogo/7.jpg','https://blax-market.com/10-paintings','2021-04-27 04:44:01'),(858,1,1,'/img/blocklogo/1.jpg','https://blax-market.com/10-paintings','2021-04-27 04:44:02'),(859,1,1,'/img/admin/cog.gif','https://blax-market.com/adminblax/index.php?controller=AdminModules&configure=posvegamenu&token=de4ec18c2f247776a3f90fc56f2176f2','2021-04-27 05:08:05'),(860,1,1,'/modules/posspecialproducts/posspecialproducts.css','https://blax-market.com/10-paintings','2021-04-27 05:08:22'),(861,1,1,'/img/blocklogo/1.jpg','https://blax-market.com/10-paintings','2021-04-27 05:08:23'),(862,1,1,'/img/blocklogo/2.jpg','https://blax-market.com/10-paintings','2021-04-27 05:08:23'),(863,1,1,'/img/blocklogo/3.jpg','https://blax-market.com/10-paintings','2021-04-27 05:08:23'),(864,1,1,'/img/blocklogo/4.jpg','https://blax-market.com/10-paintings','2021-04-27 05:08:23'),(865,1,1,'/img/blocklogo/5.jpg','https://blax-market.com/10-paintings','2021-04-27 05:08:23'),(866,1,1,'/img/blocklogo/6.jpg','https://blax-market.com/10-paintings','2021-04-27 05:08:24'),(867,1,1,'/img/blocklogo/7.jpg','https://blax-market.com/10-paintings','2021-04-27 05:08:24'),(868,1,1,'/themes/core.js.map','','2021-04-27 05:08:24'),(869,1,1,'/modules/ps_facetedsearch/views/dist/front.js.map','','2021-04-27 05:08:24'),(870,1,1,'/modules/ps_facetedsearch/views/dist/front.css.map','','2021-04-27 05:08:25'),(871,1,1,'/modules/blockreassurance/views/dist/front.css.map','','2021-04-27 05:08:25'),(872,1,1,'/modules/posspecialproducts/posspecialproducts.css','https://blax-market.com/10-paintings','2021-04-27 05:10:18'),(873,1,1,'/modules/blockreassurance/views/dist/front.css.map','','2021-04-27 05:10:18'),(874,1,1,'/modules/ps_facetedsearch/views/dist/front.css.map','','2021-04-27 05:10:19'),(875,1,1,'/img/blocklogo/1.jpg','https://blax-market.com/10-paintings','2021-04-27 05:10:19'),(876,1,1,'/img/blocklogo/2.jpg','https://blax-market.com/10-paintings','2021-04-27 05:10:19'),(877,1,1,'/themes/core.js.map','','2021-04-27 05:10:19'),(878,1,1,'/modules/blockreassurance/views/dist/front.js.map','','2021-04-27 05:10:20'),(879,1,1,'/img/blocklogo/3.jpg','https://blax-market.com/10-paintings','2021-04-27 05:10:20'),(880,1,1,'/img/blocklogo/4.jpg','https://blax-market.com/10-paintings','2021-04-27 05:10:20'),(881,1,1,'/img/blocklogo/5.jpg','https://blax-market.com/10-paintings','2021-04-27 05:10:21'),(882,1,1,'/img/blocklogo/6.jpg','https://blax-market.com/10-paintings','2021-04-27 05:10:21'),(883,1,1,'/img/blocklogo/7.jpg','https://blax-market.com/10-paintings','2021-04-27 05:10:21'),(884,1,1,'/modules/ps_facetedsearch/views/dist/front.js.map','','2021-04-27 05:10:21'),(885,1,1,'/modules/posspecialproducts/posspecialproducts.css','https://blax-market.com/','2021-04-27 05:10:30'),(886,1,1,'/modules/blockreassurance/views/dist/front.css.map','','2021-04-27 05:10:31'),(887,1,1,'/img/postestimonial/sample1.png','https://blax-market.com/','2021-04-27 05:10:31'),(888,1,1,'/img/postestimonial/sample2.png','https://blax-market.com/','2021-04-27 05:10:31'),(889,1,1,'/img/postestimonial/sample3.png','https://blax-market.com/','2021-04-27 05:10:32'),(890,1,1,'/img/blocklogo/1.jpg','https://blax-market.com/','2021-04-27 05:10:32'),(891,1,1,'/img/blocklogo/3.jpg','https://blax-market.com/','2021-04-27 05:10:33'),(892,1,1,'/img/postestimonial/sample4.png','https://blax-market.com/','2021-04-27 05:10:34'),(893,1,1,'/img/blocklogo/2.jpg','https://blax-market.com/','2021-04-27 05:10:34'),(894,1,1,'/img/blocklogo/5.jpg','https://blax-market.com/','2021-04-27 05:10:35'),(895,1,1,'/themes/core.js.map','','2021-04-27 05:10:36'),(896,1,1,'/img/blocklogo/4.jpg','https://blax-market.com/','2021-04-27 05:10:36'),(897,1,1,'/img/blocklogo/6.jpg','https://blax-market.com/','2021-04-27 05:10:37'),(898,1,1,'/modules/blockreassurance/views/dist/front.js.map','','2021-04-27 05:10:37'),(899,1,1,'/img/blocklogo/7.jpg','https://blax-market.com/','2021-04-27 05:10:37'),(900,1,1,'/img/blocklogo/2.jpg','https://blax-market.com/','2021-04-27 05:10:46'),(901,1,1,'/img/blocklogo/1.jpg','https://blax-market.com/','2021-04-27 05:10:46'),(902,1,1,'/img/blocklogo/3.jpg','https://blax-market.com/','2021-04-27 05:10:46'),(903,1,1,'/img/blocklogo/4.jpg','https://blax-market.com/','2021-04-27 05:10:46'),(904,1,1,'/img/blocklogo/5.jpg','https://blax-market.com/','2021-04-27 05:10:46'),(905,1,1,'/img/blocklogo/6.jpg','https://blax-market.com/','2021-04-27 05:10:46'),(906,1,1,'/img/blocklogo/7.jpg','https://blax-market.com/','2021-04-27 05:10:47'),(907,1,1,'/modules/posspecialproducts/posspecialproducts.css','https://blax-market.com/','2021-04-27 05:11:13'),(908,1,1,'/img/postestimonial/sample1.png','https://blax-market.com/','2021-04-27 05:11:14'),(909,1,1,'/img/postestimonial/sample2.png','https://blax-market.com/','2021-04-27 05:11:14'),(910,1,1,'/img/postestimonial/sample3.png','https://blax-market.com/','2021-04-27 05:11:15'),(911,1,1,'/img/postestimonial/sample4.png','https://blax-market.com/','2021-04-27 05:11:15'),(912,1,1,'/img/blocklogo/1.jpg','https://blax-market.com/','2021-04-27 05:11:17'),(913,1,1,'/img/blocklogo/2.jpg','https://blax-market.com/','2021-04-27 05:11:18'),(914,1,1,'/img/blocklogo/3.jpg','https://blax-market.com/','2021-04-27 05:11:18'),(915,1,1,'/img/blocklogo/4.jpg','https://blax-market.com/','2021-04-27 05:11:19'),(916,1,1,'/img/blocklogo/5.jpg','https://blax-market.com/','2021-04-27 05:11:20'),(917,1,1,'/img/blocklogo/6.jpg','https://blax-market.com/','2021-04-27 05:11:20'),(918,1,1,'/img/blocklogo/7.jpg','https://blax-market.com/','2021-04-27 05:11:20'),(919,1,1,'/img/blocklogo/1.jpg','https://blax-market.com/','2021-04-27 05:11:20'),(920,1,1,'/img/blocklogo/2.jpg','https://blax-market.com/','2021-04-27 05:11:20'),(921,1,1,'/img/blocklogo/3.jpg','https://blax-market.com/','2021-04-27 05:11:21'),(922,1,1,'/modules/posspecialproducts/posspecialproducts.css','https://blax-market.com/','2021-04-27 05:11:28'),(923,1,1,'/img/postestimonial/sample1.png','https://blax-market.com/','2021-04-27 05:11:28'),(924,1,1,'/img/postestimonial/sample2.png','https://blax-market.com/','2021-04-27 05:11:29'),(925,1,1,'/img/postestimonial/sample4.png','https://blax-market.com/','2021-04-27 05:11:29'),(926,1,1,'/img/blocklogo/2.jpg','https://blax-market.com/','2021-04-27 05:11:30'),(927,1,1,'/img/postestimonial/sample3.png','https://blax-market.com/','2021-04-27 05:11:30'),(928,1,1,'/img/blocklogo/1.jpg','https://blax-market.com/','2021-04-27 05:11:30'),(929,1,1,'/img/blocklogo/3.jpg','https://blax-market.com/','2021-04-27 05:11:30'),(930,1,1,'/img/blocklogo/4.jpg','https://blax-market.com/','2021-04-27 05:11:31'),(931,1,1,'/img/blocklogo/5.jpg','https://blax-market.com/','2021-04-27 05:11:31'),(932,1,1,'/img/blocklogo/6.jpg','https://blax-market.com/','2021-04-27 05:11:31'),(933,1,1,'/img/blocklogo/7.jpg','https://blax-market.com/','2021-04-27 05:11:31'),(934,1,1,'/modules/posspecialproducts/posspecialproducts.css','https://blax-market.com/','2021-04-27 05:11:38'),(935,1,1,'/themes/core.js.map','','2021-04-27 05:11:39'),(936,1,1,'/modules/blockreassurance/views/dist/front.js.map','','2021-04-27 05:11:39'),(937,1,1,'/img/blocklogo/2.jpg','https://blax-market.com/','2021-04-27 05:11:40'),(938,1,1,'/img/blocklogo/3.jpg','https://blax-market.com/','2021-04-27 05:11:40'),(939,1,1,'/img/blocklogo/4.jpg','https://blax-market.com/','2021-04-27 05:11:41'),(940,1,1,'/img/blocklogo/1.jpg','https://blax-market.com/','2021-04-27 05:11:41'),(941,1,1,'/img/blocklogo/5.jpg','https://blax-market.com/','2021-04-27 05:11:41'),(942,1,1,'/img/blocklogo/6.jpg','https://blax-market.com/','2021-04-27 05:11:41'),(943,1,1,'/img/blocklogo/7.jpg','https://blax-market.com/','2021-04-27 05:11:42'),(944,1,1,'/modules/blockreassurance/views/dist/front.css.map','','2021-04-27 05:11:42'),(945,1,1,'/modules/posspecialproducts/posspecialproducts.css','https://blax-market.com/','2021-04-27 05:12:38'),(946,1,1,'/img/postestimonial/sample1.png','https://blax-market.com/','2021-04-27 05:12:38'),(947,1,1,'/modules/blockreassurance/views/dist/front.css.map','','2021-04-27 05:12:39'),(948,1,1,'/img/postestimonial/sample2.png','https://blax-market.com/','2021-04-27 05:12:39'),(949,1,1,'/img/postestimonial/sample3.png','https://blax-market.com/','2021-04-27 05:12:39'),(950,1,1,'/img/postestimonial/sample4.png','https://blax-market.com/','2021-04-27 05:12:40'),(951,1,1,'/img/blocklogo/1.jpg','https://blax-market.com/','2021-04-27 05:12:41'),(952,1,1,'/img/blocklogo/2.jpg','https://blax-market.com/','2021-04-27 05:12:41'),(953,1,1,'/img/blocklogo/4.jpg','https://blax-market.com/','2021-04-27 05:12:41'),(954,1,1,'/img/blocklogo/5.jpg','https://blax-market.com/','2021-04-27 05:12:42'),(955,1,1,'/img/blocklogo/3.jpg','https://blax-market.com/','2021-04-27 05:12:42'),(956,1,1,'/img/blocklogo/6.jpg','https://blax-market.com/','2021-04-27 05:12:42'),(957,1,1,'/themes/core.js.map','','2021-04-27 05:12:42'),(958,1,1,'/img/blocklogo/7.jpg','https://blax-market.com/','2021-04-27 05:12:43'),(959,1,1,'/modules/blockreassurance/views/dist/front.js.map','','2021-04-27 05:12:43'),(960,1,1,'/img/postestimonial/sample1.png','https://blax-market.com/','2021-04-27 05:12:52'),(961,1,1,'/modules/blockreassurance/views/dist/front.css.map','','2021-04-27 05:12:52'),(962,1,1,'/modules/posspecialproducts/posspecialproducts.css','https://blax-market.com/','2021-04-27 05:12:53'),(963,1,1,'/img/postestimonial/sample2.png','https://blax-market.com/','2021-04-27 05:12:53'),(964,1,1,'/img/postestimonial/sample3.png','https://blax-market.com/','2021-04-27 05:12:54'),(965,1,1,'/img/postestimonial/sample4.png','https://blax-market.com/','2021-04-27 05:12:55'),(966,1,1,'/themes/core.js.map','','2021-04-27 05:12:55'),(967,1,1,'/modules/blockreassurance/views/dist/front.js.map','','2021-04-27 05:12:56'),(968,1,1,'/img/blocklogo/1.jpg','https://blax-market.com/','2021-04-27 05:12:57'),(969,1,1,'/img/blocklogo/2.jpg','https://blax-market.com/','2021-04-27 05:12:57'),(970,1,1,'/img/blocklogo/3.jpg','https://blax-market.com/','2021-04-27 05:12:57'),(971,1,1,'/img/blocklogo/4.jpg','https://blax-market.com/','2021-04-27 05:12:58'),(972,1,1,'/img/blocklogo/5.jpg','https://blax-market.com/','2021-04-27 05:12:58'),(973,1,1,'/img/blocklogo/6.jpg','https://blax-market.com/','2021-04-27 05:12:59'),(974,1,1,'/img/blocklogo/7.jpg','https://blax-market.com/','2021-04-27 05:12:59'),(975,1,1,'/modules/posspecialproducts/posspecialproducts.css','https://blax-market.com/','2021-04-27 05:13:05'),(976,1,1,'/img/postestimonial/sample1.png','https://blax-market.com/','2021-04-27 05:13:06'),(977,1,1,'/modules/blockreassurance/views/dist/front.css.map','','2021-04-27 05:13:06'),(978,1,1,'/img/postestimonial/sample2.png','https://blax-market.com/','2021-04-27 05:13:06'),(979,1,1,'/img/postestimonial/sample3.png','https://blax-market.com/','2021-04-27 05:13:07'),(980,1,1,'/img/postestimonial/sample4.png','https://blax-market.com/','2021-04-27 05:13:07'),(981,1,1,'/img/blocklogo/1.jpg','https://blax-market.com/','2021-04-27 05:13:09'),(982,1,1,'/img/blocklogo/2.jpg','https://blax-market.com/','2021-04-27 05:13:09'),(983,1,1,'/img/blocklogo/3.jpg','https://blax-market.com/','2021-04-27 05:13:10'),(984,1,1,'/themes/core.js.map','','2021-04-27 05:13:11'),(985,1,1,'/modules/blockreassurance/views/dist/front.js.map','','2021-04-27 05:13:11'),(986,1,1,'/img/blocklogo/4.jpg','https://blax-market.com/','2021-04-27 05:13:12'),(987,1,1,'/img/blocklogo/5.jpg','https://blax-market.com/','2021-04-27 05:13:12'),(988,1,1,'/img/blocklogo/6.jpg','https://blax-market.com/','2021-04-27 05:13:13'),(989,1,1,'/img/blocklogo/7.jpg','https://blax-market.com/','2021-04-27 05:13:13'),(990,1,1,'/img/blocklogo/1.jpg','https://blax-market.com/','2021-04-27 05:13:14'),(991,1,1,'/img/blocklogo/1.jpg','https://blax-market.com/','2021-04-27 05:13:32'),(992,1,1,'/img/blocklogo/2.jpg','https://blax-market.com/','2021-04-27 05:13:32'),(993,1,1,'/img/blocklogo/4.jpg','https://blax-market.com/','2021-04-27 05:13:33'),(994,1,1,'/img/blocklogo/3.jpg','https://blax-market.com/','2021-04-27 05:13:33'),(995,1,1,'/img/blocklogo/5.jpg','https://blax-market.com/','2021-04-27 05:13:39'),(996,1,1,'/img/blocklogo/6.jpg','https://blax-market.com/','2021-04-27 05:13:39'),(997,1,1,'/modules/posspecialproducts/posspecialproducts.css','https://blax-market.com/','2021-04-27 05:13:40'),(998,1,1,'/img/blocklogo/7.jpg','https://blax-market.com/','2021-04-27 05:13:40'),(999,1,1,'/img/postestimonial/sample1.png','https://blax-market.com/','2021-04-27 05:13:42'),(1000,1,1,'/img/postestimonial/sample2.png','https://blax-market.com/','2021-04-27 05:13:43'),(1001,1,1,'/img/blocklogo/1.jpg','https://blax-market.com/','2021-04-27 05:13:43'),(1002,1,1,'/img/postestimonial/sample3.png','https://blax-market.com/','2021-04-27 05:13:44'),(1003,1,1,'/img/postestimonial/sample4.png','https://blax-market.com/','2021-04-27 05:13:44'),(1004,1,1,'/img/blocklogo/2.jpg','https://blax-market.com/','2021-04-27 05:13:44'),(1005,1,1,'/img/blocklogo/3.jpg','https://blax-market.com/','2021-04-27 05:13:45'),(1006,1,1,'/img/blocklogo/4.jpg','https://blax-market.com/','2021-04-27 05:13:45'),(1007,1,1,'/img/blocklogo/5.jpg','https://blax-market.com/','2021-04-27 05:13:45'),(1008,1,1,'/img/blocklogo/6.jpg','https://blax-market.com/','2021-04-27 05:13:46'),(1009,1,1,'/img/blocklogo/7.jpg','https://blax-market.com/','2021-04-27 05:13:46'),(1010,1,1,'/modules/posspecialproducts/posspecialproducts.css','https://blax-market.com/','2021-04-27 05:13:50'),(1011,1,1,'/themes/core.js.map','','2021-04-27 05:13:51'),(1012,1,1,'/modules/blockreassurance/views/dist/front.js.map','','2021-04-27 05:13:51'),(1013,1,1,'/img/blocklogo/1.jpg','https://blax-market.com/','2021-04-27 05:13:53'),(1014,1,1,'/img/blocklogo/2.jpg','https://blax-market.com/','2021-04-27 05:13:53'),(1015,1,1,'/img/blocklogo/3.jpg','https://blax-market.com/','2021-04-27 05:13:54'),(1016,1,1,'/img/blocklogo/4.jpg','https://blax-market.com/','2021-04-27 05:13:54'),(1017,1,1,'/img/blocklogo/5.jpg','https://blax-market.com/','2021-04-27 05:13:55'),(1018,1,1,'/img/blocklogo/6.jpg','https://blax-market.com/','2021-04-27 05:13:59'),(1019,1,1,'/modules/blockreassurance/views/dist/front.css.map','','2021-04-27 05:13:59'),(1020,1,1,'/modules/posspecialproducts/posspecialproducts.css','https://blax-market.com/','2021-04-27 05:13:59'),(1021,1,1,'/img/postestimonial/sample1.png','https://blax-market.com/','2021-04-27 05:14:00'),(1022,1,1,'/modules/blockreassurance/views/dist/front.css.map','','2021-04-27 05:14:01'),(1023,1,1,'/img/blocklogo/7.jpg','https://blax-market.com/','2021-04-27 05:14:03'),(1024,1,1,'/img/postestimonial/sample4.png','https://blax-market.com/','2021-04-27 05:14:03'),(1025,1,1,'/img/postestimonial/sample2.png','https://blax-market.com/','2021-04-27 05:14:04'),(1026,1,1,'/img/postestimonial/sample3.png','https://blax-market.com/','2021-04-27 05:14:04'),(1027,1,1,'/img/blocklogo/2.jpg','https://blax-market.com/','2021-04-27 05:14:04'),(1028,1,1,'/img/blocklogo/1.jpg','https://blax-market.com/','2021-04-27 05:14:05'),(1029,1,1,'/img/blocklogo/3.jpg','https://blax-market.com/','2021-04-27 05:14:05'),(1030,1,1,'/img/blocklogo/5.jpg','https://blax-market.com/','2021-04-27 05:14:06'),(1031,1,1,'/img/blocklogo/6.jpg','https://blax-market.com/','2021-04-27 05:14:06'),(1032,1,1,'/img/blocklogo/4.jpg','https://blax-market.com/','2021-04-27 05:14:07'),(1033,1,1,'/img/blocklogo/7.jpg','https://blax-market.com/','2021-04-27 05:14:07'),(1034,1,1,'/themes/core.js.map','','2021-04-27 05:14:07'),(1035,1,1,'/modules/blockreassurance/views/dist/front.js.map','','2021-04-27 05:14:08'),(1036,1,1,'/modules/posspecialproducts/posspecialproducts.css','https://blax-market.com/men/1-1-hummingbird-printed-t-shirt.html','2021-04-27 05:14:23'),(1037,1,1,'/modules/blockreassurance/views/dist/front.css.map','','2021-04-27 05:14:23'),(1038,1,1,'/img/blocklogo/1.jpg','https://blax-market.com/men/1-1-hummingbird-printed-t-shirt.html','2021-04-27 05:14:24'),(1039,1,1,'/img/blocklogo/3.jpg','https://blax-market.com/men/1-1-hummingbird-printed-t-shirt.html','2021-04-27 05:14:26'),(1040,1,1,'/img/blocklogo/5.jpg','https://blax-market.com/men/1-1-hummingbird-printed-t-shirt.html','2021-04-27 05:14:26'),(1041,1,1,'/img/blocklogo/2.jpg','https://blax-market.com/men/1-1-hummingbird-printed-t-shirt.html','2021-04-27 05:14:27'),(1042,1,1,'/img/blocklogo/6.jpg','https://blax-market.com/men/1-1-hummingbird-printed-t-shirt.html','2021-04-27 05:14:27'),(1043,1,1,'/img/blocklogo/4.jpg','https://blax-market.com/men/1-1-hummingbird-printed-t-shirt.html','2021-04-27 05:14:27'),(1044,1,1,'/img/blocklogo/7.jpg','https://blax-market.com/men/1-1-hummingbird-printed-t-shirt.html','2021-04-27 05:14:28'),(1045,1,1,'/themes/core.js.map','','2021-04-27 05:14:28'),(1046,1,1,'/modules/blockreassurance/views/dist/front.js.map','','2021-04-27 05:14:28'),(1047,1,1,'/modules/posspecialproducts/posspecialproducts.css','https://blax-market.com/','2021-04-27 05:14:56'),(1048,1,1,'/img/blocklogo/2.jpg','','2021-04-27 05:15:03'),(1049,1,1,'/img/blocklogo/1.jpg','','2021-04-27 05:15:04'),(1050,1,1,'/img/blocklogo/3.jpg','','2021-04-27 05:15:05'),(1051,1,1,'/img/blocklogo/4.jpg','','2021-04-27 05:15:06'),(1052,1,1,'/img/postestimonial/sample1.png','https://blax-market.com/','2021-04-27 05:15:07'),(1053,1,1,'/img/postestimonial/sample3.png','https://blax-market.com/','2021-04-27 05:15:07'),(1054,1,1,'/img/postestimonial/sample4.png','https://blax-market.com/','2021-04-27 05:15:08'),(1055,1,1,'/img/postestimonial/sample2.png','https://blax-market.com/','2021-04-27 05:15:08'),(1056,1,1,'/img/blocklogo/6.jpg','','2021-04-27 05:15:09'),(1057,1,1,'/img/blocklogo/5.jpg','','2021-04-27 05:15:09'),(1058,1,1,'/img/blocklogo/7.jpg','','2021-04-27 05:15:10'),(1059,1,1,'/img/blocklogo/1.jpg','','2021-04-27 05:15:12'),(1060,1,1,'/img/blocklogo/3.jpg','','2021-04-27 05:15:12'),(1061,1,1,'/img/blocklogo/2.jpg','','2021-04-27 05:15:13'),(1062,1,1,'/img/blocklogo/4.jpg','https://blax-market.com/men/1-1-hummingbird-printed-t-shirt.html','2021-04-27 05:15:36'),(1063,1,1,'/img/blocklogo/1.jpg','https://blax-market.com/men/1-1-hummingbird-printed-t-shirt.html','2021-04-27 05:15:37'),(1064,1,1,'/img/blocklogo/3.jpg','https://blax-market.com/men/1-1-hummingbird-printed-t-shirt.html','2021-04-27 05:15:37'),(1065,1,1,'/img/blocklogo/6.jpg','https://blax-market.com/men/1-1-hummingbird-printed-t-shirt.html','2021-04-27 05:15:37'),(1066,1,1,'/img/blocklogo/2.jpg','https://blax-market.com/men/1-1-hummingbird-printed-t-shirt.html','2021-04-27 05:15:37'),(1067,1,1,'/img/blocklogo/5.jpg','https://blax-market.com/men/1-1-hummingbird-printed-t-shirt.html','2021-04-27 05:15:37'),(1068,1,1,'/img/blocklogo/7.jpg','https://blax-market.com/men/1-1-hummingbird-printed-t-shirt.html','2021-04-27 05:15:38'),(1069,1,1,'/modules/posspecialproducts/posspecialproducts.css','https://blax-market.com/men/1-1-hummingbird-printed-t-shirt.html','2021-04-27 05:15:40'),(1070,1,1,'/img/blocklogo/1.jpg','https://blax-market.com/men/1-1-hummingbird-printed-t-shirt.html','2021-04-27 05:15:41'),(1071,1,1,'/img/blocklogo/2.jpg','https://blax-market.com/men/1-1-hummingbird-printed-t-shirt.html','2021-04-27 05:15:41'),(1072,1,1,'/img/blocklogo/3.jpg','https://blax-market.com/men/1-1-hummingbird-printed-t-shirt.html','2021-04-27 05:15:41'),(1073,1,1,'/img/blocklogo/4.jpg','https://blax-market.com/men/1-1-hummingbird-printed-t-shirt.html','2021-04-27 05:15:42'),(1074,1,1,'/img/blocklogo/6.jpg','https://blax-market.com/men/1-1-hummingbird-printed-t-shirt.html','2021-04-27 05:15:42'),(1075,1,1,'/img/blocklogo/5.jpg','https://blax-market.com/men/1-1-hummingbird-printed-t-shirt.html','2021-04-27 05:15:42'),(1076,1,1,'/img/blocklogo/7.jpg','https://blax-market.com/men/1-1-hummingbird-printed-t-shirt.html','2021-04-27 05:15:42'),(1077,1,1,'/modules/posspecialproducts/posspecialproducts.css','https://blax-market.com/men/1-1-hummingbird-printed-t-shirt.html','2021-04-27 05:15:47'),(1078,1,1,'/themes/core.js.map','','2021-04-27 05:15:47'),(1079,1,1,'/img/blocklogo/1.jpg','https://blax-market.com/men/1-1-hummingbird-printed-t-shirt.html','2021-04-27 05:15:47'),(1080,1,1,'/img/blocklogo/4.jpg','https://blax-market.com/men/1-1-hummingbird-printed-t-shirt.html','2021-04-27 05:15:48'),(1081,1,1,'/img/blocklogo/2.jpg','https://blax-market.com/men/1-1-hummingbird-printed-t-shirt.html','2021-04-27 05:15:48'),(1082,1,1,'/img/blocklogo/3.jpg','https://blax-market.com/men/1-1-hummingbird-printed-t-shirt.html','2021-04-27 05:15:48'),(1083,1,1,'/img/blocklogo/5.jpg','https://blax-market.com/men/1-1-hummingbird-printed-t-shirt.html','2021-04-27 05:15:48'),(1084,1,1,'/img/blocklogo/6.jpg','https://blax-market.com/men/1-1-hummingbird-printed-t-shirt.html','2021-04-27 05:15:48'),(1085,1,1,'/img/blocklogo/7.jpg','https://blax-market.com/men/1-1-hummingbird-printed-t-shirt.html','2021-04-27 05:15:49'),(1086,1,1,'/modules/blockreassurance/views/dist/front.js.map','','2021-04-27 05:15:49'),(1087,1,1,'/modules/blockreassurance/views/dist/front.css.map','','2021-04-27 05:15:50'),(1088,1,1,'/modules/posspecialproducts/posspecialproducts.css','https://blax-market.com/men/1-1-hummingbird-printed-t-shirt.html','2021-04-27 05:16:15'),(1089,1,1,'/modules/blockreassurance/views/dist/front.css.map','','2021-04-27 05:16:15'),(1090,1,1,'/img/blocklogo/1.jpg','https://blax-market.com/men/1-1-hummingbird-printed-t-shirt.html','2021-04-27 05:16:16'),(1091,1,1,'/img/blocklogo/2.jpg','https://blax-market.com/men/1-1-hummingbird-printed-t-shirt.html','2021-04-27 05:16:16'),(1092,1,1,'/img/blocklogo/3.jpg','https://blax-market.com/men/1-1-hummingbird-printed-t-shirt.html','2021-04-27 05:16:16'),(1093,1,1,'/img/blocklogo/4.jpg','https://blax-market.com/men/1-1-hummingbird-printed-t-shirt.html','2021-04-27 05:16:16'),(1094,1,1,'/img/blocklogo/5.jpg','https://blax-market.com/men/1-1-hummingbird-printed-t-shirt.html','2021-04-27 05:16:16'),(1095,1,1,'/img/blocklogo/6.jpg','https://blax-market.com/men/1-1-hummingbird-printed-t-shirt.html','2021-04-27 05:16:17'),(1096,1,1,'/img/blocklogo/7.jpg','https://blax-market.com/men/1-1-hummingbird-printed-t-shirt.html','2021-04-27 05:16:17'),(1097,1,1,'/themes/core.js.map','','2021-04-27 05:16:18'),(1098,1,1,'/modules/blockreassurance/views/dist/front.js.map','','2021-04-27 05:16:18'),(1099,1,1,'/modules/posspecialproducts/posspecialproducts.css','https://blax-market.com/men/1-1-hummingbird-printed-t-shirt.html','2021-04-27 05:18:32'),(1100,1,1,'/modules/blockreassurance/views/dist/front.css.map','','2021-04-27 05:18:33'),(1101,1,1,'/img/blocklogo/1.jpg','https://blax-market.com/men/1-1-hummingbird-printed-t-shirt.html','2021-04-27 05:18:33'),(1102,1,1,'/img/blocklogo/2.jpg','https://blax-market.com/men/1-1-hummingbird-printed-t-shirt.html','2021-04-27 05:18:33'),(1103,1,1,'/img/blocklogo/3.jpg','https://blax-market.com/men/1-1-hummingbird-printed-t-shirt.html','2021-04-27 05:18:33'),(1104,1,1,'/img/blocklogo/4.jpg','https://blax-market.com/men/1-1-hummingbird-printed-t-shirt.html','2021-04-27 05:18:33'),(1105,1,1,'/img/blocklogo/5.jpg','https://blax-market.com/men/1-1-hummingbird-printed-t-shirt.html','2021-04-27 05:18:34'),(1106,1,1,'/img/blocklogo/6.jpg','https://blax-market.com/men/1-1-hummingbird-printed-t-shirt.html','2021-04-27 05:18:34'),(1107,1,1,'/img/blocklogo/7.jpg','https://blax-market.com/men/1-1-hummingbird-printed-t-shirt.html','2021-04-27 05:18:35'),(1108,1,1,'/themes/core.js.map','','2021-04-27 05:18:35'),(1109,1,1,'/modules/blockreassurance/views/dist/front.js.map','','2021-04-27 05:18:35'),(1110,1,1,'/modules/posspecialproducts/posspecialproducts.css','https://blax-market.com/','2021-04-27 08:07:15'),(1111,1,1,'/img/postestimonial/sample1.png','https://blax-market.com/','2021-04-27 08:07:15'),(1112,1,1,'/img/postestimonial/sample2.png','https://blax-market.com/','2021-04-27 08:07:16'),(1113,1,1,'/img/postestimonial/sample3.png','https://blax-market.com/','2021-04-27 08:07:16'),(1114,1,1,'/img/postestimonial/sample4.png','https://blax-market.com/','2021-04-27 08:07:16'),(1115,1,1,'/img/blocklogo/1.jpg','','2021-04-27 08:07:17'),(1116,1,1,'/img/blocklogo/2.jpg','','2021-04-27 08:07:17'),(1117,1,1,'/img/blocklogo/3.jpg','','2021-04-27 08:07:17'),(1118,1,1,'/img/blocklogo/4.jpg','','2021-04-27 08:07:17'),(1119,1,1,'/img/blocklogo/5.jpg','','2021-04-27 08:07:17'),(1120,1,1,'/img/blocklogo/6.jpg','','2021-04-27 08:07:17'),(1121,1,1,'/img/blocklogo/7.jpg','','2021-04-27 08:07:18'),(1122,1,1,'/modules/posspecialproducts/posspecialproducts.css','https://blax-market.com/content/6-return-policy?id_employee=1&adtoken=17a327c10d6fe1a726cea9f226d68824&uid=6070101&_=1619527284915','2021-04-27 08:41:27'),(1123,1,1,'/img/blocklogo/1.jpg','https://blax-market.com/content/6-return-policy?id_employee=1&adtoken=17a327c10d6fe1a726cea9f226d68824&uid=6070101&_=1619527284915','2021-04-27 08:41:28'),(1124,1,1,'/img/blocklogo/7.jpg','https://blax-market.com/content/6-return-policy?id_employee=1&adtoken=17a327c10d6fe1a726cea9f226d68824&uid=6070101&_=1619527284915','2021-04-27 08:41:29'),(1125,1,1,'/img/blocklogo/2.jpg','https://blax-market.com/content/6-return-policy?id_employee=1&adtoken=17a327c10d6fe1a726cea9f226d68824&uid=6070101&_=1619527284915','2021-04-27 08:41:29'),(1126,1,1,'/img/blocklogo/3.jpg','https://blax-market.com/content/6-return-policy?id_employee=1&adtoken=17a327c10d6fe1a726cea9f226d68824&uid=6070101&_=1619527284915','2021-04-27 08:41:29'),(1127,1,1,'/img/blocklogo/4.jpg','https://blax-market.com/content/6-return-policy?id_employee=1&adtoken=17a327c10d6fe1a726cea9f226d68824&uid=6070101&_=1619527284915','2021-04-27 08:41:29'),(1128,1,1,'/img/blocklogo/5.jpg','https://blax-market.com/content/6-return-policy?id_employee=1&adtoken=17a327c10d6fe1a726cea9f226d68824&uid=6070101&_=1619527284915','2021-04-27 08:41:30'),(1129,1,1,'/img/blocklogo/6.jpg','https://blax-market.com/content/6-return-policy?id_employee=1&adtoken=17a327c10d6fe1a726cea9f226d68824&uid=6070101&_=1619527284915','2021-04-27 08:41:30'),(1130,1,1,'/img/blocklogo/7.jpg','https://blax-market.com/content/6-return-policy?id_employee=1&adtoken=17a327c10d6fe1a726cea9f226d68824&uid=6070101&_=1619527284915','2021-04-27 08:56:22'),(1131,1,1,'/img/blocklogo/1.jpg','https://blax-market.com/content/6-return-policy?id_employee=1&adtoken=17a327c10d6fe1a726cea9f226d68824&uid=6070101&_=1619527284915','2021-04-27 08:56:23'),(1132,1,1,'/img/blocklogo/3.jpg','https://blax-market.com/content/6-return-policy?id_employee=1&adtoken=17a327c10d6fe1a726cea9f226d68824&uid=6070101&_=1619527284915','2021-04-27 08:56:23'),(1133,1,1,'/img/blocklogo/2.jpg','https://blax-market.com/content/6-return-policy?id_employee=1&adtoken=17a327c10d6fe1a726cea9f226d68824&uid=6070101&_=1619527284915','2021-04-27 08:56:23'),(1134,1,1,'/img/blocklogo/5.jpg','https://blax-market.com/content/6-return-policy?id_employee=1&adtoken=17a327c10d6fe1a726cea9f226d68824&uid=6070101&_=1619527284915','2021-04-27 08:56:23'),(1135,1,1,'/img/blocklogo/4.jpg','https://blax-market.com/content/6-return-policy?id_employee=1&adtoken=17a327c10d6fe1a726cea9f226d68824&uid=6070101&_=1619527284915','2021-04-27 08:56:24'),(1136,1,1,'/img/blocklogo/6.jpg','https://blax-market.com/content/6-return-policy?id_employee=1&adtoken=17a327c10d6fe1a726cea9f226d68824&uid=6070101&_=1619527284915','2021-04-27 08:56:24'),(1137,1,1,'/img/blocklogo/1.jpg','https://blax-market.com/content/6-return-policy?id_employee=1&adtoken=17a327c10d6fe1a726cea9f226d68824&uid=6070101&_=1619527284915','2021-04-27 08:56:29'),(1138,1,1,'/img/blocklogo/3.jpg','https://blax-market.com/content/6-return-policy?id_employee=1&adtoken=17a327c10d6fe1a726cea9f226d68824&uid=6070101&_=1619527284915','2021-04-27 08:56:29'),(1139,1,1,'/img/blocklogo/5.jpg','https://blax-market.com/content/6-return-policy?id_employee=1&adtoken=17a327c10d6fe1a726cea9f226d68824&uid=6070101&_=1619527284915','2021-04-27 08:56:29'),(1140,1,1,'/img/blocklogo/2.jpg','https://blax-market.com/content/6-return-policy?id_employee=1&adtoken=17a327c10d6fe1a726cea9f226d68824&uid=6070101&_=1619527284915','2021-04-27 08:56:29'),(1141,1,1,'/img/blocklogo/6.jpg','https://blax-market.com/content/6-return-policy?id_employee=1&adtoken=17a327c10d6fe1a726cea9f226d68824&uid=6070101&_=1619527284915','2021-04-27 08:56:29'),(1142,1,1,'/img/blocklogo/4.jpg','https://blax-market.com/content/6-return-policy?id_employee=1&adtoken=17a327c10d6fe1a726cea9f226d68824&uid=6070101&_=1619527284915','2021-04-27 08:56:30'),(1143,1,1,'/img/blocklogo/7.jpg','https://blax-market.com/content/6-return-policy?id_employee=1&adtoken=17a327c10d6fe1a726cea9f226d68824&uid=6070101&_=1619527284915','2021-04-27 08:56:30'),(1144,1,1,'/img/blocklogo/7.jpg','https://blax-market.com/content/6-return-policy?id_employee=1&adtoken=17a327c10d6fe1a726cea9f226d68824&uid=6070101&_=1619527284915','2021-04-27 08:57:14'),(1145,1,1,'/img/blocklogo/2.jpg','https://blax-market.com/content/6-return-policy?id_employee=1&adtoken=17a327c10d6fe1a726cea9f226d68824&uid=6070101&_=1619527284915','2021-04-27 08:57:14'),(1146,1,1,'/img/blocklogo/1.jpg','https://blax-market.com/content/6-return-policy?id_employee=1&adtoken=17a327c10d6fe1a726cea9f226d68824&uid=6070101&_=1619527284915','2021-04-27 08:57:15'),(1147,1,1,'/img/blocklogo/5.jpg','https://blax-market.com/content/6-return-policy?id_employee=1&adtoken=17a327c10d6fe1a726cea9f226d68824&uid=6070101&_=1619527284915','2021-04-27 08:57:15'),(1148,1,1,'/img/blocklogo/4.jpg','https://blax-market.com/content/6-return-policy?id_employee=1&adtoken=17a327c10d6fe1a726cea9f226d68824&uid=6070101&_=1619527284915','2021-04-27 08:57:15'),(1149,1,1,'/img/blocklogo/3.jpg','https://blax-market.com/content/6-return-policy?id_employee=1&adtoken=17a327c10d6fe1a726cea9f226d68824&uid=6070101&_=1619527284915','2021-04-27 08:57:15'),(1150,1,1,'/img/blocklogo/6.jpg','https://blax-market.com/content/6-return-policy?id_employee=1&adtoken=17a327c10d6fe1a726cea9f226d68824&uid=6070101&_=1619527284915','2021-04-27 08:57:16'),(1151,1,1,'/img/blocklogo/1.jpg','https://blax-market.com/content/6-return-policy?id_employee=1&adtoken=17a327c10d6fe1a726cea9f226d68824&uid=6070101&_=1619527284915','2021-04-27 08:57:17'),(1152,1,1,'/img/blocklogo/2.jpg','https://blax-market.com/content/6-return-policy?id_employee=1&adtoken=17a327c10d6fe1a726cea9f226d68824&uid=6070101&_=1619527284915','2021-04-27 08:57:17'),(1153,1,1,'/img/blocklogo/3.jpg','https://blax-market.com/content/6-return-policy?id_employee=1&adtoken=17a327c10d6fe1a726cea9f226d68824&uid=6070101&_=1619527284915','2021-04-27 08:57:17'),(1154,1,1,'/img/blocklogo/4.jpg','https://blax-market.com/content/6-return-policy?id_employee=1&adtoken=17a327c10d6fe1a726cea9f226d68824&uid=6070101&_=1619527284915','2021-04-27 08:57:18'),(1155,1,1,'/img/blocklogo/7.jpg','https://blax-market.com/content/6-return-policy?id_employee=1&adtoken=17a327c10d6fe1a726cea9f226d68824&uid=6070101&_=1619527284915','2021-04-27 08:57:18'),(1156,1,1,'/img/blocklogo/5.jpg','https://blax-market.com/content/6-return-policy?id_employee=1&adtoken=17a327c10d6fe1a726cea9f226d68824&uid=6070101&_=1619527284915','2021-04-27 08:57:18'),(1157,1,1,'/img/blocklogo/1.jpg','https://blax-market.com/content/6-return-policy?id_employee=1&adtoken=17a327c10d6fe1a726cea9f226d68824&uid=6070101&_=1619527284915','2021-04-27 08:57:33'),(1158,1,1,'/img/blocklogo/2.jpg','https://blax-market.com/content/6-return-policy?id_employee=1&adtoken=17a327c10d6fe1a726cea9f226d68824&uid=6070101&_=1619527284915','2021-04-27 08:57:34'),(1159,1,1,'/img/blocklogo/4.jpg','https://blax-market.com/content/6-return-policy?id_employee=1&adtoken=17a327c10d6fe1a726cea9f226d68824&uid=6070101&_=1619527284915','2021-04-27 08:57:34'),(1160,1,1,'/img/blocklogo/3.jpg','https://blax-market.com/content/6-return-policy?id_employee=1&adtoken=17a327c10d6fe1a726cea9f226d68824&uid=6070101&_=1619527284915','2021-04-27 08:57:34'),(1161,1,1,'/img/blocklogo/5.jpg','https://blax-market.com/content/6-return-policy?id_employee=1&adtoken=17a327c10d6fe1a726cea9f226d68824&uid=6070101&_=1619527284915','2021-04-27 08:57:34'),(1162,1,1,'/img/blocklogo/6.jpg','https://blax-market.com/content/6-return-policy?id_employee=1&adtoken=17a327c10d6fe1a726cea9f226d68824&uid=6070101&_=1619527284915','2021-04-27 08:57:34'),(1163,1,1,'/img/blocklogo/7.jpg','https://blax-market.com/content/6-return-policy?id_employee=1&adtoken=17a327c10d6fe1a726cea9f226d68824&uid=6070101&_=1619527284915','2021-04-27 08:57:35'),(1164,1,1,'/img/blocklogo/2.jpg','https://blax-market.com/content/6-return-policy?id_employee=1&adtoken=17a327c10d6fe1a726cea9f226d68824&uid=6070101&_=1619527284915','2021-04-27 08:57:36'),(1165,1,1,'/img/blocklogo/1.jpg','https://blax-market.com/content/6-return-policy?id_employee=1&adtoken=17a327c10d6fe1a726cea9f226d68824&uid=6070101&_=1619527284915','2021-04-27 08:57:36'),(1166,1,1,'/img/blocklogo/4.jpg','https://blax-market.com/content/6-return-policy?id_employee=1&adtoken=17a327c10d6fe1a726cea9f226d68824&uid=6070101&_=1619527284915','2021-04-27 08:57:37'),(1167,1,1,'/img/blocklogo/3.jpg','https://blax-market.com/content/6-return-policy?id_employee=1&adtoken=17a327c10d6fe1a726cea9f226d68824&uid=6070101&_=1619527284915','2021-04-27 08:57:37'),(1168,1,1,'/img/blocklogo/5.jpg','https://blax-market.com/content/6-return-policy?id_employee=1&adtoken=17a327c10d6fe1a726cea9f226d68824&uid=6070101&_=1619527284915','2021-04-27 08:57:37'),(1169,1,1,'/img/blocklogo/6.jpg','https://blax-market.com/content/6-return-policy?id_employee=1&adtoken=17a327c10d6fe1a726cea9f226d68824&uid=6070101&_=1619527284915','2021-04-27 08:57:37'),(1170,1,1,'/img/blocklogo/1.jpg','https://blax-market.com/content/6-return-policy?id_employee=1&adtoken=17a327c10d6fe1a726cea9f226d68824&uid=6070101&_=1619527284915','2021-04-27 08:58:03'),(1171,1,1,'/img/blocklogo/4.jpg','https://blax-market.com/content/6-return-policy?id_employee=1&adtoken=17a327c10d6fe1a726cea9f226d68824&uid=6070101&_=1619527284915','2021-04-27 08:58:03'),(1172,1,1,'/img/blocklogo/3.jpg','https://blax-market.com/content/6-return-policy?id_employee=1&adtoken=17a327c10d6fe1a726cea9f226d68824&uid=6070101&_=1619527284915','2021-04-27 08:58:03'),(1173,1,1,'/img/blocklogo/2.jpg','https://blax-market.com/content/6-return-policy?id_employee=1&adtoken=17a327c10d6fe1a726cea9f226d68824&uid=6070101&_=1619527284915','2021-04-27 08:58:04'),(1174,1,1,'/img/blocklogo/6.jpg','https://blax-market.com/content/6-return-policy?id_employee=1&adtoken=17a327c10d6fe1a726cea9f226d68824&uid=6070101&_=1619527284915','2021-04-27 08:58:04'),(1175,1,1,'/img/blocklogo/5.jpg','https://blax-market.com/content/6-return-policy?id_employee=1&adtoken=17a327c10d6fe1a726cea9f226d68824&uid=6070101&_=1619527284915','2021-04-27 08:58:04'),(1176,1,1,'/img/blocklogo/7.jpg','https://blax-market.com/content/6-return-policy?id_employee=1&adtoken=17a327c10d6fe1a726cea9f226d68824&uid=6070101&_=1619527284915','2021-04-27 08:58:04'),(1177,1,1,'/img/blocklogo/1.jpg','https://blax-market.com/content/6-return-policy?id_employee=1&adtoken=17a327c10d6fe1a726cea9f226d68824&uid=6070101&_=1619527284915','2021-04-27 08:58:05'),(1178,1,1,'/img/blocklogo/2.jpg','https://blax-market.com/content/6-return-policy?id_employee=1&adtoken=17a327c10d6fe1a726cea9f226d68824&uid=6070101&_=1619527284915','2021-04-27 08:58:06'),(1179,1,1,'/img/blocklogo/3.jpg','https://blax-market.com/content/6-return-policy?id_employee=1&adtoken=17a327c10d6fe1a726cea9f226d68824&uid=6070101&_=1619527284915','2021-04-27 08:58:06'),(1180,1,1,'/img/blocklogo/4.jpg','https://blax-market.com/content/6-return-policy?id_employee=1&adtoken=17a327c10d6fe1a726cea9f226d68824&uid=6070101&_=1619527284915','2021-04-27 08:58:06'),(1181,1,1,'/modules/posspecialproducts/posspecialproducts.css','https://blax-market.com/content/7-privacy-notice?id_employee=1&adtoken=17a327c10d6fe1a726cea9f226d68824&uid=7070101&_=1619528499216','2021-04-27 09:01:42'),(1182,1,1,'/img/blocklogo/1.jpg','https://blax-market.com/content/7-privacy-notice?id_employee=1&adtoken=17a327c10d6fe1a726cea9f226d68824&uid=7070101&_=1619528499216','2021-04-27 09:01:42'),(1183,1,1,'/img/blocklogo/7.jpg','https://blax-market.com/content/7-privacy-notice?id_employee=1&adtoken=17a327c10d6fe1a726cea9f226d68824&uid=7070101&_=1619528499216','2021-04-27 09:01:43'),(1184,1,1,'/img/blocklogo/4.jpg','https://blax-market.com/content/7-privacy-notice?id_employee=1&adtoken=17a327c10d6fe1a726cea9f226d68824&uid=7070101&_=1619528499216','2021-04-27 09:01:44'),(1185,1,1,'/img/blocklogo/2.jpg','https://blax-market.com/content/7-privacy-notice?id_employee=1&adtoken=17a327c10d6fe1a726cea9f226d68824&uid=7070101&_=1619528499216','2021-04-27 09:01:44'),(1186,1,1,'/img/blocklogo/3.jpg','https://blax-market.com/content/7-privacy-notice?id_employee=1&adtoken=17a327c10d6fe1a726cea9f226d68824&uid=7070101&_=1619528499216','2021-04-27 09:01:44'),(1187,1,1,'/img/blocklogo/5.jpg','https://blax-market.com/content/7-privacy-notice?id_employee=1&adtoken=17a327c10d6fe1a726cea9f226d68824&uid=7070101&_=1619528499216','2021-04-27 09:01:44'),(1188,1,1,'/img/blocklogo/6.jpg','https://blax-market.com/content/7-privacy-notice?id_employee=1&adtoken=17a327c10d6fe1a726cea9f226d68824&uid=7070101&_=1619528499216','2021-04-27 09:01:45'),(1189,1,1,'/modules/posspecialproducts/posspecialproducts.css','https://blax-market.com/','2021-04-27 09:06:55'),(1190,1,1,'/img/postestimonial/sample1.png','https://blax-market.com/','2021-04-27 09:06:56'),(1191,1,1,'/img/postestimonial/sample2.png','https://blax-market.com/','2021-04-27 09:06:56'),(1192,1,1,'/img/postestimonial/sample3.png','https://blax-market.com/','2021-04-27 09:06:57'),(1193,1,1,'/img/postestimonial/sample4.png','https://blax-market.com/','2021-04-27 09:06:58'),(1194,1,1,'/img/blocklogo/1.jpg','https://blax-market.com/','2021-04-27 09:06:59'),(1195,1,1,'/img/blocklogo/2.jpg','https://blax-market.com/','2021-04-27 09:06:59'),(1196,1,1,'/img/blocklogo/3.jpg','https://blax-market.com/','2021-04-27 09:07:00'),(1197,1,1,'/img/blocklogo/5.jpg','https://blax-market.com/','2021-04-27 09:07:00'),(1198,1,1,'/img/blocklogo/4.jpg','https://blax-market.com/','2021-04-27 09:07:01'),(1199,1,1,'/img/blocklogo/7.jpg','https://blax-market.com/','2021-04-27 09:07:01'),(1200,1,1,'/img/blocklogo/6.jpg','https://blax-market.com/','2021-04-27 09:07:01'),(1201,1,1,'/modules/posspecialproducts/posspecialproducts.css','https://blax-market.com/','2021-04-27 09:07:07'),(1202,1,1,'/themes/core.js.map','','2021-04-27 09:07:07'),(1203,1,1,'/modules/blockreassurance/views/dist/front.js.map','','2021-04-27 09:07:07'),(1204,1,1,'/img/blocklogo/1.jpg','https://blax-market.com/','2021-04-27 09:07:07'),(1205,1,1,'/img/blocklogo/2.jpg','https://blax-market.com/','2021-04-27 09:07:08'),(1206,1,1,'/img/blocklogo/3.jpg','https://blax-market.com/','2021-04-27 09:07:08'),(1207,1,1,'/img/blocklogo/4.jpg','https://blax-market.com/','2021-04-27 09:07:08'),(1208,1,1,'/img/blocklogo/5.jpg','https://blax-market.com/','2021-04-27 09:07:09'),(1209,1,1,'/img/blocklogo/7.jpg','https://blax-market.com/','2021-04-27 09:07:09'),(1210,1,1,'/modules/blockreassurance/views/dist/front.css.map','','2021-04-27 09:07:10'),(1211,1,1,'/img/blocklogo/6.jpg','https://blax-market.com/','2021-04-27 09:07:10'),(1212,1,1,'/img/blocklogo/1.jpg','https://blax-market.com/','2021-04-27 09:07:10'),(1213,1,1,'/img/blocklogo/2.jpg','https://blax-market.com/','2021-04-27 09:07:10'),(1214,1,1,'/img/blocklogo/3.jpg','https://blax-market.com/','2021-04-27 09:07:11'),(1215,1,1,'/img/blocklogo/4.jpg','https://blax-market.com/','2021-04-27 09:07:11'),(1216,1,1,'/img/blocklogo/5.jpg','https://blax-market.com/','2021-04-27 09:07:11'),(1217,1,1,'/img/blocklogo/6.jpg','https://blax-market.com/','2021-04-27 09:07:11'),(1218,1,1,'/img/blocklogo/7.jpg','https://blax-market.com/','2021-04-27 09:07:12'),(1219,1,1,'/img/blocklogo/1.jpg','https://blax-market.com/','2021-04-27 09:07:13'),(1220,1,1,'/img/blocklogo/2.jpg','https://blax-market.com/','2021-04-27 09:07:13'),(1221,1,1,'/img/blocklogo/3.jpg','https://blax-market.com/','2021-04-27 09:07:13'),(1222,1,1,'/img/blocklogo/5.jpg','https://blax-market.com/','2021-04-27 09:07:13'),(1223,1,1,'/img/blocklogo/6.jpg','https://blax-market.com/','2021-04-27 09:07:14'),(1224,1,1,'/img/blocklogo/4.jpg','https://blax-market.com/','2021-04-27 09:07:14'),(1225,1,1,'/modules/posspecialproducts/posspecialproducts.css','https://blax-market.com/','2021-04-27 09:08:22'),(1226,1,1,'/img/postestimonial/sample1.png','https://blax-market.com/','2021-04-27 09:08:23'),(1227,1,1,'/img/postestimonial/sample2.png','https://blax-market.com/','2021-04-27 09:08:23'),(1228,1,1,'/img/postestimonial/sample3.png','https://blax-market.com/','2021-04-27 09:08:24'),(1229,1,1,'/img/postestimonial/sample4.png','https://blax-market.com/','2021-04-27 09:08:24'),(1230,1,1,'/modules/posspecialproducts/posspecialproducts.css','https://blax-market.com/content/7-privacy-notice?id_employee=1&adtoken=17a327c10d6fe1a726cea9f226d68824&uid=7070101&_=1619585777440','2021-04-28 00:56:23'),(1231,1,1,'/modules/posspecialproducts/posspecialproducts.css','https://blax-market.com/content/7-privacy-notice?id_employee=1&adtoken=17a327c10d6fe1a726cea9f226d68824&uid=7070101&_=1619585777440','2021-04-28 00:56:24'),(1232,1,1,'/modules/posspecialproducts/posspecialproducts.css','https://blax-market.com/','2021-04-28 01:19:36'),(1233,1,1,'/img/postestimonial/sample1.png','https://blax-market.com/','2021-04-28 01:19:39'),(1234,1,1,'/img/postestimonial/sample3.png','https://blax-market.com/','2021-04-28 01:19:39'),(1235,1,1,'/img/postestimonial/sample2.png','https://blax-market.com/','2021-04-28 01:19:40'),(1236,1,1,'/img/postestimonial/sample4.png','https://blax-market.com/','2021-04-28 01:19:40'),(1237,1,1,'/modules/posspecialproducts/posspecialproducts.css','https://blax-market.com/art/13-brown-bear-vector-graphics.html','2021-04-28 01:19:57'),(1238,1,1,'/modules/posspecialproducts/posspecialproducts.css','https://blax-market.com/','2021-04-28 02:35:19'),(1239,1,1,'/img/postestimonial/sample1.png','https://blax-market.com/','2021-04-28 02:35:31'),(1240,1,1,'/img/postestimonial/sample2.png','https://blax-market.com/','2021-04-28 02:35:33'),(1241,1,1,'/img/postestimonial/sample4.png','https://blax-market.com/','2021-04-28 02:35:33'),(1242,1,1,'/img/postestimonial/sample3.png','https://blax-market.com/','2021-04-28 02:35:34'),(1243,1,1,'/modules/posspecialproducts/posspecialproducts.css','https://blax-market.com/','2021-05-03 12:29:53'),(1244,1,1,'/img/postestimonial/sample1.png','https://blax-market.com/','2021-05-03 12:30:04'),(1245,1,1,'/img/postestimonial/sample4.png','https://blax-market.com/','2021-05-03 12:30:04'),(1246,1,1,'/img/postestimonial/sample2.png','https://blax-market.com/','2021-05-03 12:30:04'),(1247,1,1,'/img/postestimonial/sample3.png','https://blax-market.com/','2021-05-03 12:30:05'),(1248,1,1,'/modules/posspecialproducts/posspecialproducts.css','https://blax-market.com/','2021-05-03 12:34:02'),(1249,1,1,'/themes/core.js.map','','2021-05-03 12:34:02'),(1250,1,1,'/modules/blockreassurance/views/dist/front.css.map','','2021-05-03 12:34:06'),(1251,1,1,'/modules/posspecialproducts/posspecialproducts.css','https://blax-market.com/','2021-05-03 12:36:51'),(1252,1,1,'/img/postestimonial/sample1.png','https://blax-market.com/','2021-05-03 12:36:52'),(1253,1,1,'/modules/blockreassurance/views/dist/front.css.map','','2021-05-03 12:36:52'),(1254,1,1,'/img/postestimonial/sample2.png','https://blax-market.com/','2021-05-03 12:36:52'),(1255,1,1,'/img/postestimonial/sample3.png','https://blax-market.com/','2021-05-03 12:36:53'),(1256,1,1,'/img/postestimonial/sample4.png','https://blax-market.com/','2021-05-03 12:36:53'),(1257,1,1,'/themes/core.js.map','','2021-05-03 12:36:53'),(1258,1,1,'/modules/blockreassurance/views/dist/front.js.map','','2021-05-03 12:36:54'),(1259,1,1,'/modules/posspecialproducts/posspecialproducts.css','https://blax-market.com/','2021-05-03 12:37:52'),(1260,1,1,'/themes/core.js.map','','2021-05-03 12:37:53'),(1261,1,1,'/modules/blockreassurance/views/dist/front.css.map','','2021-05-03 12:37:55'),(1262,1,1,'/modules/posspecialproducts/posspecialproducts.css','https://blax-market.com/','2021-05-03 13:25:44'),(1263,1,1,'/img/postestimonial/sample1.png','https://blax-market.com/','2021-05-03 13:25:44'),(1264,1,1,'/modules/blockreassurance/views/dist/front.css.map','','2021-05-03 13:25:44'),(1265,1,1,'/img/postestimonial/sample2.png','https://blax-market.com/','2021-05-03 13:25:44'),(1266,1,1,'/img/postestimonial/sample3.png','https://blax-market.com/','2021-05-03 13:25:45'),(1267,1,1,'/img/postestimonial/sample4.png','https://blax-market.com/','2021-05-03 13:25:45'),(1268,1,1,'/themes/core.js.map','','2021-05-03 13:25:46'),(1269,1,1,'/modules/blockreassurance/views/dist/front.js.map','','2021-05-03 13:25:46'),(1270,1,1,'/modules/posspecialproducts/posspecialproducts.css','https://blax-market.com/','2021-05-03 13:28:52'),(1271,1,1,'/img/postestimonial/sample1.png','https://blax-market.com/','2021-05-03 13:28:53'),(1272,1,1,'/img/postestimonial/sample2.png','https://blax-market.com/','2021-05-03 13:28:53'),(1273,1,1,'/img/postestimonial/sample3.png','https://blax-market.com/','2021-05-03 13:28:53'),(1274,1,1,'/img/postestimonial/sample4.png','https://blax-market.com/','2021-05-03 13:28:53'),(1275,1,1,'/modules/blockreassurance/views/dist/front.css.map','','2021-05-03 13:28:53'),(1276,1,1,'/themes/core.js.map','','2021-05-03 13:28:54'),(1277,1,1,'/modules/blockreassurance/views/dist/front.js.map','','2021-05-03 13:28:54'),(1278,1,1,'/modules/posspecialproducts/posspecialproducts.css','https://blax-market.com/','2021-05-03 13:30:52'),(1279,1,1,'/img/postestimonial/sample1.png','https://blax-market.com/','2021-05-03 13:30:59'),(1280,1,1,'/img/postestimonial/sample2.png','https://blax-market.com/','2021-05-03 13:30:59'),(1281,1,1,'/img/postestimonial/sample3.png','https://blax-market.com/','2021-05-03 13:30:59'),(1282,1,1,'/img/postestimonial/sample4.png','https://blax-market.com/','2021-05-03 13:30:59'),(1283,1,1,'/modules/posspecialproducts/posspecialproducts.css','https://blax-market.com/','2021-05-03 13:34:25'),(1284,1,1,'/themes/core.js.map','','2021-05-03 13:34:25'),(1285,1,1,'/modules/blockreassurance/views/dist/front.css.map','','2021-05-03 13:34:27'),(1286,1,1,'/modules/posspecialproducts/posspecialproducts.css','https://blax-market.com/','2021-05-03 14:00:59'),(1287,1,1,'/img/postestimonial/sample1.png','https://blax-market.com/','2021-05-03 14:01:06'),(1288,1,1,'/img/postestimonial/sample2.png','https://blax-market.com/','2021-05-03 14:01:06'),(1289,1,1,'/img/postestimonial/sample3.png','https://blax-market.com/','2021-05-03 14:01:06'),(1290,1,1,'/img/postestimonial/sample4.png','https://blax-market.com/','2021-05-03 14:01:07'),(1291,1,1,'/modules/posspecialproducts/posspecialproducts.css','https://blax-market.com/','2021-05-03 14:01:23'),(1292,1,1,'/themes/core.js.map','','2021-05-03 14:01:23'),(1293,1,1,'/modules/blockreassurance/views/dist/front.js.map','','2021-05-03 14:01:23'),(1294,1,1,'/modules/blockreassurance/views/dist/front.css.map','','2021-05-03 14:01:24'),(1295,1,1,'/modules/posspecialproducts/posspecialproducts.css','https://blax-market.com/','2021-05-03 14:15:16'),(1296,1,1,'/img/postestimonial/sample1.png','https://blax-market.com/','2021-05-03 14:15:22'),(1297,1,1,'/img/postestimonial/sample2.png','https://blax-market.com/','2021-05-03 14:15:22'),(1298,1,1,'/img/postestimonial/sample4.png','https://blax-market.com/','2021-05-03 14:15:22'),(1299,1,1,'/img/postestimonial/sample3.png','https://blax-market.com/','2021-05-03 14:15:22'),(1300,1,1,'/themes/core.js.map','','2021-05-03 14:15:37'),(1301,1,1,'/modules/posspecialproducts/posspecialproducts.css','https://blax-market.com/','2021-05-03 14:15:37'),(1302,1,1,'/modules/blockreassurance/views/dist/front.js.map','','2021-05-03 14:15:37'),(1303,1,1,'/modules/blockreassurance/views/dist/front.css.map','','2021-05-03 14:15:38'),(1304,1,1,'/modules/posspecialproducts/posspecialproducts.css','https://blax-market.com/','2021-05-03 14:45:03'),(1305,1,1,'/modules/posspecialproducts/posspecialproducts.css','https://blax-market.com/art/4-16-the-adventure-begins-framed-poster.html','2021-05-03 14:45:42'),(1306,1,1,'/modules/posspecialproducts/posspecialproducts.css','https://blax-market.com/','2021-05-09 07:09:08'),(1307,1,1,'/modules/posspecialproducts/posspecialproducts.css','https://blax-market.com/art/5-19-today-is-a-good-day-framed-poster.html','2021-05-09 07:09:40'),(1308,1,1,'/modules/posspecialproducts/posspecialproducts.css','https://blax-market.com/cart?action=show','2021-05-09 07:09:54'),(1309,1,1,'/modules/posspecialproducts/posspecialproducts.css','https://blax-market.com/order','2021-05-09 07:10:13'),(1310,1,1,'/modules/posspecialproducts/posspecialproducts.css','https://blax-market.com/cart?action=show','2021-05-09 07:10:44'),(1311,1,1,'/img/app_icon.png','','2021-05-10 21:27:33'),(1312,1,1,'/modules/posspecialproducts/posspecialproducts.css','https://blax-market.com/','2021-05-10 21:27:44'),(1313,1,1,'/modules/posspecialproducts/posspecialproducts.css','https://blax-market.com/16-t-shirts','2021-05-10 21:28:27'),(1314,1,1,'/modules/posspecialproducts/posspecialproducts.css','https://blax-market.com/','2021-05-10 21:28:55'),(1315,1,1,'/modules/posspecialproducts/posspecialproducts.css','https://blax-market.com/content/3-terms-and-conditions-of-use','2021-05-10 21:33:20'),(1316,1,1,'/modules/posspecialproducts/posspecialproducts.css','https://blax-market.com/','2021-05-10 21:33:39'),(1317,1,1,'/modules/posspecialproducts/posspecialproducts.css','https://blax-market.com/art/13-brown-bear-vector-graphics.html','2021-05-10 21:34:49'),(1318,1,1,'/modules/posspecialproducts/posspecialproducts.css','https://blax-market.com/cart?action=show','2021-05-10 21:35:06'),(1319,1,1,'/favicon.ico','','2021-05-10 21:36:44'),(1320,1,1,'/modules/posspecialproducts/posspecialproducts.css','https://blax-market.com/cart?action=show','2021-05-10 21:38:01'),(1321,1,1,'/modules/posspecialproducts/posspecialproducts.css','https://blax-market.com/order','2021-05-10 21:38:29'),(1322,1,1,'/modules/posspecialproducts/posspecialproducts.css','https://blax-market.com/cart?action=show','2021-05-10 21:38:57'),(1323,1,1,'/img/app_icon.png','','2021-05-10 23:44:18'),(1324,1,1,'/img/app_icon.png','','2021-05-10 23:44:54'),(1325,1,1,'/img/app_icon.png','','2021-05-10 23:45:20'),(1326,1,1,'/img/app_icon.png','','2021-05-10 23:46:35'),(1327,1,1,'/img/app_icon.png','','2021-05-10 23:47:08'),(1328,1,1,'/img/app_icon.png','','2021-05-10 23:49:25'),(1329,1,1,'/modules/posspecialproducts/posspecialproducts.css','https://blax-market.com/cart?action=show','2021-05-10 23:49:31'),(1330,1,1,'/modules/posspecialproducts/posspecialproducts.css','https://blax-market.com/order','2021-05-10 23:49:49'),(1331,1,1,'/modules/posspecialproducts/posspecialproducts.css','https://blax-market.com/cart?action=show','2021-05-10 23:50:04'),(1332,1,1,'/modules/posspecialproducts/posspecialproducts.css','https://blax-market.com/order','2021-05-10 23:50:32'),(1333,1,1,'/modules/posspecialproducts/posspecialproducts.css','https://blax-market.com/order','2021-05-10 23:51:54'),(1334,1,1,'/modules/posspecialproducts/posspecialproducts.css','https://blax-market.com/order','2021-05-10 23:52:27'),(1335,1,1,'/modules/posspecialproducts/posspecialproducts.css','https://blax-market.com/order-confirmation?id_cart=7&id_module=88&id_order=6&key=95a044b81fb9933332bfad677c0f5a63&paypal_order=72E72757VD292662M&paypal_transaction=0BP366333A4889334','2021-05-10 23:56:27'),(1336,1,1,'/modules/posspecialproducts/posspecialproducts.css','','2021-05-10 23:58:48'),(1337,1,1,'/modules/posspecialproducts/posspecialproducts.css','https://blax-market.com/login?back=history','2021-05-11 00:04:47'),(1338,1,1,'/modules/posspecialproducts/posspecialproducts.css','https://blax-market.com/','2021-05-11 14:25:19'),(1339,1,1,'/modules/posspecialproducts/posspecialproducts.css','https://blax-market.com/cart?action=show','2021-05-11 14:26:18'),(1340,1,1,'/modules/posspecialproducts/posspecialproducts.css','https://blax-market.com/cart?action=show','2021-05-11 14:26:32'),(1341,1,1,'/modules/blockreassurance/views/dist/front.js.map','','2021-05-11 14:26:32'),(1342,1,1,'/themes/core.js.map','','2021-05-11 14:26:32'),(1343,1,1,'/modules/blockreassurance/views/dist/front.css.map','','2021-05-11 14:26:33'),(1344,1,1,'/home/blaxmarket/public_html/modules/paypalpaypal/views/img/paypal.png','https://blax-market.com/adminblax/index.php?controller=AdminPayPalCustomizeCheckout&token=fc6335e31dd4edbad76280135419d7f2','2021-05-11 14:28:11'),(1345,1,1,'/modules/posspecialproducts/posspecialproducts.css','https://blax-market.com/order','2021-05-11 14:28:29'),(1346,1,1,'/home/blaxmarket/public_html/modules/paypalpaypal/views/img/paypal.png','https://blax-market.com/adminblax/index.php?controller=AdminPayPalCustomizeCheckout&token=fc6335e31dd4edbad76280135419d7f2','2021-05-11 14:28:32'),(1347,1,1,'/modules/blockreassurance/views/dist/front.css.map','','2021-05-11 14:28:37'),(1348,1,1,'/modules/blockreassurance/views/dist/front.js.map','','2021-05-11 14:28:38'),(1349,1,1,'/themes/core.js.map','','2021-05-11 14:28:38'),(1350,1,1,'/modules/posspecialproducts/posspecialproducts.css','https://blax-market.com/order','2021-05-11 14:29:18'),(1351,1,1,'/modules/posspecialproducts/posspecialproducts.css','https://blax-market.com/order','2021-05-11 14:30:31'),(1352,1,1,'/modules/posspecialproducts/posspecialproducts.css','https://blax-market.com/order','2021-05-11 14:32:28'),(1353,1,1,'/modules/posspecialproducts/posspecialproducts.css','https://blax-market.com/order','2021-05-11 14:33:07'),(1354,1,1,'/themes/core.js.map','','2021-05-11 14:33:08'),(1355,1,1,'/modules/blockreassurance/views/dist/front.css.map','','2021-05-11 14:33:09'),(1356,1,1,'/modules/posspecialproducts/posspecialproducts.css','https://blax-market.com/order','2021-05-11 14:33:47'),(1357,1,1,'/modules/blockreassurance/views/dist/front.css.map','','2021-05-11 14:33:48'),(1358,1,1,'/themes/core.js.map','','2021-05-11 14:33:49'),(1359,1,1,'/modules/blockreassurance/views/dist/front.js.map','','2021-05-11 14:33:50'),(1360,1,1,'/modules/posspecialproducts/posspecialproducts.css','https://blax-market.com/order?id_address=7&editAddress=delivery&token=b3b88cfe4bc00b5c131ca8e2152d1475','2021-05-11 14:45:40'),(1361,1,1,'/modules/blockreassurance/views/dist/front.css.map','','2021-05-11 14:45:41'),(1362,1,1,'/modules/posspecialproducts/posspecialproducts.css','https://blax-market.com/order','2021-05-11 14:46:30'),(1363,1,1,'/modules/posspecialproducts/posspecialproducts.css','https://blax-market.com/','2021-05-12 04:53:56'),(1364,1,1,'/img/admin/cog.gif','https://blax-market.com/adminblax/index.php?controller=AdminModules&configure=posvegamenu&token=de4ec18c2f247776a3f90fc56f2176f2','2021-05-12 04:56:18'),(1365,1,1,'/modules/posspecialproducts/posspecialproducts.css','https://blax-market.com/','2021-05-12 04:57:47'),(1366,1,1,'/modules/posspecialproducts/posspecialproducts.css','https://blax-market.com/','2021-05-12 04:58:21'),(1367,1,1,'/modules/posspecialproducts/posspecialproducts.css','https://blax-market.com/','2021-05-12 04:58:36'),(1368,1,1,'/modules/posspecialproducts/posspecialproducts.css','https://blax-market.com/','2021-05-12 05:00:14'),(1369,1,1,'/modules/posspecialproducts/posspecialproducts.css','https://blax-market.com/','2021-05-12 05:00:21'),(1370,1,1,'/modules/posspecialproducts/posspecialproducts.css','https://blax-market.com/','2021-05-12 05:00:36'),(1371,1,1,'/themes/core.js.map','','2021-05-12 05:00:36'),(1372,1,1,'/modules/blockreassurance/views/dist/front.js.map','','2021-05-12 05:00:37'),(1373,1,1,'/modules/blockreassurance/views/dist/front.css.map','','2021-05-12 05:00:38'),(1374,1,1,'/modules/posspecialproducts/posspecialproducts.css','https://blax-market.com/','2021-05-12 05:02:33'),(1375,1,1,'/modules/blockreassurance/views/dist/front.css.map','','2021-05-12 05:02:33'),(1376,1,1,'/themes/core.js.map','','2021-05-12 05:02:36'),(1377,1,1,'/modules/blockreassurance/views/dist/front.js.map','','2021-05-12 05:02:36'),(1378,1,1,'/modules/posspecialproducts/posspecialproducts.css','https://blax-market.com/','2021-05-12 05:11:17'),(1379,1,1,'/modules/posspecialproducts/posspecialproducts.css','https://blax-market.com/','2021-05-12 05:11:30'),(1380,1,1,'/modules/posspecialproducts/posspecialproducts.css','https://blax-market.com/','2021-05-12 05:12:54'),(1381,1,1,'/themes/core.js.map','','2021-05-12 05:12:54'),(1382,1,1,'/modules/blockreassurance/views/dist/front.js.map','','2021-05-12 05:12:54'),(1383,1,1,'/modules/blockreassurance/views/dist/front.css.map','','2021-05-12 05:12:55'),(1384,1,1,'/modules/posspecialproducts/posspecialproducts.css','https://blax-market.com/','2021-05-14 10:40:16'),(1385,1,1,'/modules/posspecialproducts/posspecialproducts.css','https://blax-market.com/cart?action=show','2021-05-14 10:41:29'),(1386,1,1,'/modules/posspecialproducts/posspecialproducts.css','https://blax-market.com/cart?action=show','2021-05-14 11:12:15'),(1387,1,1,'/themes/core.js.map','','2021-05-14 11:12:16'),(1388,1,1,'/modules/blockreassurance/views/dist/front.css.map','','2021-05-14 11:12:17'),(1389,1,1,'/modules/posspecialproducts/posspecialproducts.css','https://blax-market.com/cart?action=show','2021-05-14 11:14:24'),(1390,1,1,'/modules/blockreassurance/views/dist/front.css.map','','2021-05-14 11:14:25'),(1391,1,1,'/themes/core.js.map','','2021-05-14 11:14:29'),(1392,1,1,'/modules/blockreassurance/views/dist/front.js.map','','2021-05-14 11:14:29'),(1393,1,1,'/modules/posspecialproducts/posspecialproducts.css','https://blax-market.com/cart?action=show','2021-05-14 11:15:28'),(1394,1,1,'/themes/core.js.map','','2021-05-14 11:15:29'),(1395,1,1,'/modules/blockreassurance/views/dist/front.js.map','','2021-05-14 11:15:29'),(1396,1,1,'/modules/blockreassurance/views/dist/front.css.map','','2021-05-14 11:15:30'),(1397,1,1,'/modules/posspecialproducts/posspecialproducts.css','https://blax-market.com/cart?action=show','2021-05-14 11:15:36'),(1398,1,1,'/modules/blockreassurance/views/dist/front.css.map','','2021-05-14 11:15:38'),(1399,1,1,'/themes/core.js.map','','2021-05-14 11:15:39'),(1400,1,1,'/modules/blockreassurance/views/dist/front.js.map','','2021-05-14 11:15:39'),(1401,1,1,'/modules/posspecialproducts/posspecialproducts.css','https://blax-market.com/cart?action=show','2021-05-14 11:16:07'),(1402,1,1,'/themes/core.js.map','','2021-05-14 11:16:07'),(1403,1,1,'/modules/blockreassurance/views/dist/front.js.map','','2021-05-14 11:16:07'),(1404,1,1,'/modules/blockreassurance/views/dist/front.css.map','','2021-05-14 11:16:08'),(1405,1,1,'/modules/posspecialproducts/posspecialproducts.css','https://blax-market.com/order','2021-05-14 11:16:23'),(1406,1,1,'/modules/blockreassurance/views/dist/front.css.map','','2021-05-14 11:16:25'),(1407,1,1,'/themes/core.js.map','','2021-05-14 11:16:26'),(1408,1,1,'/modules/blockreassurance/views/dist/front.js.map','','2021-05-14 11:16:26'),(1409,1,1,'/modules/posspecialproducts/posspecialproducts.css','https://blax-market.com/order','2021-05-14 11:17:11'),(1410,1,1,'/modules/blockreassurance/views/dist/front.css.map','','2021-05-14 11:17:11'),(1411,1,1,'/themes/core.js.map','','2021-05-14 11:17:12'),(1412,1,1,'/modules/blockreassurance/views/dist/front.js.map','','2021-05-14 11:17:12'),(1413,1,1,'/modules/posspecialproducts/posspecialproducts.css','https://blax-market.com/order','2021-05-14 11:17:57'),(1414,1,1,'/modules/posspecialproducts/posspecialproducts.css','https://blax-market.com/order','2021-05-14 11:18:49'),(1415,1,1,'/themes/core.js.map','','2021-05-14 11:18:50'),(1416,1,1,'/modules/blockreassurance/views/dist/front.js.map','','2021-05-14 11:18:50'),(1417,1,1,'/modules/blockreassurance/views/dist/front.css.map','','2021-05-14 11:18:51'),(1418,1,1,'/modules/blockreassurance/views/dist/front.css.map','','2021-05-14 11:19:13'),(1419,1,1,'/themes/core.js.map','','2021-05-14 11:19:13'),(1420,1,1,'/modules/blockreassurance/views/dist/front.js.map','','2021-05-14 11:19:13'),(1421,1,1,'/modules/posspecialproducts/posspecialproducts.css','https://blax-market.com/cart?action=show','2021-05-14 11:19:19'),(1422,1,1,'/modules/blockreassurance/views/dist/front.css.map','','2021-05-14 11:19:21'),(1423,1,1,'/themes/core.js.map','','2021-05-14 11:19:21'),(1424,1,1,'/modules/blockreassurance/views/dist/front.js.map','','2021-05-14 11:19:21'),(1425,1,1,'/modules/posspecialproducts/posspecialproducts.css','https://blax-market.com/cart?action=show','2021-05-14 11:19:37'),(1426,1,1,'/themes/core.js.map','','2021-05-14 11:19:38'),(1427,1,1,'/modules/blockreassurance/views/dist/front.css.map','','2021-05-14 11:19:39'),(1428,1,1,'/modules/posspecialproducts/posspecialproducts.css','https://blax-market.com/','2021-05-14 11:20:37'),(1429,1,1,'/modules/posspecialproducts/posspecialproducts.css','https://blax-market.com/art/5-19-today-is-a-good-day-framed-poster.html','2021-05-14 11:23:00'),(1430,1,1,'/modules/posspecialproducts/posspecialproducts.css','https://blax-market.com/cart','2021-05-14 11:23:12'),(1431,1,1,'/modules/posspecialproducts/posspecialproducts.css','https://blax-market.com/art/5-19-today-is-a-good-day-framed-poster.html','2021-05-14 11:23:31'),(1432,1,1,'/modules/posspecialproducts/posspecialproducts.css','https://blax-market.com/cart?action=show','2021-05-14 11:23:49'),(1433,1,1,'/modules/posspecialproducts/posspecialproducts.css','https://blax-market.com/cart?action=show','2021-05-14 11:24:24'),(1434,1,1,'/themes/core.js.map','','2021-05-14 11:24:25'),(1435,1,1,'/modules/blockreassurance/views/dist/front.js.map','','2021-05-14 11:24:25'),(1436,1,1,'/modules/blockreassurance/views/dist/front.css.map','','2021-05-14 11:24:25'),(1437,1,1,'/modules/posspecialproducts/posspecialproducts.css','https://blax-market.com/order','2021-05-14 11:24:39'),(1438,1,1,'/modules/blockreassurance/views/dist/front.css.map','','2021-05-14 11:24:40'),(1439,1,1,'/themes/core.js.map','','2021-05-14 11:24:41'),(1440,1,1,'/modules/blockreassurance/views/dist/front.js.map','','2021-05-14 11:24:41'),(1441,1,1,'/modules/posspecialproducts/posspecialproducts.css','https://blax-market.com/','2021-05-14 11:27:09'),(1442,1,1,'/modules/posspecialproducts/posspecialproducts.css','https://blax-market.com/cart?action=show','2021-05-14 11:27:51'),(1443,1,1,'/modules/posspecialproducts/posspecialproducts.css','https://blax-market.com/','2021-05-14 11:27:58'),(1444,1,1,'/modules/posspecialproducts/posspecialproducts.css','https://blax-market.com/home-accessories/15-pack-mug-framed-poster.html','2021-05-14 11:28:15'),(1445,1,1,'/modules/posspecialproducts/posspecialproducts.css','https://blax-market.com/cart','2021-05-14 11:28:21'),(1446,1,1,'/modules/posspecialproducts/posspecialproducts.css','https://blax-market.com/home-accessories/15-pack-mug-framed-poster.html','2021-05-14 11:28:32'),(1447,1,1,'/modules/posspecialproducts/posspecialproducts.css','https://blax-market.com/cart?action=show','2021-05-14 11:28:40'),(1448,1,1,'/modules/posspecialproducts/posspecialproducts.css','https://blax-market.com/','2021-05-14 12:40:25'),(1449,1,1,'/modules/posspecialproducts/posspecialproducts.css','https://blax-market.com/','2021-05-14 12:45:04'),(1450,1,1,'/themes/core.js.map','','2021-05-14 12:57:41'),(1451,1,1,'/modules/posspecialproducts/posspecialproducts.css','https://blax-market.com/','2021-05-14 12:57:42'),(1452,1,1,'/modules/blockreassurance/views/dist/front.css.map','','2021-05-14 12:57:43'),(1453,1,1,'/modules/blockreassurance/views/dist/front.css.map','','2021-05-14 13:06:36'),(1454,1,1,'/themes/core.js.map','','2021-05-14 13:06:36'),(1455,1,1,'/modules/posspecialproducts/posspecialproducts.css','https://blax-market.com/cart?action=show','2021-05-14 13:09:44'),(1456,1,1,'/modules/blockreassurance/views/dist/front.css.map','','2021-05-14 13:09:44'),(1457,1,1,'/themes/core.js.map','','2021-05-14 13:09:46'),(1458,1,1,'/modules/blockreassurance/views/dist/front.js.map','','2021-05-14 13:09:47'),(1459,1,1,'/modules/posspecialproducts/posspecialproducts.css','https://blax-market.com/','2021-05-14 13:10:46'),(1460,1,1,'/modules/blockreassurance/views/dist/front.css.map','','2021-05-14 13:10:46'),(1461,1,1,'/themes/core.js.map','','2021-05-14 13:10:58'),(1462,1,1,'/modules/blockreassurance/views/dist/front.js.map','','2021-05-14 13:10:59'),(1463,1,1,'/modules/posspecialproducts/posspecialproducts.css','https://blax-market.com/','2021-05-14 13:13:23'),(1464,1,1,'/modules/posspecialproducts/posspecialproducts.css','https://blax-market.com/art/5-19-today-is-a-good-day-framed-poster.html','2021-05-14 13:14:15'),(1465,1,1,'/modules/posspecialproducts/posspecialproducts.css','https://blax-market.com/cart?action=show','2021-05-14 13:14:46'),(1466,1,1,'/modules/posspecialproducts/posspecialproducts.css','https://blax-market.com/','2021-05-14 13:15:13'),(1467,1,1,'/img/app_icon.png','','2021-05-16 17:24:53'),(1468,1,1,'/modules/posspecialproducts/posspecialproducts.css','https://blax-market.com/','2021-05-16 17:25:00'),(1469,1,1,'/modules/posspecialproducts/posspecialproducts.css','https://blax-market.com/','2021-05-16 17:25:21'),(1470,1,1,'/modules/posspecialproducts/posspecialproducts.css','https://blax-market.com/content/4-about-us','2021-05-16 17:25:26'),(1471,1,1,'/modules/posspecialproducts/posspecialproducts.css','https://blax-market.com/content/7-privacy-notice','2021-05-16 17:25:35'),(1472,1,1,'/modules/posspecialproducts/posspecialproducts.css','https://blax-market.com/content/3-terms-and-conditions','2021-05-16 17:25:50'),(1473,1,1,'/modules/posspecialproducts/posspecialproducts.css','https://blax-market.com/','2021-05-16 17:25:58'),(1474,1,1,'/modules/posspecialproducts/posspecialproducts.css','https://blax-market.com/home-accessories/15-pack-mug-framed-poster.html','2021-05-16 17:38:08'),(1475,1,1,'/index.php?controller=404','https://blax-market.com/home-accessories/15-pack-mug-framed-poster.html','2021-05-16 17:38:47'),(1476,1,1,'/modules/posspecialproducts/posspecialproducts.css','https://blax-market.com/index.php?controller=404','2021-05-16 17:38:49'),(1477,1,1,'/modules/posspecialproducts/posspecialproducts.css','https://blax-market.com/15-books','2021-05-16 17:39:14'),(1478,1,1,'/modules/posspecialproducts/posspecialproducts.css','https://blax-market.com/login?back=my-account','2021-05-16 17:39:38'),(1479,1,1,'/modules/posspecialproducts/posspecialproducts.css','https://blax-market.com/','2021-05-17 14:29:26');

--
